000
CDUS41 KILN 130547
CLICVG


CLIMATE REPORT
NATIONAL WEATHER SERVICE WILMINGTON OH
1247 AM EST WED DEC 13 2017


...................................

...THE CINCINNATI OH CLIMATE SUMMARY FOR DECEMBER 12 2017...

CLIMATE NORMAL PERIOD 1981 TO 2010
CLIMATE RECORD PERIOD 1869 TO 2017


WEATHER ITEM   OBSERVED TIME   RECORD YEAR NORMAL DEPARTURE LAST
                VALUE   (LST)  VALUE       VALUE  FROM      YEAR
                                                  NORMAL
..................................................................
TEMPERATURE (F)
 YESTERDAY
  MAXIMUM         43   1214 AM  70    2015  42      1       43
  MINIMUM         17   1158 PM  -3    1962  27    -10       29
                                      1917
  AVERAGE         30                        35     -5       36

PRECIPITATION (IN)
  YESTERDAY        0.05          2.70 1873   0.10  -0.05     0.09
  MONTH TO DATE    0.69                      1.34  -0.65     0.93
  SINCE DEC 1      0.69                      1.34  -0.65     0.93
  SINCE JAN 1     48.75                     40.49   8.26    40.93

SNOWFALL (IN)
  YESTERDAY        0.3           4.2  1942   0.2    0.1      0.0
  MONTH TO DATE    0.9                       1.4   -0.5      0.3
  SINCE DEC 1      0.9                       1.4   -0.5      0.3
  SINCE JUL 1      0.9                       2.2   -1.3      0.3
  SNOW DEPTH       0

DEGREE DAYS
 HEATING
  YESTERDAY       35                        30      5       29
  MONTH TO DATE  355                       341     14      367
  SINCE DEC 1    355                       341     14      367
  SINCE JUL 1   1246                      1301    -55     1049

 COOLING
  YESTERDAY        0                         0      0        0
  MONTH TO DATE    0                         0      0        0
  SINCE DEC 1      0                         0      0        0
  SINCE JAN 1   1111                      1121    -10     1477
..................................................................


WIND (MPH)
  RESULTANT WIND SPEED  16   RESULTANT WIND DIRECTION  NW (300)
  HIGHEST WIND SPEED    30   HIGHEST WIND DIRECTION     W (280)
  HIGHEST GUST SPEED    37   HIGHEST GUST DIRECTION     W (270)
  AVERAGE WIND SPEED    15.8


SKY COVER
  POSSIBLE SUNSHINE  MM
  AVERAGE SKY COVER 0.7


WEATHER CONDITIONS
 THE FOLLOWING WEATHER WAS RECORDED YESTERDAY.
  LIGHT RAIN
  LIGHT SNOW
  FOG
  HAZE


RELATIVE HUMIDITY (PERCENT)
 HIGHEST    96           600 AM
 LOWEST     46           400 PM
 AVERAGE    71

..........................................................


THE CINCINNATI OH CLIMATE NORMALS FOR TODAY
                         NORMAL    RECORD    YEAR
 MAXIMUM TEMPERATURE (F)   42        67      1927
                                             1901
 MINIMUM TEMPERATURE (F)   27        -3      1962


SUNRISE AND SUNSET
DECEMBER 13 2017......SUNRISE   749 AM EST   SUNSET   517 PM EST
DECEMBER 14 2017......SUNRISE   750 AM EST   SUNSET   517 PM EST


-  INDICATES NEGATIVE NUMBERS.
R  INDICATES RECORD WAS SET OR TIED.
MM INDICATES DATA IS MISSING.
T  INDICATES TRACE AMOUNT.




$$
