000
CDUS41 KILN 170535
CLICVG


CLIMATE REPORT
NATIONAL WEATHER SERVICE WILMINGTON OH
135 AM EDT TUE OCT 17 2017


...................................

...THE CINCINNATI OH CLIMATE SUMMARY FOR OCTOBER 16 2017...

CLIMATE NORMAL PERIOD 1981 TO 2010
CLIMATE RECORD PERIOD 1869 TO 2017


WEATHER ITEM   OBSERVED TIME   RECORD YEAR NORMAL DEPARTURE LAST
                VALUE   (LST)  VALUE       VALUE  FROM      YEAR
                                                  NORMAL
..................................................................
TEMPERATURE (F)
 YESTERDAY
  MAXIMUM         62    330 PM  85    1947  66     -4       80
                                      1928
  MINIMUM         41   1146 PM  30    1995  45     -4       61
  AVERAGE         52                        56     -4       71

PRECIPITATION (IN)
  YESTERDAY        0.00          1.31 1989   0.10  -0.10     0.00
  MONTH TO DATE    2.76                      1.69   1.07     0.08
  SINCE SEP 1      5.17                      4.32   0.85     2.57
  SINCE JAN 1     41.96                     34.11   7.85    35.65

SNOWFALL (IN)
  YESTERDAY        0.0           0.0    MM   0.0    0.0      0.0
  MONTH TO DATE    0.0                       0.1   -0.1      0.0
  SINCE SEP 1      0.0                       0.1   -0.1      0.0
  SINCE JUL 1      0.0                       0.1   -0.1      0.0
  SNOW DEPTH       0

DEGREE DAYS
 HEATING
  YESTERDAY       13                        10      3        0
  MONTH TO DATE   23                       123   -100       48
  SINCE SEP 1     67                       181   -114       70
  SINCE JUL 1     68                       181   -113       70

 COOLING
  YESTERDAY        0                         0      0        6
  MONTH TO DATE   45                        16     29       29
  SINCE SEP 1    177                       153     24      265
  SINCE JAN 1   1108                      1121    -13     1440
..................................................................


WIND (MPH)
  RESULTANT WIND SPEED   5   RESULTANT WIND DIRECTION   N (340)
  HIGHEST WIND SPEED    14   HIGHEST WIND DIRECTION     N (340)
  HIGHEST GUST SPEED    21   HIGHEST GUST DIRECTION     N (350)
  AVERAGE WIND SPEED     5.4


SKY COVER
  POSSIBLE SUNSHINE  MM
  AVERAGE SKY COVER 0.4


WEATHER CONDITIONS
 THE FOLLOWING WEATHER WAS RECORDED YESTERDAY.
  HAZE


RELATIVE HUMIDITY (PERCENT)
 HIGHEST   100           600 AM
 LOWEST     39           300 PM
 AVERAGE    70

..........................................................


THE CINCINNATI OH CLIMATE NORMALS FOR TODAY
                         NORMAL    RECORD    YEAR
 MAXIMUM TEMPERATURE (F)   66        86      1950
 MINIMUM TEMPERATURE (F)   45        23      1977


SUNRISE AND SUNSET
OCTOBER 17 2017.......SUNRISE   750 AM EDT   SUNSET   657 PM EDT
OCTOBER 18 2017.......SUNRISE   752 AM EDT   SUNSET   655 PM EDT


-  INDICATES NEGATIVE NUMBERS.
R  INDICATES RECORD WAS SET OR TIED.
MM INDICATES DATA IS MISSING.
T  INDICATES TRACE AMOUNT.




$$
