000
CXUS52 KCHS 052037
CF6CXM
PRELIMINARY LOCAL CLIMATOLOGICAL DATA (WS FORM: F-6)
STATION: DOWNTOWN CHARLESTON SC
MONTH: AUGUST
YEAR: 2021
LATITUDE: 32 46 N
LONGITUDE: 79 56 W
TEMPERATURE IN F: :PCPN: SNOW: WIND :SUNSHINE: SKY :PK WND
================================================================================
1 2 3 4 5 6A 6B 7 8 9 10 11 12 13 14 15 16 17 18
12Z AVG MX 2MIN
DY MAX MIN AVG DEP HDD CDD WTR SNW DPTH SPD SPD DIR MIN PSBL S-S WX SPD DR
================================================================================
1 92 83 88 6 0 23 0.00 M M 8.1 15 210 M M M 21 220
2 92 77 85 3 0 20 0.24 M M 5.4 12 170 M M M 21 90
3 85 76 81 -1 0 16 0.43 M M 5.3 13 20 M M M 15 360
4 79 73 76 -6 0 11 0.01 M M 8.3 12 360 M M M 16 340
5 80 74 77 -5 0 12 0.05 M M 7.6 12 10 M M M 14 360
6 87 78 83 1 0 18 0.09 M M 7.0 16 180 M M M 21 220
7 87 80 84 2 0 19 0.00 M M 4.8 10 320 M M M 16 320
8 90 79 85 3 0 20 0.57 M M 3.7 8 20 M M M 12 150
9 89 80 85 3 0 20 0.00 M M 4.6 10 130 M M M 12 120
10 95 81 88 6 0 23 0.00 M M 4.4 10 150 M M M 15 170
11 93 82 88 6 0 23 0.00 M M 5.0 12 170 M M M 14 160
12 90 83 87 5 0 22 0.08 M M 5.0 11 170 M M M 15 170
13 91 83 87 5 0 22 0.00 M M 5.2 11 160 M M M 14 150
14 92 80 86 4 0 21 0.06 M M 4.6 14 160 M M M 18 160
15 89 83 86 4 0 21 0.00 M M 7.0 11 130 M M M 14 150
16 88 80 84 2 0 19 0.37 M M 10.9 17 130 M M M 24 90
17 86 77 82 0 0 17 1.40 M M 14.0 33 160 M M M 39 160
18 88 78 83 2 0 18 0.43 M M 8.0 13 190 M M M 19 190
19 90 83 87 6 0 22 0.01 M M 4.4 14 50 M M M 17 50
20 94 81 88 7 0 23 0.03 M M 3.7 8 280 M M M 12 280
21 91 77 84 3 0 19 1.11 M M 5.8 22 70 M M M 33 100
22 87 78 83 2 0 18 0.40 M M 3.3 13 230 M M M 23 230
23 88 77 83 2 0 18 0.03 M M 4.7 14 180 M M M 16 180
24 87 77 82 1 0 17 0.00 M M 5.8 14 200 M M M 18 170
25 86 79 83 2 0 18 0.00 M M 4.8 12 190 M M M 15 180
26 85 80 83 2 0 18 0.00 M M 7.6 12 90 M M M 15 90
27 85 82 84 3 0 19 0.00 M M 9.1 12 130 M M M 14 120
28 84 82 83 3 0 18 0.00 M M 8.1 12 120 M M M 13 120
29 86 80 83 3 0 18 0.00 M M 4.5 8 150 M M M 10 120
30 88 78 83 3 0 18 0.00 M M 4.9 11 170 M M M 14 170
31 88 78 83 3 0 18 0.02 M M 7.8 16 200 M M M 21 200
================================================================================
SM 2732 2459 0 589 5.33 M 193.4 M M
================================================================================
AV 88.1 79.3 6.2 FASTST M M M MAX(MPH)
MISC ----> 33 160 39 160
================================================================================
NOTES:
# LAST OF SEVERAL OCCURRENCES
COLUMN 17 PEAK WIND IN M.P.H.
PRELIMINARY LOCAL CLIMATOLOGICAL DATA (WS FORM: F-6) , PAGE 2
STATION: DOWNTOWN CHARLESTON SC
MONTH: AUGUST
YEAR: 2021
LATITUDE: 32 46 N
LONGITUDE: 79 56 W
[TEMPERATURE DATA] [PRECIPITATION DATA] SYMBOLS USED IN COLUMN 16
AVERAGE MONTHLY: 83.7 TOTAL FOR MONTH: 5.33 1 = FOG OR MIST
DPTR FM NORMAL: 2.3 DPTR FM NORMAL: -0.78 2 = FOG REDUCING VISIBILITY
HIGHEST: 95 ON 10 GRTST 24HR 1.40 ON 17-17 TO 1/4 MILE OR LESS
LOWEST: 73 ON 4 3 = THUNDER
SNOW, ICE PELLETS, HAIL 4 = ICE PELLETS
TOTAL MONTH: M 5 = HAIL
GRTST 24HR M ON M 6 = FREEZING RAIN OR DRIZZLE
GRTST DEPTH: M ON M 7 = DUSTSTORM OR SANDSTORM:
VSBY 1/2 MILE OR LESS
8 = SMOKE OR HAZE
[NO. OF DAYS WITH] [WEATHER - DAYS WITH] 9 = BLOWING SNOW
X = TORNADO
MAX 32 OR BELOW: 0 0.01 INCH OR MORE: 17
MAX 90 OR ABOVE: 11 0.10 INCH OR MORE: 8
MIN 32 OR BELOW: 0 0.50 INCH OR MORE: 3
MIN 0 OR BELOW: 0 1.00 INCH OR MORE: 2
[HDD (BASE 65) ]
TOTAL THIS MO. 0 CLEAR (SCALE 0-3) 0
DPTR FM NORMAL 0 PTCLDY (SCALE 4-7) 0
TOTAL FM JUL 1 0 CLOUDY (SCALE 8-10) 31
DPTR FM NORMAL 0
[CDD (BASE 65) ]
TOTAL THIS MO. 589
DPTR FM NORMAL 79 [PRESSURE DATA]
TOTAL FM JAN 1 2113 HIGHEST SLP M ON M
DPTR FM NORMAL 252 LOWEST SLP 29.65 ON 31
[REMARKS]
#FINAL-08-21#
BACKUP SENSOR USED FOR TEMPERATURES FROM AUGUST 21-31.