417
CXUS54 KHGX 011510
CF6CXO
PRELIMINARY LOCAL CLIMATOLOGICAL DATA (WS FORM: F-6)
STATION: CONROE
MONTH: FEBRUARY
YEAR: 2021
LATITUDE: 30 21 N
LONGITUDE: 95 25 W
TEMPERATURE IN F: :PCPN: SNOW: WIND :SUNSHINE: SKY :PK WND
================================================================================
1 2 3 4 5 6A 6B 7 8 9 10 11 12 13 14 15 16 17 18
12Z AVG MX 2MIN
DY MAX MIN AVG DEP HDD CDD WTR SNW DPTH SPD SPD DIR MIN PSBL S-S WX SPD DR
================================================================================
1 64 36 50 -2 15 0 0.00 0.0 0 6.7 17 320 M M 0 23 320
2 67 32 50 -2 15 0 0.00 0.0 0 2.6 9 210 M M 0 13 160
3 71 37 54 2 11 0 0.00 0.0 0 7.5 18 150 M M 3 1 23 160
4 80 52 66 14 0 1 0.00 0.0 0 10.0 23 210 M M 7 36 190
5 55 45 50 -2 15 0 0.14 0.0 0 5.6 13 70 M M 8 13 18 80
6 67 45 56 4 9 0 0.00 0.0 0 6.8 18 280 M M 7 24 290
7 66 32 49 -3 16 0 0.00 0.0 0 6.5 15 160 M M 0 20 10
8 69 47 58 6 7 0 0.00 0.0 0 7.2 18 160 M M 9 1 23 160
9 76 56 66 13 0 1 0.00 0.0 0 4.0 12 330 M M 8 128 15 320
10 57 42 50 -3 15 0 T 0.0 0 6.8 13 340 M M 10 18 17 340
11 42 35 39 -14 26 0 0.14 0.0 0 9.5 16 340 M M 10 13 24 10
12 36 33 35 -18 30 0 T 0.0 0 10.6 17 350 M M 10 18 28 10
13 40 32 36 -17 29 0 T 0.0 0 9.4 16 360 M M 9 18 25 360
14 34 22 28 -25 37 0 0.02 0.0 0 9.3 22 350 M M 10 18 27 360
15 22 12 17 -37 48 0 M M M 13.1 26 330 M M 7 18 33 330
16 35 9 22 -32 43 0 M M M 4.5 10 330 M M 4 14 320
17 35 31 33 -21 32 0 1.16 0.0 0 7.3 15 350 M M 10 16 22 350
18 34 27 31 -23 34 0 T M M 10.9 18 350 M M 10 24 20
19 49 21 35 -19 30 0 0.00 0.0 M 5.0 10 270 M M 0 16 330
20 61 24 43 -12 22 0 0.00 0.0 0 5.7 16 150 M M 0 18 23 150
21 73 35 54 -1 11 0 0.00 0.0 0 5.8 20 200 M M 5 25 200
22 75 38 57 2 8 0 T 0.0 0 3.3 15 350 M M 2 1 22 350
23 80 35 58 3 7 0 0.00 0.0 0 6.9 18 160 M M 0 26 170
24 79 48 64 9 1 0 0.00 M 0 4.4 21 210 M M 6 18 26 200
25 73 56 65 9 0 0 0.17 0.0 0 4.7 16 150 M M 10 18 19 150
26 80 59 70 14 0 5 0.03 0.0 0 7.5 21 160 M M 9 1 26 160
27 81 66 74 18 0 9 T 0.0 0 10.7 23 150 M M 10 1 28 150
28 83 70 77 21 0 12 T 0.0 0 10.2 20 170 M M 9 1 23 180
================================================================================
SM 1684 1077 461 28 1.66 0.0 202.5 M 173
================================================================================
AV 60.1 38.5 7.2 FASTST M M 6 MAX(MPH)
MISC ----> 26 330 36 190
================================================================================
NOTES:
# LAST OF SEVERAL OCCURRENCES
COLUMN 17 PEAK WIND IN M.P.H.
PRELIMINARY LOCAL CLIMATOLOGICAL DATA (WS FORM: F-6) , PAGE 2
STATION: CONROE
MONTH: FEBRUARY
YEAR: 2021
LATITUDE: 30 21 N
LONGITUDE: 95 25 W
[TEMPERATURE DATA] [PRECIPITATION DATA] SYMBOLS USED IN COLUMN 16
AVERAGE MONTHLY: 49.3 TOTAL FOR MONTH: 1.66 1 = FOG OR MIST
DPTR FM NORMAL: -4.4 DPTR FM NORMAL: -1.60 2 = FOG REDUCING VISIBILITY
HIGHEST: 83 ON 28 GRTST 24HR 1.16 ON 17-18 TO 1/4 MILE OR LESS
LOWEST: 9 ON 16 3 = THUNDER
SNOW, ICE PELLETS, HAIL 4 = ICE PELLETS
TOTAL MONTH: 0.0 INCH 5 = HAIL
GRTST 24HR 0.0 6 = FREEZING RAIN OR DRIZZLE
GRTST DEPTH: 0 7 = DUSTSTORM OR SANDSTORM:
VSBY 1/2 MILE OR LESS
8 = SMOKE OR HAZE
[NO. OF DAYS WITH] [WEATHER - DAYS WITH] 9 = BLOWING SNOW
X = TORNADO
MAX 32 OR BELOW: 1 0.01 INCH OR MORE: 6
MAX 90 OR ABOVE: 0 0.10 INCH OR MORE: 4
MIN 32 OR BELOW: 10 0.50 INCH OR MORE: 1
MIN 0 OR BELOW: 0 1.00 INCH OR MORE: 1
[HDD (BASE 65) ]
TOTAL THIS MO. 461 CLEAR (SCALE 0-3) 8
DPTR FM NORMAL 128 PTCLDY (SCALE 4-7) 7
TOTAL FM JUL 1 1430 CLOUDY (SCALE 8-10) 13
DPTR FM NORMAL -50
[CDD (BASE 65) ]
TOTAL THIS MO. 28
DPTR FM NORMAL 13 [PRESSURE DATA]
TOTAL FM JAN 1 36 HIGHEST SLP 30.56 ON 19
DPTR FM NORMAL 13 LOWEST SLP 29.75 ON 4
[REMARKS]
#FINAL-02-21#