000
CXUS52 KMLB 300647
CF6DAB
PRELIMINARY LOCAL CLIMATOLOGICAL DATA (WS FORM: F-6)

                                          STATION:   DAYTONA BEACH
                                          MONTH:     APRIL
                                          YEAR:      2017
                                          LATITUDE:   29 10 N
                                          LONGITUDE:  81  3 W

  TEMPERATURE IN F:       :PCPN:    SNOW:  WIND      :SUNSHINE: SKY     :PK WND
================================================================================
1   2   3   4   5  6A  6B    7    8   9   10  11  12  13   14  15   16   17  18
                                     12Z  AVG MX 2MIN
DY MAX MIN AVG DEP HDD CDD  WTR  SNW DPTH SPD SPD DIR MIN PSBL S-S WX    SPD DR
================================================================================

 1  80  61  71   4   0   6 0.00  0.0    0  6.6 13  60   M    M   3        20  50
 2  85  58  72   5   0   7 0.00  0.0    0  5.9 18  80   M    M   5 1      25 110
 3  89  70  80  13   0  15 0.10  0.0    0  8.9 20 160   M    M   6 13     27 160
 4  73  66  70   3   0   5 0.89  0.0    0  7.4 26  20   M    M   9 13     31  30
 5  91  68  80  13   0  15 0.02  0.0    0  6.5 18 210   M    M   5 13     25 210
 6  81  54  68   1   0   3 0.11  0.0    0 13.6 29 230   M    M   4 13     35 240
 7  73  51  62  -6   3   0 0.00  0.0    0  8.8 23 250   M    M   1        31 320
 8  72  45  59  -9   6   0 0.00  0.0    0  5.2 16  50   M    M   1        22 350
 9  76  46  61  -7   4   0 0.00  0.0    0  6.8 17  60   M    M   3        24  50
10  77  61  69   1   0   4 0.00  0.0    0  9.4 18  60   M    M   4        26  60
11  79  66  73   5   0   8 0.00  0.0    0  8.9 17  70   M    M   3        23  70
12  79  65  72   4   0   7    T  0.0    0  8.8 18  60   M    M   6        23  40
13  78  64  71   3   0   6 0.00  0.0    0 10.8 21  70   M    M   3        25  60
14  81  65  73   4   0   8    T  0.0    0 14.4 23  60   M    M   5        28  70
15  79  69  74   5   0   9 0.08  0.0    0  9.1 17  90   M    M   6 1      26  80
16  80  64  72   3   0   7 0.02  0.0    0  5.6 17  60   M    M   5 18     22  60
17  81  58  70   1   0   5 0.00  0.0    0  4.4 16  70   M    M   5 1      22  60
18  82  60  71   2   0   6 0.00  0.0    0  5.5 20  80   M    M   3 1      24  80
19  82  62  72   3   0   7 0.00  0.0    0  6.4 18  70   M    M   3        24  60
20  81  61  71   1   0   6 0.00  0.0    0  5.3 16  70   M    M   4        22  80
21  82  57  70   0   0   5 0.00  0.0    0  5.5 16  80   M    M   2 18     22  80
22  83  63  73   3   0   8    T  0.0    0  5.8 15  70   M    M   6 18     21  80
23  84  68  76   6   0  11 0.00  0.0    0  5.7 15  80   M    M   6        20  80
24  86  62  74   4   0   9    T  0.0    0 11.4 28 260   M    M   6        35 270
25  84  53  69  -2   0   4 0.00  0.0    0  7.9 20 270   M    M   3        25 300
26  84  55  70  -1   0   5 0.00  0.0    0  5.5 15  80   M    M   1 1      24 270
27  91  65  78   7   0  13 0.00  0.0    0  6.2 15  90   M    M   1 1      21 100
28  91  71  81  10   0  16 0.00  0.0    0  5.6 16  80   M    M   3 1      22 110
29  85  74  80   9   0  15 0.00  0.0    0  7.9173  90   M    M   6       173  90
================================================================================
SM 2369 1782        13 210  1.22     0.0 219.8          M      118
================================================================================
AV 81.7 61.5                               7.6 FASTST   M    M   4    MAX(MPH)
                                 MISC ---->  #173  90               #173   90
================================================================================
NOTES:
# LAST OF SEVERAL OCCURRENCES

COLUMN 17 PEAK WIND IN M.P.H.

PRELIMINARY LOCAL CLIMATOLOGICAL DATA (WS FORM: F-6) , PAGE 2

                                          STATION:  DAYTONA BEACH
                                          MONTH:    APRIL
                                          YEAR:     2017
                                          LATITUDE:   29 10 N
                                          LONGITUDE:  81  3 W

[TEMPERATURE DATA]      [PRECIPITATION DATA]       SYMBOLS USED IN COLUMN 16

AVERAGE MONTHLY: 71.6   TOTAL FOR MONTH:   1.22    1 = FOG OR MIST
DPTR FM NORMAL:   2.7   DPTR FM NORMAL:   -0.91    2 = FOG REDUCING VISIBILITY
HIGHEST:    91 ON 28,27 GRTST 24HR  0.89 ON  4- 4      TO 1/4 MILE OR LESS
LOWEST:     45 ON  8                               3 = THUNDER
                        SNOW, ICE PELLETS, HAIL    4 = ICE PELLETS
                        TOTAL MONTH:   0.0 INCH    5 = HAIL
                        GRTST 24HR     0.0         6 = FREEZING RAIN OR DRIZZLE
                        GRTST DEPTH:   0           7 = DUSTSTORM OR SANDSTORM:
                                                       VSBY 1/2 MILE OR LESS
                                                   8 = SMOKE OR HAZE
[NO. OF DAYS WITH]      [WEATHER - DAYS WITH]      9 = BLOWING SNOW
                                                   X = TORNADO
MAX 32 OR BELOW:   0    0.01 INCH OR MORE:   6
MAX 90 OR ABOVE:   3    0.10 INCH OR MORE:   3
MIN 32 OR BELOW:   0    0.50 INCH OR MORE:   1
MIN  0 OR BELOW:   0    1.00 INCH OR MORE:   0

[HDD (BASE 65) ]
TOTAL THIS MO.    13    CLEAR  (SCALE 0-3)  10
DPTR FM NORMAL   -14    PTCLDY (SCALE 4-7)  18
TOTAL FM JUL 1   401    CLOUDY (SCALE 8-10)  1
DPTR FM NORMAL  -405

[CDD (BASE 65) ]
TOTAL THIS MO.   210
DPTR FM NORMAL    72    [PRESSURE DATA]
TOTAL FM JAN 1   451    HIGHEST SLP M ON M
DPTR FM NORMAL   171    LOWEST  SLP 29.64 ON 24

[REMARKS]
