000
CXUS52 KMLB 270629
CF6DAB
PRELIMINARY LOCAL CLIMATOLOGICAL DATA (WS FORM: F-6)

                                          STATION:   DAYTONA BEACH
                                          MONTH:     JUNE
                                          YEAR:      2016
                                          LATITUDE:   29 10 N
                                          LONGITUDE:  81  3 W

  TEMPERATURE IN F:       :PCPN:    SNOW:  WIND      :SUNSHINE: SKY     :PK WND
================================================================================
1   2   3   4   5  6A  6B    7    8   9   10  11  12  13   14  15   16   17  18
                                     12Z  AVG MX 2MIN
DY MAX MIN AVG DEP HDD CDD  WTR  SNW DPTH SPD SPD DIR MIN PSBL S-S WX    SPD DR
================================================================================

 1  89  70  80   2   0  15 0.00  0.0    0  3.9 13  70   M    M   4 3      15  70
 2  89  72  81   2   0  16 0.00  0.0    0  4.9 14  80   M    M   3        18  80
 3  89  73  81   2   0  16 0.00  0.0    0  5.1 15  80   M    M   4        20  80
 4  90  74  82   3   0  17 0.00  0.0    0  5.5 14 100   M    M   4 1      20 110
 5  90  73  82   3   0  17 0.06  0.0    0  4.4 24 220   M    M   6 13     33 210
 6  88  73  81   2   0  16 1.32  0.0    0  7.7 26 240   M    M  10 13     36 230
 7  89  76  83   4   0  18 0.80  0.0    0 10.0 25 200   M    M   7 13     40 180
 8  90  74  82   3   0  17    T  0.0    0  4.3 15  60   M    M   4 1      19  30
 9  88  72  80   1   0  15 0.00  0.0    0  4.5 13 160   M    M   6        18 140
10  87  73  80   0   0  15 0.00  0.0    0  4.0 14  70   M    M   6 1      18  80
11  88  73  81   1   0  16 0.00  0.0    0  4.7 14  60   M    M   6        21  80
12  90  72  81   1   0  16 0.00  0.0    0  4.0 13  80   M    M   5 138    15  80
13  95  74  85   5   0  20 0.00  0.0    0  6.2 20 210   M    M   5 13     23 210
14  95  76  86   6   0  21 0.01  0.0    0  5.9 22 230   M    M   5 13     26 240
15  94  74  84   4   0  19 0.15  0.0    0  4.5 23 230   M    M   5 13     29 220
16  94  74  84   4   0  19 0.01  0.0    0  9.9 26 280   M    M   5 1      42 260
17  90  76  83   3   0  18    T  0.0    0 10.8 21 260   M    M   4 3      27 250
18  91  70  81   1   0  16 0.55  0.0    0  6.5 29  50   M    M   7 138    38 260
19  86  76  81   1   0  16    T  0.0    0 17.1 25  60   M    M   7 1      33  40
20  85  68  77  -3   0  12 0.00  0.0    0 10.7 21  50   M    M   5        28  80
21  85  65  75  -5   0  10 0.00  0.0    0  5.0 16  70   M    M   3        21  70
22  87  67  77  -4   0  12 0.00  0.0    0  4.8 14  80   M    M   2        20  60
23  92  72  82   1   0  17 0.00  0.0    0  4.8 15  70   M    M   2 1      19  60
24  94  75  85   4   0  20 0.27  0.0    0  5.7 22  20   M    M   5 13     25  20
25  92  78  85   4   0  20 0.00  0.0    0  5.1 12 230   M    M   6 3      14 110
26  90  75  83   2   0  18    T  0.0    0  4.7 21  60   M    M   6 3      26  40
================================================================================
SM 2337 1895         0 432  3.17     0.0 164.7          M      132
================================================================================
AV 89.9 72.9                               6.3 FASTST   M    M   5    MAX(MPH)
                                 MISC ---->  # 29  50               # 42  260
================================================================================
NOTES:
# LAST OF SEVERAL OCCURRENCES

COLUMN 17 PEAK WIND IN M.P.H.

PRELIMINARY LOCAL CLIMATOLOGICAL DATA (WS FORM: F-6) , PAGE 2

                                          STATION:  DAYTONA BEACH
                                          MONTH:    JUNE
                                          YEAR:     2016
                                          LATITUDE:   29 10 N
                                          LONGITUDE:  81  3 W

[TEMPERATURE DATA]      [PRECIPITATION DATA]       SYMBOLS USED IN COLUMN 16

AVERAGE MONTHLY: 81.4   TOTAL FOR MONTH:   3.17    1 = FOG OR MIST
DPTR FM NORMAL:   1.6   DPTR FM NORMAL:   -1.90    2 = FOG REDUCING VISIBILITY
HIGHEST:    95 ON 14,13 GRTST 24HR  1.68 ON  6- 7      TO 1/4 MILE OR LESS
LOWEST:     65 ON 21                               3 = THUNDER
                        SNOW, ICE PELLETS, HAIL    4 = ICE PELLETS
                        TOTAL MONTH:   0.0 INCH    5 = HAIL
                        GRTST 24HR     0.0         6 = FREEZING RAIN OR DRIZZLE
                        GRTST DEPTH:   0           7 = DUSTSTORM OR SANDSTORM:
                                                       VSBY 1/2 MILE OR LESS
                                                   8 = SMOKE OR HAZE
[NO. OF DAYS WITH]      [WEATHER - DAYS WITH]      9 = BLOWING SNOW
                                                   X = TORNADO
MAX 32 OR BELOW:   0    0.01 INCH OR MORE:   8
MAX 90 OR ABOVE:  14    0.10 INCH OR MORE:   5
MIN 32 OR BELOW:   0    0.50 INCH OR MORE:   3
MIN  0 OR BELOW:   0    1.00 INCH OR MORE:   1

[HDD (BASE 65) ]
TOTAL THIS MO.     0    CLEAR  (SCALE 0-3)   4
DPTR FM NORMAL     0    PTCLDY (SCALE 4-7)  21
TOTAL FM JUL 1   508    CLOUDY (SCALE 8-10)  1
DPTR FM NORMAL  -301

[CDD (BASE 65) ]
TOTAL THIS MO.   432
DPTR FM NORMAL    48    [PRESSURE DATA]
TOTAL FM JAN 1  1206    HIGHEST SLP M ON M
DPTR FM NORMAL   221    LOWEST  SLP 29.67 ON  7

[REMARKS]
