000
CDUS42 KMLB 290635
CLIDAB


CLIMATE REPORT
NATIONAL WEATHER SERVICE MELBOURNE FL
235 AM EDT FRI JUL 29 2016


...................................

...THE DAYTONA BEACH CLIMATE SUMMARY FOR JULY 28 2016...

CLIMATE NORMAL PERIOD 1981 TO 2010
CLIMATE RECORD PERIOD 1923 TO 2016


WEATHER ITEM   OBSERVED TIME   RECORD YEAR NORMAL DEPARTURE LAST
                VALUE   (LST)  VALUE       VALUE  FROM      YEAR
                                                  NORMAL
..................................................................
TEMPERATURE (F)
 YESTERDAY
  MAXIMUM         97   1225 PM  98    1992  91      6       85
  MINIMUM         76    549 AM  66    1947  73      3       76
  AVERAGE         87                        82      5       81

PRECIPITATION (IN)
  YESTERDAY        0.00          6.70 1926   0.19  -0.19     0.71
  MONTH TO DATE    0.71                      5.24  -4.53     3.96
  SINCE JUN 1      4.28                     11.07  -6.79     9.35
  SINCE JAN 1     24.28                     26.14  -1.86    23.69

SNOWFALL (IN)
  YESTERDAY        0.0
  MONTH TO DATE    0.0
  SINCE JUL 1      0.0

DEGREE DAYS
 HEATING
  YESTERDAY        0                         0      0        0
  MONTH TO DATE    0                         0      0        0
  SINCE JUN 1      0                         0      0        0
  SINCE JUL 1      0                         0      0        0

 COOLING
  YESTERDAY       22                        17      5       16
  MONTH TO DATE  542                       465     77      492
  SINCE JUN 1   1043                       912    131      989
  SINCE JAN 1   1817                      1513    304     1902
..................................................................


WIND (MPH)
  HIGHEST WIND SPEED    14   HIGHEST WIND DIRECTION     E (80)
  HIGHEST GUST SPEED    19   HIGHEST GUST DIRECTION     E (100)
  AVERAGE WIND SPEED     6.6


SKY COVER
  AVERAGE SKY COVER 0.2


WEATHER CONDITIONS
 THE FOLLOWING WEATHER WAS RECORDED YESTERDAY.
  HAZE


RELATIVE HUMIDITY (PERCENT)
 HIGHEST    94           600 AM
 LOWEST     52          1100 AM
 AVERAGE    73

..........................................................


THE DAYTONA BEACH CLIMATE NORMALS FOR TODAY
                         NORMAL    RECORD    YEAR
 MAXIMUM TEMPERATURE (F)   91        98      1992
 MINIMUM TEMPERATURE (F)   73        67      1940
                                             1938


SUNRISE AND SUNSET
JULY 29 2016..........SUNRISE   643 AM EDT   SUNSET   818 PM EDT
JULY 30 2016..........SUNRISE   644 AM EDT   SUNSET   817 PM EDT


-  INDICATES NEGATIVE NUMBERS.
R  INDICATES RECORD WAS SET OR TIED.
MM INDICATES DATA IS MISSING.
T  INDICATES TRACE AMOUNT.




$$
