000
CDUS42 KMLB 301119
CLIDAB


CLIMATE REPORT
NATIONAL WEATHER SERVICE MELBOURNE FL
718 AM EDT THU MAR 30 2017


...................................

...THE DAYTONA BEACH CLIMATE SUMMARY FOR MARCH 29 2017...

CLIMATE NORMAL PERIOD 1981 TO 2010
CLIMATE RECORD PERIOD 1923 TO 2017


WEATHER ITEM   OBSERVED TIME   RECORD YEAR NORMAL DEPARTURE LAST
                VALUE   (LST)  VALUE       VALUE  FROM      YEAR
                                                  NORMAL
..................................................................
TEMPERATURE (F)
 YESTERDAY
  MAXIMUM         87    104 PM  90    1991  76     11       77
                                      1970
  MINIMUM         58    622 AM  37    1955  56      2       65
  AVERAGE         73                        66      7       71

PRECIPITATION (IN)
  YESTERDAY        0.00          1.48 2014   0.13  -0.13     0.17
  MONTH TO DATE    1.07                      3.97  -2.90     1.43
  SINCE MAR 1      1.07                      3.97  -2.90     1.43
  SINCE JAN 1      5.08                      9.49  -4.41    12.14

SNOWFALL (IN)
  YESTERDAY        0.0
  MONTH TO DATE    0.0
  SINCE JUL 1      0.0

DEGREE DAYS
 HEATING
  YESTERDAY        0                         2     -2        0
  MONTH TO DATE   82                        92    -10       38
  SINCE MAR 1     82                        92    -10       38
  SINCE JUL 1    388                       774   -386      503

 COOLING
  YESTERDAY        8                         3      5        6
  MONTH TO DATE   98                        72     26      162
  SINCE MAR 1     98                        72     26      162
  SINCE JAN 1    218                       137     81      212
..................................................................


WIND (MPH)
  HIGHEST WIND SPEED    13   HIGHEST WIND DIRECTION     E (70)
  HIGHEST GUST SPEED    19   HIGHEST GUST DIRECTION     E (90)
  AVERAGE WIND SPEED     4.6


SKY COVER
  AVERAGE SKY COVER 0.2


WEATHER CONDITIONS
 THE FOLLOWING WEATHER WAS RECORDED YESTERDAY.
  NO SIGNIFICANT WEATHER WAS OBSERVED.


RELATIVE HUMIDITY (PERCENT)
 HIGHEST    97           500 AM
 LOWEST     40          1200 PM
 AVERAGE    69

..........................................................


THE DAYTONA BEACH CLIMATE NORMALS FOR TODAY
                         NORMAL    RECORD    YEAR
 MAXIMUM TEMPERATURE (F)   77        91      1939
 MINIMUM TEMPERATURE (F)   56        39      1955


SUNRISE AND SUNSET
MARCH 30 2017.........SUNRISE   716 AM EDT   SUNSET   742 PM EDT
MARCH 31 2017.........SUNRISE   715 AM EDT   SUNSET   742 PM EDT


-  INDICATES NEGATIVE NUMBERS.
R  INDICATES RECORD WAS SET OR TIED.
MM INDICATES DATA IS MISSING.
T  INDICATES TRACE AMOUNT.




$$
