000
CDUS42 KMLB 242120
CLIDAB


CLIMATE REPORT
NATIONAL WEATHER SERVICE MELBOURNE FL
418 PM EST FRI NOV 24 2017


...................................

...THE DAYTONA BEACH CLIMATE SUMMARY FOR NOVEMBER 24 2017...
VALID TODAY AS OF 0400 PM LOCAL TIME.

CLIMATE NORMAL PERIOD 1981 TO 2010
CLIMATE RECORD PERIOD 1923 TO 2017


WEATHER ITEM   OBSERVED TIME   RECORD YEAR NORMAL DEPARTURE LAST
                VALUE   (LST)  VALUE       VALUE  FROM      YEAR
                                                  NORMAL
..................................................................
TEMPERATURE (F)
 TODAY
  MAXIMUM         69    201 AM  87    2014  74     -5       79
  MINIMUM         60    909 AM  30    1970  55      5       57
  AVERAGE         65                        65      0       68

PRECIPITATION (IN)
  TODAY            0.03          1.20 1932   0.08  -0.05     0.00
  MONTH TO DATE    1.64                      2.18  -0.54     0.10
  SINCE SEP 1     19.11                     13.35   5.76    16.31
  SINCE JAN 1     48.78                     46.48   2.30    43.94

SNOWFALL (IN)
  TODAY            0.0
  MONTH TO DATE    0.0
  SINCE JUL 1      0.0

DEGREE DAYS
 HEATING
  TODAY            0                         3     -3        0
  MONTH TO DATE    4                        45    -41       36
  SINCE SEP 1     26                        53    -27       37
  SINCE JUL 1     26                        53    -27       37

 COOLING
  TODAY            0                         3     -3        3
  MONTH TO DATE  121                       100     21       78
  SINCE SEP 1    965                       822    143      885
  SINCE JAN 1   3392                      2896    496     3350
..................................................................


WIND (MPH)
  HIGHEST WIND SPEED    20   HIGHEST WIND DIRECTION     N (350)
  HIGHEST GUST SPEED    25   HIGHEST GUST DIRECTION     N (350)
  AVERAGE WIND SPEED    11.9


SKY COVER
  AVERAGE SKY COVER 0.9


WEATHER CONDITIONS
 THE FOLLOWING WEATHER WAS RECORDED TODAY.
  LIGHT RAIN
  FOG


RELATIVE HUMIDITY (PERCENT)
 HIGHEST   100           500 AM
 LOWEST     81           300 PM
 AVERAGE    91

..........................................................


THE DAYTONA BEACH CLIMATE NORMALS FOR TOMORROW
                         NORMAL    RECORD    YEAR
 MAXIMUM TEMPERATURE (F)   74        86      1992
 MINIMUM TEMPERATURE (F)   55        28      1950


SUNRISE AND SUNSET
NOVEMBER 24 2017......SUNRISE   655 AM EST   SUNSET   526 PM EST
NOVEMBER 25 2017......SUNRISE   656 AM EST   SUNSET   526 PM EST


-  INDICATES NEGATIVE NUMBERS.
R  INDICATES RECORD WAS SET OR TIED.
MM INDICATES DATA IS MISSING.
T  INDICATES TRACE AMOUNT.




$$
