000
CDUS42 KMLB 242029
CLIDAB


CLIMATE REPORT
NATIONAL WEATHER SERVICE MELBOURNE FL
429 PM EDT MON JUL 24 2017


...................................

...THE DAYTONA BEACH CLIMATE SUMMARY FOR JULY 24 2017...
VALID TODAY AS OF 0400 PM LOCAL TIME.

CLIMATE NORMAL PERIOD 1981 TO 2010
CLIMATE RECORD PERIOD 1923 TO 2017


WEATHER ITEM   OBSERVED TIME   RECORD YEAR NORMAL DEPARTURE LAST
                VALUE   (LST)  VALUE       VALUE  FROM      YEAR
                                                  NORMAL
..................................................................
TEMPERATURE (F)
 TODAY
  MAXIMUM         91   1214 PM 100    1932  91      0       94
  MINIMUM         76    432 AM  68    1939  73      3       73
                                      1937
  AVERAGE         84                        82      2       84

PRECIPITATION (IN)
  TODAY            0.36          1.82 1963   0.19   0.17     0.00
  MONTH TO DATE    5.10                      4.48   0.62     0.71
  SINCE JUN 1     14.32                     10.31   4.01     4.28
  SINCE JAN 1     22.55                     25.38  -2.83    24.28

SNOWFALL (IN)
  TODAY            0.0
  MONTH TO DATE    0.0
  SINCE JUL 1      0.0

DEGREE DAYS
 HEATING
  TODAY            0                         0      0        0
  MONTH TO DATE    0                         0      0        0
  SINCE JUN 1      0                         0      0        0
  SINCE JUL 1      0                         0      0        0

 COOLING
  TODAY           19                        17      2       19
  MONTH TO DATE  426                       397     29      463
  SINCE JUN 1    899                       844     55      964
  SINCE JAN 1   1716                      1445    271     1738
..................................................................


WIND (MPH)
  HIGHEST WIND SPEED    26   HIGHEST WIND DIRECTION    SW (220)
  HIGHEST GUST SPEED    37   HIGHEST GUST DIRECTION    SW (210)
  AVERAGE WIND SPEED     6.2


SKY COVER
  AVERAGE SKY COVER 0.7


WEATHER CONDITIONS
 THE FOLLOWING WEATHER WAS RECORDED TODAY.
  THUNDERSTORM
  HEAVY RAIN
  LIGHT RAIN
  FOG


RELATIVE HUMIDITY (PERCENT)
 HIGHEST   100           100 AM
 LOWEST     64          1200 PM
 AVERAGE    82

..........................................................


THE DAYTONA BEACH CLIMATE NORMALS FOR TOMORROW
                         NORMAL    RECORD    YEAR
 MAXIMUM TEMPERATURE (F)   91        99      1983
 MINIMUM TEMPERATURE (F)   73        68      1965
                                             1951
                                             1939


SUNRISE AND SUNSET
JULY 24 2017..........SUNRISE   640 AM EDT   SUNSET   821 PM EDT
JULY 25 2017..........SUNRISE   641 AM EDT   SUNSET   820 PM EDT


-  INDICATES NEGATIVE NUMBERS.
R  INDICATES RECORD WAS SET OR TIED.
MM INDICATES DATA IS MISSING.
T  INDICATES TRACE AMOUNT.




$$
