000
CDUS42 KMLB 272129
CLIDAB


CLIMATE REPORT
NATIONAL WEATHER SERVICE MELBOURNE FL
428 PM EST FRI FEB 27 2015


...................................

...THE DAYTONA BEACH CLIMATE SUMMARY FOR FEBRUARY 27 2015...
VALID TODAY AS OF 400 PM LOCAL TIME.

CLIMATE NORMAL PERIOD 1981 TO 2010
CLIMATE RECORD PERIOD 1923 TO 2015


WEATHER ITEM   OBSERVED TIME   RECORD YEAR NORMAL DEPARTURE LAST
                VALUE   (LST)  VALUE       VALUE  FROM      YEAR
                                                  NORMAL
..................................................................
TEMPERATURE (F)
 TODAY
  MAXIMUM         55    335 PM  87    1971  72    -17       61
  MINIMUM         53    106 PM  28    1980  52      1       49
  AVERAGE         54                        62     -8       55

PRECIPITATION (IN)
  TODAY            0.00          1.54 1946   0.11  -0.11      T
  MONTH TO DATE    2.35                      2.67  -0.32     3.81
  SINCE DEC 1      7.73                      8.04  -0.31     8.27
  SINCE JAN 1      4.90                      5.41  -0.51     6.58

SNOWFALL (IN)
  TODAY            0.0
  MONTH TO DATE    0.0
  SINCE JUL 1      0.0

DEGREE DAYS
 HEATING
  TODAY           11                         5      6       10
  MONTH TO DATE  206                       161     45      111
  SINCE DEC 1    519                       604    -85      474
  SINCE JUL 1    648                       678    -30      505

 COOLING
  TODAY            0                         2     -2        0
  MONTH TO DATE    9                        31    -22       59
  SINCE DEC 1    123                       111     12      198
  SINCE JAN 1     40                        60    -20       84
..................................................................


WIND (MPH)
  HIGHEST WIND SPEED    22   HIGHEST WIND DIRECTION     N (360)
  HIGHEST GUST SPEED    28   HIGHEST GUST DIRECTION     N (350)
  AVERAGE WIND SPEED    13.9


SKY COVER
  AVERAGE SKY COVER 1.0


WEATHER CONDITIONS
 THE FOLLOWING WEATHER WAS RECORDED TODAY.
  NO SIGNIFICANT WEATHER WAS OBSERVED.


RELATIVE HUMIDITY (PERCENT)
 HIGHEST    83           400 PM
 LOWEST     66          1000 AM
 AVERAGE    75

..........................................................


THE DAYTONA BEACH CLIMATE NORMALS FOR TOMORROW
                         NORMAL    RECORD    YEAR
 MAXIMUM TEMPERATURE (F)   72        87      1971
                                             1939
 MINIMUM TEMPERATURE (F)   52        28      1943


SUNRISE AND SUNSET
FEBRUARY 27 2015......SUNRISE   652 AM EST   SUNSET   622 PM EST
FEBRUARY 28 2015......SUNRISE   651 AM EST   SUNSET   623 PM EST


-  INDICATES NEGATIVE NUMBERS.
R  INDICATES RECORD WAS SET OR TIED.
MM INDICATES DATA IS MISSING.
T  INDICATES TRACE AMOUNT.

&&

DAYTONA BEACH SURF TEMPERATURE 58

$$
