000
CDUS42 KMLB 210635
CLIDAB


CLIMATE REPORT
NATIONAL WEATHER SERVICE MELBOURNE FL
135 AM EST SUN DEC 21 2014


...................................

...THE DAYTONA BEACH CLIMATE SUMMARY FOR DECEMBER 20 2014...

CLIMATE NORMAL PERIOD 1981 TO 2010
CLIMATE RECORD PERIOD 1923 TO 2014


WEATHER ITEM   OBSERVED TIME   RECORD YEAR NORMAL DEPARTURE LAST
                VALUE   (LST)  VALUE       VALUE  FROM      YEAR
                                                  NORMAL
..................................................................
TEMPERATURE (F)
 YESTERDAY
  MAXIMUM         77    223 PM  83    1990  70      7       79
  MINIMUM         52   1212 AM  25    2000  50      2       51
  AVERAGE         65                        60      5       65

PRECIPITATION (IN)
  YESTERDAY        T             2.51 1983   0.10  -0.10     0.00
  MONTH TO DATE    0.24                      1.63  -1.39     0.97
  SINCE DEC 1      0.24                      1.63  -1.39     0.97
  SINCE JAN 1     61.23                     48.62  12.61    47.33

SNOWFALL (IN)
  YESTERDAY        0.0
  MONTH TO DATE    0.0
  SINCE JUL 1      0.0

DEGREE DAYS
 HEATING
  YESTERDAY        0                         7     -7        0
  MONTH TO DATE  101                       109     -8       52
  SINCE DEC 1    101                       109     -8       52
  SINCE JUL 1    230                       183     47       83

 COOLING
  YESTERDAY        0                         1     -1        0
  MONTH TO DATE   35                        36     -1       71
  SINCE DEC 1     35                        36     -1       71
  SINCE JAN 1   3017                      2948     69     3213
..................................................................


WIND (MPH)
  HIGHEST WIND SPEED    12   HIGHEST WIND DIRECTION    SW (210)
  HIGHEST GUST SPEED    15   HIGHEST GUST DIRECTION    SW (210)
  AVERAGE WIND SPEED     3.2


SKY COVER
  AVERAGE SKY COVER 0.5


WEATHER CONDITIONS
 THE FOLLOWING WEATHER WAS RECORDED YESTERDAY.
  LIGHT RAIN
  FOG


RELATIVE HUMIDITY (PERCENT)
 HIGHEST   100           800 AM
 LOWEST     54           200 PM
 AVERAGE    77

..........................................................


THE DAYTONA BEACH CLIMATE NORMALS FOR TODAY
                         NORMAL    RECORD    YEAR
 MAXIMUM TEMPERATURE (F)   69        84      1951
 MINIMUM TEMPERATURE (F)   49        27      1954


SUNRISE AND SUNSET
DECEMBER 21 2014......SUNRISE   714 AM EST   SUNSET   531 PM EST
DECEMBER 22 2014......SUNRISE   714 AM EST   SUNSET   531 PM EST


-  INDICATES NEGATIVE NUMBERS.
R  INDICATES RECORD WAS SET OR TIED.
MM INDICATES DATA IS MISSING.
T  INDICATES TRACE AMOUNT.




$$
