000
CDUS42 KMLB 290643
CLIDAB


CLIMATE REPORT
NATIONAL WEATHER SERVICE MELBOURNE FL
232 AM EDT MON MAY 29 2017


...................................

...THE DAYTONA BEACH CLIMATE SUMMARY FOR MAY 28 2017...

CLIMATE NORMAL PERIOD 1981 TO 2010
CLIMATE RECORD PERIOD 1923 TO 2017


WEATHER ITEM   OBSERVED TIME   RECORD YEAR NORMAL DEPARTURE LAST
                VALUE   (LST)  VALUE       VALUE  FROM      YEAR
                                                  NORMAL
..................................................................
TEMPERATURE (F)
 YESTERDAY
  MAXIMUM         94    502 PM  99    2000  87      7       87
  MINIMUM         63    438 AM  53    1935  69     -6       68
  AVERAGE         79                        78      1       78

PRECIPITATION (IN)
  YESTERDAY        0.00          2.70 1934   0.15  -0.15     0.00
  MONTH TO DATE    1.90                      2.64  -0.74     4.52
  SINCE MAR 1      4.19                      9.06  -4.87     8.11
  SINCE JAN 1      8.20                     14.58  -6.38    18.82

SNOWFALL (IN)
  YESTERDAY        0.0
  MONTH TO DATE    0.0
  SINCE JUL 1      0.0

DEGREE DAYS
 HEATING
  YESTERDAY        0                         0      0        0
  MONTH TO DATE    0                         0      0        0
  SINCE MAR 1     95                       125    -30       43
  SINCE JUL 1    401                       807   -406      508

 COOLING
  YESTERDAY       14                        13      1       13
  MONTH TO DATE  301                       274     27      295
  SINCE MAR 1    647                       496    151      679
  SINCE JAN 1    767                       561    206      729
..................................................................


WIND (MPH)
  HIGHEST WIND SPEED    18   HIGHEST WIND DIRECTION     W (260)
  HIGHEST GUST SPEED    29   HIGHEST GUST DIRECTION     W (270)
  AVERAGE WIND SPEED     7.7


SKY COVER
  AVERAGE SKY COVER 0.2


WEATHER CONDITIONS
 THE FOLLOWING WEATHER WAS RECORDED YESTERDAY.
  NO SIGNIFICANT WEATHER WAS OBSERVED.


RELATIVE HUMIDITY (PERCENT)
 HIGHEST   100           500 AM
 LOWEST     41           300 PM
 AVERAGE    71

..........................................................


THE DAYTONA BEACH CLIMATE NORMALS FOR TODAY
                         NORMAL    RECORD    YEAR
 MAXIMUM TEMPERATURE (F)   87        95      1990
                                             1973
                                             1924
 MINIMUM TEMPERATURE (F)   69        53      1935


SUNRISE AND SUNSET
MAY 29 2017...........SUNRISE   626 AM EDT   SUNSET   817 PM EDT
MAY 30 2017...........SUNRISE   626 AM EDT   SUNSET   818 PM EDT


-  INDICATES NEGATIVE NUMBERS.
R  INDICATES RECORD WAS SET OR TIED.
MM INDICATES DATA IS MISSING.
T  INDICATES TRACE AMOUNT.




$$
