000
CDUS42 KMLB 260635
CLIDAB


CLIMATE REPORT
NATIONAL WEATHER SERVICE MELBOURNE FL
234 AM EDT MON JUN 26 2017


...................................

...THE DAYTONA BEACH CLIMATE SUMMARY FOR JUNE 25 2017...

CLIMATE NORMAL PERIOD 1981 TO 2010
CLIMATE RECORD PERIOD 1923 TO 2017


WEATHER ITEM   OBSERVED TIME   RECORD YEAR NORMAL DEPARTURE LAST
                VALUE   (LST)  VALUE       VALUE  FROM      YEAR
                                                  NORMAL
..................................................................
TEMPERATURE (F)
 YESTERDAY
  MAXIMUM         91    346 PM  99    1944  89      2       92
  MINIMUM         77    440 AM  62    1946  72      5       78
  AVERAGE         84                        81      3       85

PRECIPITATION (IN)
  YESTERDAY        T             3.04 1992   0.20  -0.20     0.00
  MONTH TO DATE    5.05                      4.87   0.18     3.17
  SINCE JUN 1      5.05                      4.87   0.18     3.17
  SINCE JAN 1     13.28                     19.94  -6.66    23.17

SNOWFALL (IN)
  YESTERDAY        0.0
  MONTH TO DATE    0.0
  SINCE JUL 1      0.0

DEGREE DAYS
 HEATING
  YESTERDAY        0                         0      0        0
  MONTH TO DATE    0                         0      0        0
  SINCE JUN 1      0                         0      0        0
  SINCE JUL 1    401                       809   -408      508

 COOLING
  YESTERDAY       19                        16      3       20
  MONTH TO DATE  386                       368     18      414
  SINCE JUN 1    386                       368     18      414
  SINCE JAN 1   1203                       969    234     1188
..................................................................


WIND (MPH)
  HIGHEST WIND SPEED    12   HIGHEST WIND DIRECTION     N (10)
  HIGHEST GUST SPEED    15   HIGHEST GUST DIRECTION    SE (140)
  AVERAGE WIND SPEED     4.7


SKY COVER
  AVERAGE SKY COVER 0.8


WEATHER CONDITIONS
 THE FOLLOWING WEATHER WAS RECORDED YESTERDAY.
  THUNDERSTORM
  LIGHT RAIN


RELATIVE HUMIDITY (PERCENT)
 HIGHEST    91           100 AM
 LOWEST     64           100 PM
 AVERAGE    78

..........................................................


THE DAYTONA BEACH CLIMATE NORMALS FOR TODAY
                         NORMAL    RECORD    YEAR
 MAXIMUM TEMPERATURE (F)   89       101      1950
 MINIMUM TEMPERATURE (F)   72        63      1940
                                             1937


SUNRISE AND SUNSET
JUNE 26 2017..........SUNRISE   627 AM EDT   SUNSET   827 PM EDT
JUNE 27 2017..........SUNRISE   627 AM EDT   SUNSET   827 PM EDT


-  INDICATES NEGATIVE NUMBERS.
R  INDICATES RECORD WAS SET OR TIED.
MM INDICATES DATA IS MISSING.
T  INDICATES TRACE AMOUNT.




$$
