000
CDUS42 KMLB 290642
CLIDAB


CLIMATE REPORT
NATIONAL WEATHER SERVICE MELBOURNE FL
231 AM EDT SUN MAR 29 2015


...................................

...THE DAYTONA BEACH CLIMATE SUMMARY FOR MARCH 28 2015...

CLIMATE NORMAL PERIOD 1981 TO 2010
CLIMATE RECORD PERIOD 1923 TO 2015


WEATHER ITEM   OBSERVED TIME   RECORD YEAR NORMAL DEPARTURE LAST
                VALUE   (LST)  VALUE       VALUE  FROM      YEAR
                                                  NORMAL
..................................................................
TEMPERATURE (F)
 YESTERDAY
  MAXIMUM         68    515 PM  92    1994  76     -8       80
                                      1935
  MINIMUM         47    650 AM  38    2013  56     -9       65
  AVERAGE         58                        66     -8       73

PRECIPITATION (IN)
  YESTERDAY        0.00          1.93 1996   0.14  -0.14     0.03
  MONTH TO DATE    0.86                      3.84  -2.98     3.24
  SINCE MAR 1      0.86                      3.84  -2.98     3.24
  SINCE JAN 1      6.29                      9.36  -3.07     9.82

SNOWFALL (IN)
  YESTERDAY        0.0
  MONTH TO DATE    0.0
  SINCE JUL 1      0.0

DEGREE DAYS
 HEATING
  YESTERDAY        7                         2      5        0
  MONTH TO DATE   21                        90    -69       75
  SINCE MAR 1     21                        90    -69       75
  SINCE JUL 1    668                       772   -104      588

 COOLING
  YESTERDAY        0                         3     -3        8
  MONTH TO DATE  185                        69    116       53
  SINCE MAR 1    185                        69    116       53
  SINCE JAN 1    225                       134     91      137
..................................................................


WIND (MPH)
  HIGHEST WIND SPEED    18   HIGHEST WIND DIRECTION     W (250)
  HIGHEST GUST SPEED    23   HIGHEST GUST DIRECTION     W (270)
  AVERAGE WIND SPEED     7.1


SKY COVER
  AVERAGE SKY COVER 0.4


WEATHER CONDITIONS
 THE FOLLOWING WEATHER WAS RECORDED YESTERDAY.
  NO SIGNIFICANT WEATHER WAS OBSERVED.


RELATIVE HUMIDITY (PERCENT)
 HIGHEST    83           300 AM
 LOWEST     26           400 PM
 AVERAGE    55

..........................................................


THE DAYTONA BEACH CLIMATE NORMALS FOR TODAY
                         NORMAL    RECORD    YEAR
 MAXIMUM TEMPERATURE (F)   76        90      1991
                                             1970
 MINIMUM TEMPERATURE (F)   56        37      1955


SUNRISE AND SUNSET
MARCH 29 2015.........SUNRISE   718 AM EDT   SUNSET   741 PM EDT
MARCH 30 2015.........SUNRISE   717 AM EDT   SUNSET   741 PM EDT


-  INDICATES NEGATIVE NUMBERS.
R  INDICATES RECORD WAS SET OR TIED.
MM INDICATES DATA IS MISSING.
T  INDICATES TRACE AMOUNT.




$$
