000
CDUS42 KMLB 260626
CLIDAB


CLIMATE REPORT
NATIONAL WEATHER SERVICE MELBOURNE FL
226 AM EDT MON SEP 26 2016


...................................

...THE DAYTONA BEACH CLIMATE SUMMARY FOR SEPTEMBER 25 2016...

CLIMATE NORMAL PERIOD 1981 TO 2010
CLIMATE RECORD PERIOD 1923 TO 2016


WEATHER ITEM   OBSERVED TIME   RECORD YEAR NORMAL DEPARTURE LAST
                VALUE   (LST)  VALUE       VALUE  FROM      YEAR
                                                  NORMAL
..................................................................
TEMPERATURE (F)
 YESTERDAY
  MAXIMUM         88    205 PM  93    2006  86      2       85
                                      1991
                                      1988
  MINIMUM         72    256 AM  63    1996  71      1       70
                                      1947
  AVERAGE         80                        79      1       78

PRECIPITATION (IN)
  YESTERDAY        0.00          2.82 1924   0.21  -0.21      T
  MONTH TO DATE    5.65                      5.90  -0.25     4.90
  SINCE SEP 1      5.65                      5.90  -0.25     4.90
  SINCE JAN 1     33.28                     39.03  -5.75    36.19

SNOWFALL (IN)
  YESTERDAY        0.0
  MONTH TO DATE    0.0
  SINCE JUL 1      0.0

DEGREE DAYS
 HEATING
  YESTERDAY        0                         0      0        0
  MONTH TO DATE    0                         0      0        0
  SINCE SEP 1      0                         0      0        0
  SINCE JUL 1      0                         0      0        0

 COOLING
  YESTERDAY       15                        14      1       13
  MONTH TO DATE  404                       372     32      387
  SINCE SEP 1    404                       372     32      387
  SINCE JAN 1   2869                      2446    423     2881
..................................................................


WIND (MPH)
  HIGHEST WIND SPEED    16   HIGHEST WIND DIRECTION    NE (50)
  HIGHEST GUST SPEED    21   HIGHEST GUST DIRECTION    NE (50)
  AVERAGE WIND SPEED     4.8


SKY COVER
  AVERAGE SKY COVER 0.5


WEATHER CONDITIONS
 THE FOLLOWING WEATHER WAS RECORDED YESTERDAY.
  FOG


RELATIVE HUMIDITY (PERCENT)
 HIGHEST   100           200 AM
 LOWEST     63           100 PM
 AVERAGE    82

..........................................................


THE DAYTONA BEACH CLIMATE NORMALS FOR TODAY
                         NORMAL    RECORD    YEAR
 MAXIMUM TEMPERATURE (F)   86        93      1989
                                             1941
 MINIMUM TEMPERATURE (F)   71        57      1956


SUNRISE AND SUNSET
SEPTEMBER 26 2016.....SUNRISE   715 AM EDT   SUNSET   715 PM EDT
SEPTEMBER 27 2016.....SUNRISE   715 AM EDT   SUNSET   714 PM EDT


-  INDICATES NEGATIVE NUMBERS.
R  INDICATES RECORD WAS SET OR TIED.
MM INDICATES DATA IS MISSING.
T  INDICATES TRACE AMOUNT.




$$
