000
CDUS42 KMLB 270628
CLIDAB


CLIMATE REPORT
NATIONAL WEATHER SERVICE MELBOURNE FL
228 AM EDT MON JUN 27 2016


...................................

...THE DAYTONA BEACH CLIMATE SUMMARY FOR JUNE 26 2016...

CLIMATE NORMAL PERIOD 1981 TO 2010
CLIMATE RECORD PERIOD 1923 TO 2016


WEATHER ITEM   OBSERVED TIME   RECORD YEAR NORMAL DEPARTURE LAST
                VALUE   (LST)  VALUE       VALUE  FROM      YEAR
                                                  NORMAL
..................................................................
TEMPERATURE (F)
 YESTERDAY
  MAXIMUM         90    426 PM 101    1950  89      1       91
  MINIMUM         75   1159 PM  63    1940  72      3       72
                                      1937
  AVERAGE         83                        81      2       82

PRECIPITATION (IN)
  YESTERDAY        T             2.69 1963   0.20  -0.20     0.31
  MONTH TO DATE    3.17                      5.07  -1.90     5.21
  SINCE JUN 1      3.17                      5.07  -1.90     5.21
  SINCE JAN 1     23.17                     20.14   3.03    19.55

SNOWFALL (IN)
  YESTERDAY        0.0
  MONTH TO DATE    0.0
  SINCE JUL 1      0.0

DEGREE DAYS
 HEATING
  YESTERDAY        0                         0      0        0
  MONTH TO DATE    0                         0      0        0
  SINCE JUN 1      0                         0      0        0
  SINCE JUL 1    508                       809   -301      682

 COOLING
  YESTERDAY       18                        16      2       17
  MONTH TO DATE  432                       384     48      422
  SINCE JUN 1    432                       384     48      422
  SINCE JAN 1   1206                       985    221     1335
..................................................................


WIND (MPH)
  HIGHEST WIND SPEED    21   HIGHEST WIND DIRECTION    NE (60)
  HIGHEST GUST SPEED    26   HIGHEST GUST DIRECTION    NE (40)
  AVERAGE WIND SPEED     4.7


SKY COVER
  AVERAGE SKY COVER 0.6


WEATHER CONDITIONS
 THE FOLLOWING WEATHER WAS RECORDED YESTERDAY.
  THUNDERSTORM


RELATIVE HUMIDITY (PERCENT)
 HIGHEST   100           600 AM
 LOWEST     50           500 PM
 AVERAGE    75

..........................................................


THE DAYTONA BEACH CLIMATE NORMALS FOR TODAY
                         NORMAL    RECORD    YEAR
 MAXIMUM TEMPERATURE (F)   89        99      1950
 MINIMUM TEMPERATURE (F)   72        62      1940


SUNRISE AND SUNSET
JUNE 27 2016..........SUNRISE   627 AM EDT   SUNSET   827 PM EDT
JUNE 28 2016..........SUNRISE   628 AM EDT   SUNSET   827 PM EDT


-  INDICATES NEGATIVE NUMBERS.
R  INDICATES RECORD WAS SET OR TIED.
MM INDICATES DATA IS MISSING.
T  INDICATES TRACE AMOUNT.




$$
