000
CDUS42 KMLB 280651
CLIDAB


CLIMATE REPORT
NATIONAL WEATHER SERVICE MELBOURNE FL
240 AM EDT WED SEP 28 2016


...................................

...THE DAYTONA BEACH CLIMATE SUMMARY FOR SEPTEMBER 27 2016...

CLIMATE NORMAL PERIOD 1981 TO 2010
CLIMATE RECORD PERIOD 1923 TO 2016


WEATHER ITEM   OBSERVED TIME   RECORD YEAR NORMAL DEPARTURE LAST
                VALUE   (LST)  VALUE       VALUE  FROM      YEAR
                                                  NORMAL
..................................................................
TEMPERATURE (F)
 YESTERDAY
  MAXIMUM         88    129 PM  94    1939  86      2       87
  MINIMUM         70    550 AM  52    1956  71     -1       73
  AVERAGE         79                        78      1       80

PRECIPITATION (IN)
  YESTERDAY        0.98          4.06 1984   0.22   0.76     0.08
  MONTH TO DATE    6.77                      6.33   0.44     4.99
  SINCE SEP 1      6.77                      6.33   0.44     4.99
  SINCE JAN 1     34.40                     39.46  -5.06    36.28

SNOWFALL (IN)
  YESTERDAY        0.0
  MONTH TO DATE    0.0
  SINCE JUL 1      0.0

DEGREE DAYS
 HEATING
  YESTERDAY        0                         0      0        0
  MONTH TO DATE    0                         0      0        0
  SINCE SEP 1      0                         0      0        0
  SINCE JUL 1      0                         0      0        0

 COOLING
  YESTERDAY       14                        13      1       15
  MONTH TO DATE  434                       398     36      417
  SINCE SEP 1    434                       398     36      417
  SINCE JAN 1   2899                      2472    427     2911
..................................................................


WIND (MPH)
  HIGHEST WIND SPEED    15   HIGHEST WIND DIRECTION     S (160)
  HIGHEST GUST SPEED    18   HIGHEST GUST DIRECTION     S (160)
  AVERAGE WIND SPEED     5.3


SKY COVER
  AVERAGE SKY COVER 0.4


WEATHER CONDITIONS
 THE FOLLOWING WEATHER WAS RECORDED YESTERDAY.
  THUNDERSTORM
  HEAVY RAIN
  RAIN
  LIGHT RAIN
  FOG


RELATIVE HUMIDITY (PERCENT)
 HIGHEST    93          1200 AM
 LOWEST     59           100 PM
 AVERAGE    76

..........................................................


THE DAYTONA BEACH CLIMATE NORMALS FOR TODAY
                         NORMAL    RECORD    YEAR
 MAXIMUM TEMPERATURE (F)   85        92      1974
                                             1939
 MINIMUM TEMPERATURE (F)   71        62      1931


SUNRISE AND SUNSET
SEPTEMBER 28 2016.....SUNRISE   716 AM EDT   SUNSET   713 PM EDT
SEPTEMBER 29 2016.....SUNRISE   717 AM EDT   SUNSET   712 PM EDT


-  INDICATES NEGATIVE NUMBERS.
R  INDICATES RECORD WAS SET OR TIED.
MM INDICATES DATA IS MISSING.
T  INDICATES TRACE AMOUNT.




$$
