000
CDUS42 KMLB 082117
CLIDAB


CLIMATE REPORT
NATIONAL WEATHER SERVICE MELBOURNE FL
416 PM EST THU DEC 8 2016


...................................

...THE DAYTONA BEACH CLIMATE SUMMARY FOR DECEMBER 8 2016...
VALID TODAY AS OF 0400 PM LOCAL TIME.

CLIMATE NORMAL PERIOD 1981 TO 2010
CLIMATE RECORD PERIOD 1923 TO 2016


WEATHER ITEM   OBSERVED TIME   RECORD YEAR NORMAL DEPARTURE LAST
                VALUE   (LST)  VALUE       VALUE  FROM      YEAR
                                                  NORMAL
..................................................................
TEMPERATURE (F)
 TODAY
  MAXIMUM         70    219 PM  85    1978  72     -2       72
  MINIMUM         52    725 AM  28    1937  52      0       51
  AVERAGE         61                        62     -1       62

PRECIPITATION (IN)
  TODAY            0.00          1.35 2005   0.07  -0.07     0.00
  MONTH TO DATE    0.56                      0.61  -0.05     0.15
  SINCE DEC 1      0.56                      0.61  -0.05     0.15
  SINCE JAN 1     44.50                     47.60  -3.10    43.50

SNOWFALL (IN)
  TODAY            0.0
  MONTH TO DATE    0.0
  SINCE JUL 1      0.0

DEGREE DAYS
 HEATING
  TODAY            4                         5     -1        3
  MONTH TO DATE   12                        36    -24        8
  SINCE DEC 1     12                        36    -24        8
  SINCE JUL 1     49                       110    -61       20

 COOLING
  TODAY            0                         2     -2        0
  MONTH TO DATE   32                        16     16       36
  SINCE DEC 1     32                        16     16       36
  SINCE JAN 1   3411                      2928    483     3584
..................................................................


WIND (MPH)
  HIGHEST WIND SPEED    12   HIGHEST WIND DIRECTION    NW (300)
  HIGHEST GUST SPEED    14   HIGHEST GUST DIRECTION     W (290)
  AVERAGE WIND SPEED     6.0


SKY COVER
  AVERAGE SKY COVER 0.4


WEATHER CONDITIONS
 THE FOLLOWING WEATHER WAS RECORDED TODAY.
  FOG


RELATIVE HUMIDITY (PERCENT)
 HIGHEST   100           300 AM
 LOWEST     57           100 PM
 AVERAGE    79

..........................................................


THE DAYTONA BEACH CLIMATE NORMALS FOR TOMORROW
                         NORMAL    RECORD    YEAR
 MAXIMUM TEMPERATURE (F)   72        85      2009
                                             1978
 MINIMUM TEMPERATURE (F)   52        31      1984


SUNRISE AND SUNSET
DECEMBER  8 2016......SUNRISE   706 AM EST   SUNSET   526 PM EST
DECEMBER  9 2016......SUNRISE   707 AM EST   SUNSET   527 PM EST


-  INDICATES NEGATIVE NUMBERS.
R  INDICATES RECORD WAS SET OR TIED.
MM INDICATES DATA IS MISSING.
T  INDICATES TRACE AMOUNT.




$$
