700
CDUS42 KMLB 182119
CLIDAB


CLIMATE REPORT
NATIONAL WEATHER SERVICE MELBOURNE FL
418 PM EST THU JAN 18 2018


...................................

...THE DAYTONA BEACH CLIMATE SUMMARY FOR JANUARY 18 2018...
VALID TODAY AS OF 0400 PM LOCAL TIME.

CLIMATE NORMAL PERIOD 1981 TO 2010
CLIMATE RECORD PERIOD 1923 TO 2018


WEATHER ITEM   OBSERVED TIME   RECORD YEAR NORMAL DEPARTURE LAST
                VALUE   (LST)  VALUE       VALUE  FROM      YEAR
                                                  NORMAL
..................................................................
TEMPERATURE (F)
 TODAY
  MAXIMUM         47    359 PM  85    1937  68    -21       81
  MINIMUM         28    752 AM  25    1981  47    -19       56
  AVERAGE         38                        58    -20       69

PRECIPITATION (IN)
  TODAY            0.00          0.57 1994   0.08  -0.08     0.00
  MONTH TO DATE    4.87                      1.56   3.31     1.32
  SINCE DEC 1      6.06                      4.19   1.87     2.02
  SINCE JAN 1      4.87                      1.56   3.31     1.32

SNOWFALL (IN)
  TODAY            0.0
  MONTH TO DATE    0.0
  SINCE JUL 1      0.0

DEGREE DAYS
 HEATING
  TODAY           27                         8     19        0
  MONTH TO DATE  233                       144     89       64
  SINCE DEC 1    364                       336     28      143
  SINCE JUL 1    398                       410    -12      180

 COOLING
  TODAY            0                         1     -1        4
  MONTH TO DATE   14                        18     -4       37
  SINCE DEC 1     83                        69     14      145
  SINCE JAN 1     14                        18     -4       37
..................................................................


WIND (MPH)
  HIGHEST WIND SPEED    17   HIGHEST WIND DIRECTION     N (20)
  HIGHEST GUST SPEED    23   HIGHEST GUST DIRECTION     N (10)
  AVERAGE WIND SPEED    10.5


SKY COVER
  AVERAGE SKY COVER 0.1


WEATHER CONDITIONS
 THE FOLLOWING WEATHER WAS RECORDED TODAY.
  NO SIGNIFICANT WEATHER WAS OBSERVED.


RELATIVE HUMIDITY (PERCENT)
 HIGHEST    69           700 AM
 LOWEST     49           300 PM
 AVERAGE    59

..........................................................


THE DAYTONA BEACH CLIMATE NORMALS FOR TOMORROW
                         NORMAL    RECORD    YEAR
 MAXIMUM TEMPERATURE (F)   68        85      1943
 MINIMUM TEMPERATURE (F)   47        25      1997
                                             1977


SUNRISE AND SUNSET
JANUARY 18 2018.......SUNRISE   719 AM EST   SUNSET   551 PM EST
JANUARY 19 2018.......SUNRISE   718 AM EST   SUNSET   552 PM EST


-  INDICATES NEGATIVE NUMBERS.
R  INDICATES RECORD WAS SET OR TIED.
MM INDICATES DATA IS MISSING.
T  INDICATES TRACE AMOUNT.




$$
