000
CDUS42 KMLB 210628
CLIDAB


CLIMATE REPORT
NATIONAL WEATHER SERVICE MELBOURNE FL
128 AM EST TUE FEB 21 2017


...................................

...THE DAYTONA BEACH CLIMATE SUMMARY FOR FEBRUARY 20 2017...

CLIMATE NORMAL PERIOD 1981 TO 2010
CLIMATE RECORD PERIOD 1923 TO 2017


WEATHER ITEM   OBSERVED TIME   RECORD YEAR NORMAL DEPARTURE LAST
                VALUE   (LST)  VALUE       VALUE  FROM      YEAR
                                                  NORMAL
..................................................................
TEMPERATURE (F)
 YESTERDAY
  MAXIMUM         79    134 PM  85    1988  71      8       74
  MINIMUM         54    640 AM  29    1958  51      3       54
  AVERAGE         67                        61      6       64

PRECIPITATION (IN)
  YESTERDAY        0.00          0.74 1957   0.09  -0.09     0.00
  MONTH TO DATE    0.57                      1.93  -1.36     3.08
  SINCE DEC 1      3.25                      7.30  -4.05    10.70
  SINCE JAN 1      2.55                      4.67  -2.12    10.13

SNOWFALL (IN)
  YESTERDAY        0.0
  MONTH TO DATE    0.0
  SINCE JUL 1      0.0

DEGREE DAYS
 HEATING
  YESTERDAY        0                         5     -5        1
  MONTH TO DATE   50                       126    -76      139
  SINCE DEC 1    264                       569   -305      407
  SINCE JUL 1    301                       643   -342      419

 COOLING
  YESTERDAY        2                         1      1        0
  MONTH TO DATE   26                        20      6       21
  SINCE DEC 1    201                       100    101      243
  SINCE JAN 1     93                        49     44       34
..................................................................


WIND (MPH)
  HIGHEST WIND SPEED    12   HIGHEST WIND DIRECTION    NE (50)
  HIGHEST GUST SPEED    MM   HIGHEST GUST DIRECTION    MM
  AVERAGE WIND SPEED     4.0


SKY COVER
  AVERAGE SKY COVER 0.2


WEATHER CONDITIONS
 THE FOLLOWING WEATHER WAS RECORDED YESTERDAY.
  FOG


RELATIVE HUMIDITY (PERCENT)
 HIGHEST   100          1200 AM
 LOWEST     54          1100 AM
 AVERAGE    77

..........................................................


THE DAYTONA BEACH CLIMATE NORMALS FOR TODAY
                         NORMAL    RECORD    YEAR
 MAXIMUM TEMPERATURE (F)   71        87      1989
                                             1953
 MINIMUM TEMPERATURE (F)   51        32      1977
                                             1972


SUNRISE AND SUNSET
FEBRUARY 21 2017......SUNRISE   657 AM EST   SUNSET   618 PM EST
FEBRUARY 22 2017......SUNRISE   656 AM EST   SUNSET   619 PM EST


-  INDICATES NEGATIVE NUMBERS.
R  INDICATES RECORD WAS SET OR TIED.
MM INDICATES DATA IS MISSING.
T  INDICATES TRACE AMOUNT.




$$
