000
CDUS42 KMLB 060627
CLIDAB


CLIMATE REPORT
NATIONAL WEATHER SERVICE MELBOURNE FL
126 AM EST FRI MAR 6 2015


...................................

...THE DAYTONA BEACH CLIMATE SUMMARY FOR MARCH 5 2015...

CLIMATE NORMAL PERIOD 1981 TO 2010
CLIMATE RECORD PERIOD 1923 TO 2015


WEATHER ITEM   OBSERVED TIME   RECORD YEAR NORMAL DEPARTURE LAST
                VALUE   (LST)  VALUE       VALUE  FROM      YEAR
                                                  NORMAL
..................................................................
TEMPERATURE (F)
 YESTERDAY
  MAXIMUM         87R   417 PM  87    1985  73     14       65
  MINIMUM         64    613 AM  36    2002  53     11       56
                                      1968
                                      1930
  AVERAGE         76                        63     13       61

PRECIPITATION (IN)
  YESTERDAY        0.00          2.05 1979   0.13  -0.13     0.01
  MONTH TO DATE    T                         0.64  -0.64     0.01
  SINCE MAR 1      T                         0.64  -0.64     0.01
  SINCE JAN 1      5.43                      6.16  -0.73     6.59

SNOWFALL (IN)
  YESTERDAY        0.0
  MONTH TO DATE    0.0
  SINCE JUL 1      0.0

DEGREE DAYS
 HEATING
  YESTERDAY        0                         4     -4        4
  MONTH TO DATE    0                        21    -21       10
  SINCE MAR 1      0                        21    -21       10
  SINCE JUL 1    647                       703    -56      523

 COOLING
  YESTERDAY       11                         2      9        0
  MONTH TO DATE   34                        10     24        6
  SINCE MAR 1     34                        10     24        6
  SINCE JAN 1     74                        75     -1       90
..................................................................


WIND (MPH)
  HIGHEST WIND SPEED    21   HIGHEST WIND DIRECTION    SW (210)
  HIGHEST GUST SPEED    28   HIGHEST GUST DIRECTION    SW (220)
  AVERAGE WIND SPEED     8.1


SKY COVER
  AVERAGE SKY COVER 0.3


WEATHER CONDITIONS
 THE FOLLOWING WEATHER WAS RECORDED YESTERDAY.
  FOG


RELATIVE HUMIDITY (PERCENT)
 HIGHEST   100           500 AM
 LOWEST     45           300 PM
 AVERAGE    73

..........................................................


THE DAYTONA BEACH CLIMATE NORMALS FOR TODAY
                         NORMAL    RECORD    YEAR
 MAXIMUM TEMPERATURE (F)   73        90      1945
                                             1939
 MINIMUM TEMPERATURE (F)   53        32      1962
                                             1960


SUNRISE AND SUNSET
MARCH  6 2015.........SUNRISE   644 AM EST   SUNSET   627 PM EST
MARCH  7 2015.........SUNRISE   643 AM EST   SUNSET   628 PM EST


-  INDICATES NEGATIVE NUMBERS.
R  INDICATES RECORD WAS SET OR TIED.
MM INDICATES DATA IS MISSING.
T  INDICATES TRACE AMOUNT.


&&

DAYTONA BEACH SURF TEMPERATURE 60 DEGREES.

$$
