000
CDUS42 KMLB 230629
CLIDAB


CLIMATE REPORT
NATIONAL WEATHER SERVICE MELBOURNE FL
229 AM EDT THU OCT 23 2014


...................................

...THE DAYTONA BEACH CLIMATE SUMMARY FOR OCTOBER 22 2014...

CLIMATE NORMAL PERIOD 1981 TO 2010
CLIMATE RECORD PERIOD 1923 TO 2014


WEATHER ITEM   OBSERVED TIME   RECORD YEAR NORMAL DEPARTURE LAST
                VALUE   (LST)  VALUE       VALUE  FROM      YEAR
                                                  NORMAL
..................................................................
TEMPERATURE (F)
 YESTERDAY
  MAXIMUM         81   1150 AM  92    2006  81      0       90
  MINIMUM         64    717 AM  44    1989  64      0       73
  AVERAGE         73                        72      1       82

PRECIPITATION (IN)
  YESTERDAY        0.00          3.78 1941   0.11  -0.11      T
  MONTH TO DATE    0.57                      3.31  -2.74     1.99
  SINCE SEP 1     18.72                     10.27   8.45     7.76
  SINCE JAN 1     51.89                     43.40   8.49    42.98

SNOWFALL (IN)
  YESTERDAY        0.0
  MONTH TO DATE    0.0
  SINCE JUL 1      0.0

DEGREE DAYS
 HEATING
  YESTERDAY        0                         0      0        0
  MONTH TO DATE    0                         0      0        0
  SINCE SEP 1      0                         0      0        0
  SINCE JUL 1      0                         0      0        0

 COOLING
  YESTERDAY        8                         8      0       17
  MONTH TO DATE  222                       225     -3      259
  SINCE SEP 1    676                       661     15      721
  SINCE JAN 1   2868                      2735    133     2917
..................................................................


WIND (MPH)
  HIGHEST WIND SPEED    20   HIGHEST WIND DIRECTION    NE (40)
  HIGHEST GUST SPEED    25   HIGHEST GUST DIRECTION    NE (30)
  AVERAGE WIND SPEED     8.3


SKY COVER
  AVERAGE SKY COVER 0.2


WEATHER CONDITIONS
 THE FOLLOWING WEATHER WAS RECORDED YESTERDAY.
  FOG


RELATIVE HUMIDITY (PERCENT)
 HIGHEST   100           300 AM
 LOWEST     51          1200 PM
 AVERAGE    76

..........................................................


THE DAYTONA BEACH CLIMATE NORMALS FOR TODAY
                         NORMAL    RECORD    YEAR
 MAXIMUM TEMPERATURE (F)   81        90      2007
 MINIMUM TEMPERATURE (F)   64        48      1937


SUNRISE AND SUNSET
OCTOBER 23 2014.......SUNRISE   731 AM EDT   SUNSET   646 PM EDT
OCTOBER 24 2014.......SUNRISE   731 AM EDT   SUNSET   645 PM EDT


-  INDICATES NEGATIVE NUMBERS.
R  INDICATES RECORD WAS SET OR TIED.
MM INDICATES DATA IS MISSING.
T  INDICATES TRACE AMOUNT.




$$
