000
CDUS42 KMLB 092137
CLIDAB


CLIMATE REPORT
NATIONAL WEATHER SERVICE MELBOURNE FL
436 PM EST TUE FEB 9 2016


...................................

...THE DAYTONA BEACH CLIMATE SUMMARY FOR FEBRUARY 9 2016...
VALID TODAY AS OF 0400 PM LOCAL TIME.

CLIMATE NORMAL PERIOD 1981 TO 2010
CLIMATE RECORD PERIOD 1923 TO 2016


WEATHER ITEM   OBSERVED TIME   RECORD YEAR NORMAL DEPARTURE LAST
                VALUE   (LST)  VALUE       VALUE  FROM      YEAR
                                                  NORMAL
..................................................................
TEMPERATURE (F)
 TODAY
  MAXIMUM         59    342 PM  85    1949  70    -11       71
                                      1937
  MINIMUM         46    755 AM  27    1995  49     -3       51
  AVERAGE         53                        60     -7       61

PRECIPITATION (IN)
  TODAY            T             1.60 1978   0.09  -0.09     0.35
  MONTH TO DATE    2.85                      0.86   1.99     1.00
  SINCE DEC 1     10.47                      6.23   4.24     6.38
  SINCE JAN 1      9.90                      3.60   6.30     3.55

SNOWFALL (IN)
  TODAY            0.0
  MONTH TO DATE    0.0
  SINCE JUL 1      0.0

DEGREE DAYS
 HEATING
  TODAY           12                         7      5        4
  MONTH TO DATE   61                        63     -2       53
  SINCE DEC 1    329                       506   -177      366
  SINCE JUL 1    341                       580   -239      495

 COOLING
  TODAY            0                         1     -1        0
  MONTH TO DATE   21                         9     12        0
  SINCE DEC 1    243                        89    154      114
  SINCE JAN 1     34                        38     -4       31
..................................................................


WIND (MPH)
  HIGHEST WIND SPEED    35   HIGHEST WIND DIRECTION    SW (240)
  HIGHEST GUST SPEED    44   HIGHEST GUST DIRECTION     W (270)
  AVERAGE WIND SPEED    16.3


SKY COVER
  AVERAGE SKY COVER 0.5


WEATHER CONDITIONS
 THE FOLLOWING WEATHER WAS RECORDED TODAY.
  LIGHT RAIN


RELATIVE HUMIDITY (PERCENT)
 HIGHEST    55           200 AM
 LOWEST     32          1200 PM
 AVERAGE    44

..........................................................


THE DAYTONA BEACH CLIMATE NORMALS FOR TOMORROW
                         NORMAL    RECORD    YEAR
 MAXIMUM TEMPERATURE (F)   70        86      1939
 MINIMUM TEMPERATURE (F)   50        27      1947


SUNRISE AND SUNSET
FEBRUARY  9 2016......SUNRISE   708 AM EST   SUNSET   609 PM EST
FEBRUARY 10 2016......SUNRISE   707 AM EST   SUNSET   610 PM EST


-  INDICATES NEGATIVE NUMBERS.
R  INDICATES RECORD WAS SET OR TIED.
MM INDICATES DATA IS MISSING.
T  INDICATES TRACE AMOUNT.

&&

DAYTONA BEACH SURF TEMPERATURE 56 DEGREES.

$$
