000
CDUS42 KMLB 010635
CLIDAB


CLIMATE REPORT
NATIONAL WEATHER SERVICE MELBOURNE FL
235 AM EDT SAT NOV 1 2014


...................................

...THE DAYTONA BEACH CLIMATE SUMMARY FOR OCTOBER 31 2014...

CLIMATE NORMAL PERIOD 1981 TO 2010
CLIMATE RECORD PERIOD 1923 TO 2014


WEATHER ITEM   OBSERVED TIME   RECORD YEAR NORMAL DEPARTURE LAST
                VALUE   (LST)  VALUE       VALUE  FROM      YEAR
                                                  NORMAL
..................................................................
TEMPERATURE (F)
 YESTERDAY
  MAXIMUM         78    159 PM  89    1994  79     -1       84
  MINIMUM         56   1159 PM  41    1993  61     -5       67
                                      1954
  AVERAGE         67                        70     -3       76

PRECIPITATION (IN)
  YESTERDAY        T             2.37 1997   0.09  -0.09     0.10
  MONTH TO DATE    0.58                      4.21  -3.63     2.26
  SINCE SEP 1     18.73                     11.17   7.56     8.03
  SINCE JAN 1     51.90                     44.30   7.60    43.25

SNOWFALL (IN)
  YESTERDAY        0.0
  MONTH TO DATE    0.0
  SINCE JUL 1      0.0

DEGREE DAYS
 HEATING
  YESTERDAY        0                         1     -1        0
  MONTH TO DATE    0                         7     -7        1
  SINCE SEP 1      0                         8     -8        1
  SINCE JUL 1      0                         8     -8        1

 COOLING
  YESTERDAY        2                         6     -4       11
  MONTH TO DATE  262                       286    -24      302
  SINCE SEP 1    716                       722     -6      764
  SINCE JAN 1   2908                      2796    112     2960
..................................................................


WIND (MPH)
  HIGHEST WIND SPEED    15   HIGHEST WIND DIRECTION    NW (310)
  HIGHEST GUST SPEED    20   HIGHEST GUST DIRECTION     W (280)
  AVERAGE WIND SPEED     6.4


SKY COVER
  AVERAGE SKY COVER 0.4


WEATHER CONDITIONS
 THE FOLLOWING WEATHER WAS RECORDED YESTERDAY.
  LIGHT RAIN


RELATIVE HUMIDITY (PERCENT)
 HIGHEST   100           500 AM
 LOWEST     43           100 PM
 AVERAGE    72

..........................................................


THE DAYTONA BEACH CLIMATE NORMALS FOR TODAY
                         NORMAL    RECORD    YEAR
 MAXIMUM TEMPERATURE (F)   79        89      2013
 MINIMUM TEMPERATURE (F)   61        35      1993


SUNRISE AND SUNSET
NOVEMBER  1 2014......SUNRISE   737 AM EDT   SUNSET   638 PM EDT
NOVEMBER  2 2014......SUNRISE   638 AM EST   SUNSET   537 PM EST


-  INDICATES NEGATIVE NUMBERS.
R  INDICATES RECORD WAS SET OR TIED.
MM INDICATES DATA IS MISSING.
T  INDICATES TRACE AMOUNT.




$$
