000
CDUS42 KMLB 280626
CLIDAB


CLIMATE REPORT
NATIONAL WEATHER SERVICE MELBOURNE FL
226 AM EDT SAT MAY 28 2016


...................................

...THE DAYTONA BEACH CLIMATE SUMMARY FOR MAY 27 2016...

CLIMATE NORMAL PERIOD 1981 TO 2010
CLIMATE RECORD PERIOD 1923 TO 2016


WEATHER ITEM   OBSERVED TIME   RECORD YEAR NORMAL DEPARTURE LAST
                VALUE   (LST)  VALUE       VALUE  FROM      YEAR
                                                  NORMAL
..................................................................
TEMPERATURE (F)
 YESTERDAY
  MAXIMUM         84    159 PM  97    1967  87     -3       85
  MINIMUM         72    539 AM  53    1935  68      4       74
  AVERAGE         78                        78      0       80

PRECIPITATION (IN)
  YESTERDAY        T             1.90 1923   0.14  -0.14     0.00
  MONTH TO DATE    4.52                      2.49   2.03     2.60
  SINCE MAR 1      8.11                      8.91  -0.80     8.89
  SINCE JAN 1     18.82                     14.43   4.39    14.32

SNOWFALL (IN)
  YESTERDAY        0.0
  MONTH TO DATE    0.0
  SINCE JUL 1      0.0

DEGREE DAYS
 HEATING
  YESTERDAY        0                         0      0        0
  MONTH TO DATE    0                         0      0        0
  SINCE MAR 1     43                       125    -82       35
  SINCE JUL 1    508                       807   -299      682

 COOLING
  YESTERDAY       13                        12      1       15
  MONTH TO DATE  282                       261     21      316
  SINCE MAR 1    666                       483    183      821
  SINCE JAN 1    716                       548    168      861
..................................................................


WIND (MPH)
  HIGHEST WIND SPEED    18   HIGHEST WIND DIRECTION    NE (60)
  HIGHEST GUST SPEED    24   HIGHEST GUST DIRECTION     E (80)
  AVERAGE WIND SPEED    10.1


SKY COVER
  AVERAGE SKY COVER 0.4


WEATHER CONDITIONS
 THE FOLLOWING WEATHER WAS RECORDED YESTERDAY.
  LIGHT RAIN


RELATIVE HUMIDITY (PERCENT)
 HIGHEST    82          1100 PM
 LOWEST     58          1200 PM
 AVERAGE    70

..........................................................


THE DAYTONA BEACH CLIMATE NORMALS FOR TODAY
                         NORMAL    RECORD    YEAR
 MAXIMUM TEMPERATURE (F)   87        99      2000
 MINIMUM TEMPERATURE (F)   69        53      1935


SUNRISE AND SUNSET
MAY 28 2016...........SUNRISE   626 AM EDT   SUNSET   817 PM EDT
MAY 29 2016...........SUNRISE   626 AM EDT   SUNSET   818 PM EDT


-  INDICATES NEGATIVE NUMBERS.
R  INDICATES RECORD WAS SET OR TIED.
MM INDICATES DATA IS MISSING.
T  INDICATES TRACE AMOUNT.




$$
