000
CDUS42 KMLB 302043
CLIDAB


CLIMATE REPORT
NATIONAL WEATHER SERVICE MELBOURNE FL
442 PM EDT TUE JUN 30 2015


...................................

...THE DAYTONA BEACH CLIMATE SUMMARY FOR JUNE 30 2015...
VALID TODAY AS OF 0400 PM LOCAL TIME.

CLIMATE NORMAL PERIOD 1981 TO 2010
CLIMATE RECORD PERIOD 1923 TO 2015


WEATHER ITEM   OBSERVED TIME   RECORD YEAR NORMAL DEPARTURE LAST
                VALUE   (LST)  VALUE       VALUE  FROM      YEAR
                                                  NORMAL
..................................................................
TEMPERATURE (F)
 TODAY
  MAXIMUM         92    137 PM 100    1998  89      3       89
  MINIMUM         74    344 AM  65    1981  73      1       75
  AVERAGE         83                        81      2       82

PRECIPITATION (IN)
  TODAY            0.00          6.08 1966   0.19  -0.19     0.00
  MONTH TO DATE    5.39                      5.83  -0.44     3.75
  SINCE JUN 1      5.39                      5.83  -0.44     3.75
  SINCE JAN 1     19.73                     20.90  -1.17    23.50

SNOWFALL (IN)
  TODAY            0.0
  MONTH TO DATE    0.0
  SINCE JUL 1      0.0

DEGREE DAYS
 HEATING
  TODAY            0                         0      0        0
  MONTH TO DATE    0                         0      0        0
  SINCE JUN 1      0                         0      0        0
  SINCE JUL 1    682                       809   -127      602

 COOLING
  TODAY           18                        16      2       17
  MONTH TO DATE  496                       447     49      448
  SINCE JUN 1    496                       447     49      448
  SINCE JAN 1   1409                      1048    361     1114
..................................................................


WIND (MPH)
  HIGHEST WIND SPEED    20   HIGHEST WIND DIRECTION     W (260)
  HIGHEST GUST SPEED    24   HIGHEST GUST DIRECTION     W (260)
  AVERAGE WIND SPEED     8.9


SKY COVER
  AVERAGE SKY COVER 0.8


WEATHER CONDITIONS
 THE FOLLOWING WEATHER WAS RECORDED TODAY.
  NO SIGNIFICANT WEATHER WAS OBSERVED.


RELATIVE HUMIDITY (PERCENT)
 HIGHEST   100           200 AM
 LOWEST     49           300 PM
 AVERAGE    75

..........................................................


THE DAYTONA BEACH CLIMATE NORMALS FOR TOMORROW
                         NORMAL    RECORD    YEAR
 MAXIMUM TEMPERATURE (F)   89       100      1998
 MINIMUM TEMPERATURE (F)   73        60      1981


SUNRISE AND SUNSET
JUNE 30 2015..........SUNRISE   628 AM EDT   SUNSET   827 PM EDT
JULY  1 2015..........SUNRISE   629 AM EDT   SUNSET   827 PM EDT


-  INDICATES NEGATIVE NUMBERS.
R  INDICATES RECORD WAS SET OR TIED.
MM INDICATES DATA IS MISSING.
T  INDICATES TRACE AMOUNT.

&&

DAYTONA BEACH SURF TEMPERATURE 77 DEGREES.

$$
