000
CDUS42 KMLB 170631
CLIDAB


CLIMATE REPORT
NATIONAL WEATHER SERVICE MELBOURNE FL
131 AM EST FRI NOV 17 2017


...................................

...THE DAYTONA BEACH CLIMATE SUMMARY FOR NOVEMBER 16 2017...

CLIMATE NORMAL PERIOD 1981 TO 2010
CLIMATE RECORD PERIOD 1923 TO 2017


WEATHER ITEM   OBSERVED TIME   RECORD YEAR NORMAL DEPARTURE LAST
                VALUE   (LST)  VALUE       VALUE  FROM      YEAR
                                                  NORMAL
..................................................................
TEMPERATURE (F)
 YESTERDAY
  MAXIMUM         70    138 PM  87    1957  76     -6       76
  MINIMUM         57   1159 PM  26    1940  57      0       50
  AVERAGE         64                        67     -3       63

PRECIPITATION (IN)
  YESTERDAY        0.00          8.99 1994   0.09  -0.09     0.00
  MONTH TO DATE    0.17                      1.53  -1.36     0.10
  SINCE SEP 1     17.64                     12.70   4.94    16.31
  SINCE JAN 1     47.31                     45.83   1.48    43.94

SNOWFALL (IN)
  YESTERDAY        0.0
  MONTH TO DATE    0.0
  SINCE JUL 1      0.0

DEGREE DAYS
 HEATING
  YESTERDAY        1                         2     -1        2
  MONTH TO DATE    1                        23    -22        8
  SINCE SEP 1     23                        31     -8        9
  SINCE JUL 1     23                        31     -8        9

 COOLING
  YESTERDAY        0                         4     -4        0
  MONTH TO DATE  105                        74     31       73
  SINCE SEP 1    949                       796    153      880
  SINCE JAN 1   3376                      2870    506     3345
..................................................................


WIND (MPH)
  HIGHEST WIND SPEED    18   HIGHEST WIND DIRECTION     N (20)
  HIGHEST GUST SPEED    25   HIGHEST GUST DIRECTION     N (20)
  AVERAGE WIND SPEED     8.8


SKY COVER
  AVERAGE SKY COVER 0.5


WEATHER CONDITIONS
 THE FOLLOWING WEATHER WAS RECORDED YESTERDAY.
  NO SIGNIFICANT WEATHER WAS OBSERVED.


RELATIVE HUMIDITY (PERCENT)
 HIGHEST    93          1100 PM
 LOWEST     57           100 PM
 AVERAGE    75

..........................................................


THE DAYTONA BEACH CLIMATE NORMALS FOR TODAY
                         NORMAL    RECORD    YEAR
 MAXIMUM TEMPERATURE (F)   76        88      1988
 MINIMUM TEMPERATURE (F)   57        25      1940


SUNRISE AND SUNSET
NOVEMBER 17 2017......SUNRISE   650 AM EST   SUNSET   529 PM EST
NOVEMBER 18 2017......SUNRISE   650 AM EST   SUNSET   528 PM EST


-  INDICATES NEGATIVE NUMBERS.
R  INDICATES RECORD WAS SET OR TIED.
MM INDICATES DATA IS MISSING.
T  INDICATES TRACE AMOUNT.




$$
