000
CDUS42 KMLB 020629
CLIDAB


CLIMATE REPORT
NATIONAL WEATHER SERVICE MELBOURNE FL
227 AM EDT SUN AUG 2 2015


...................................

...THE DAYTONA BEACH CLIMATE SUMMARY FOR AUGUST 1 2015...

CLIMATE NORMAL PERIOD 1981 TO 2010
CLIMATE RECORD PERIOD 1923 TO 2015


WEATHER ITEM   OBSERVED TIME   RECORD YEAR NORMAL DEPARTURE LAST
                VALUE   (LST)  VALUE       VALUE  FROM      YEAR
                                                  NORMAL
..................................................................
TEMPERATURE (F)
 YESTERDAY
  MAXIMUM         91   1220 PM  99    1999  91      0       91
  MINIMUM         74   1159 PM  68    1938  73      1       77
  AVERAGE         83                        82      1       84

PRECIPITATION (IN)
  YESTERDAY        1.21          1.84 2011   0.19   1.02     0.03
  MONTH TO DATE    1.21                      0.19   1.02     0.03
  SINCE JUN 1     10.64                     11.85  -1.21    11.21
  SINCE JAN 1     24.98                     26.92  -1.94    30.96

SNOWFALL (IN)
  YESTERDAY        0.0
  MONTH TO DATE    0.0
  SINCE JUL 1      0.0

DEGREE DAYS
 HEATING
  YESTERDAY        0                         0      0        0
  MONTH TO DATE    0                         0      0        0
  SINCE JUN 1      0                         0      0        0
  SINCE JUL 1      0                         0      0        0

 COOLING
  YESTERDAY       18                        17      1       19
  MONTH TO DATE   18                        17      1       19
  SINCE JUN 1   1063                       979     84      981
  SINCE JAN 1   1976                      1580    396     1647
..................................................................


WIND (MPH)
  HIGHEST WIND SPEED    29   HIGHEST WIND DIRECTION    SW (240)
  HIGHEST GUST SPEED    39   HIGHEST GUST DIRECTION    SW (240)
  AVERAGE WIND SPEED     8.6


SKY COVER
  AVERAGE SKY COVER 0.9


WEATHER CONDITIONS
 THE FOLLOWING WEATHER WAS RECORDED YESTERDAY.
  THUNDERSTORM
  HEAVY RAIN
  RAIN
  LIGHT RAIN
  FOG
  HAZE


RELATIVE HUMIDITY (PERCENT)
 HIGHEST    94          1200 AM
 LOWEST     56          1200 PM
 AVERAGE    75

..........................................................


THE DAYTONA BEACH CLIMATE NORMALS FOR TODAY
                         NORMAL    RECORD    YEAR
 MAXIMUM TEMPERATURE (F)   91       100      1999
 MINIMUM TEMPERATURE (F)   73        69      1952
                                             1940
                                             1939


SUNRISE AND SUNSET
AUGUST  2 2015........SUNRISE   645 AM EDT   SUNSET   815 PM EDT
AUGUST  3 2015........SUNRISE   646 AM EDT   SUNSET   815 PM EDT


-  INDICATES NEGATIVE NUMBERS.
R  INDICATES RECORD WAS SET OR TIED.
MM INDICATES DATA IS MISSING.
T  INDICATES TRACE AMOUNT.




$$
