000
CDUS42 KMLB 210633
CLIDAB


CLIMATE REPORT
NATIONAL WEATHER SERVICE MELBOURNE
232 AM EDT MON APR 21 2014


...................................

...THE DAYTONA BEACH CLIMATE SUMMARY FOR APRIL 20 2014...

CLIMATE NORMAL PERIOD 1981 TO 2010
CLIMATE RECORD PERIOD 1923 TO 2014


WEATHER ITEM   OBSERVED TIME   RECORD YEAR NORMAL DEPARTURE LAST
                VALUE   (LST)  VALUE       VALUE  FROM      YEAR
                                                  NORMAL
..................................................................
TEMPERATURE (F)
 YESTERDAY
  MAXIMUM         69    333 PM  95    1968  80    -11       72
  MINIMUM         61   1159 PM  42    1936  59      2       57
  AVERAGE         65                        70     -5       65

PRECIPITATION (IN)
  YESTERDAY        T             1.84 1954   0.07  -0.07     0.03
  MONTH TO DATE    2.23                      1.60   0.63     1.57
  SINCE MAR 1      6.95                      5.84   1.11     2.39
  SINCE JAN 1     13.53                     11.36   2.17     4.27

SNOWFALL (IN)
  YESTERDAY        0.0
  MONTH TO DATE    0.0
  SINCE JUL 1      0.0

DEGREE DAYS
 HEATING
  YESTERDAY        0                         1     -1        0
  MONTH TO DATE    9                        23    -14        2
  SINCE MAR 1     89                       120    -31      228
  SINCE JUL 1    602                       802   -200      694

 COOLING
  YESTERDAY        0                         5     -5        0
  MONTH TO DATE  100                        84     16      134
  SINCE MAR 1    159                       161     -2      171
  SINCE JAN 1    243                       226     17      304
..................................................................


WIND (MPH)
  HIGHEST WIND SPEED    20   HIGHEST WIND DIRECTION     N (20)
  HIGHEST GUST SPEED    27   HIGHEST GUST DIRECTION     N (20)
  AVERAGE WIND SPEED    12.6


SKY COVER
  AVERAGE SKY COVER 0.8


WEATHER CONDITIONS
 THE FOLLOWING WEATHER WAS RECORDED YESTERDAY.
  LIGHT RAIN


RELATIVE HUMIDITY (PERCENT)
 HIGHEST    93           200 AM
 LOWEST     63           200 PM
 AVERAGE    78

..........................................................


THE DAYTONA BEACH CLIMATE NORMALS FOR TODAY
                         NORMAL    RECORD    YEAR
 MAXIMUM TEMPERATURE (F)   80        89      2002
                                             1995
                                             1970
 MINIMUM TEMPERATURE (F)   59        44      1953


SUNRISE AND SUNSET
APRIL 21 2014.........SUNRISE   652 AM EDT   SUNSET   754 PM EDT
APRIL 22 2014.........SUNRISE   651 AM EDT   SUNSET   755 PM EDT


-  INDICATES NEGATIVE NUMBERS.
R  INDICATES RECORD WAS SET OR TIED.
MM INDICATES DATA IS MISSING.
T  INDICATES TRACE AMOUNT.




$$
