000
CDUS42 KMLB 240636
CLIDAB


CLIMATE REPORT
NATIONAL WEATHER SERVICE MELBOURNE FL
234 AM EDT MON JUL 24 2017


...................................

...THE DAYTONA BEACH CLIMATE SUMMARY FOR JULY 23 2017...

CLIMATE NORMAL PERIOD 1981 TO 2010
CLIMATE RECORD PERIOD 1923 TO 2017


WEATHER ITEM   OBSERVED TIME   RECORD YEAR NORMAL DEPARTURE LAST
                VALUE   (LST)  VALUE       VALUE  FROM      YEAR
                                                  NORMAL
..................................................................
TEMPERATURE (F)
 YESTERDAY
  MAXIMUM         86   1041 AM  98    1932  91     -5       93
  MINIMUM         75    120 PM  65    1965  73      2       73
  AVERAGE         81                        82     -1       83

PRECIPITATION (IN)
  YESTERDAY        0.04          1.80 1943   0.17  -0.13     0.00
  MONTH TO DATE    4.74                      4.29   0.45     0.71
  SINCE JUN 1     13.96                     10.12   3.84     4.28
  SINCE JAN 1     22.19                     25.19  -3.00    24.28

SNOWFALL (IN)
  YESTERDAY        0.0
  MONTH TO DATE    0.0
  SINCE JUL 1      0.0

DEGREE DAYS
 HEATING
  YESTERDAY        0                         0      0        0
  MONTH TO DATE    0                         0      0        0
  SINCE JUN 1      0                         0      0        0
  SINCE JUL 1      0                         0      0        0

 COOLING
  YESTERDAY       16                        17     -1       18
  MONTH TO DATE  407                       380     27      444
  SINCE JUN 1    880                       827     53      945
  SINCE JAN 1   1697                      1428    269     1719
..................................................................


WIND (MPH)
  HIGHEST WIND SPEED    18   HIGHEST WIND DIRECTION    NW (300)
  HIGHEST GUST SPEED    23   HIGHEST GUST DIRECTION     W (290)
  AVERAGE WIND SPEED     5.8


SKY COVER
  AVERAGE SKY COVER 0.7


WEATHER CONDITIONS
 THE FOLLOWING WEATHER WAS RECORDED YESTERDAY.
  THUNDERSTORM
  LIGHT RAIN
  FOG


RELATIVE HUMIDITY (PERCENT)
 HIGHEST   100          1200 AM
 LOWEST     70          1100 AM
 AVERAGE    85

..........................................................


THE DAYTONA BEACH CLIMATE NORMALS FOR TODAY
                         NORMAL    RECORD    YEAR
 MAXIMUM TEMPERATURE (F)   91       100      1932
 MINIMUM TEMPERATURE (F)   73        68      1939
                                             1937


SUNRISE AND SUNSET
JULY 24 2017..........SUNRISE   640 AM EDT   SUNSET   821 PM EDT
JULY 25 2017..........SUNRISE   641 AM EDT   SUNSET   820 PM EDT


-  INDICATES NEGATIVE NUMBERS.
R  INDICATES RECORD WAS SET OR TIED.
MM INDICATES DATA IS MISSING.
T  INDICATES TRACE AMOUNT.




$$
