477
CDUS42 KMLB 200636
CLIDAB


CLIMATE REPORT
NATIONAL WEATHER SERVICE MELBOURNE FL
231 AM EDT WED JUL 20 2016


...................................

...THE DAYTONA BEACH CLIMATE SUMMARY FOR JULY 19 2016...

CLIMATE NORMAL PERIOD 1981 TO 2010
CLIMATE RECORD PERIOD 1923 TO 2016


WEATHER ITEM   OBSERVED TIME   RECORD YEAR NORMAL DEPARTURE LAST
                VALUE   (LST)  VALUE       VALUE  FROM      YEAR
                                                  NORMAL
..................................................................
TEMPERATURE (F)
 YESTERDAY
  MAXIMUM         92    217 PM  97    1993  90      2       93
                                      1986
  MINIMUM         75    605 AM  68    1967  73      2       74
                                      1952
  AVERAGE         84                        82      2       84

PRECIPITATION (IN)
  YESTERDAY        0.00          2.38 2013   0.17  -0.17      T
  MONTH TO DATE    0.63                      3.59  -2.96     2.75
  SINCE JUN 1      4.20                      9.42  -5.22     8.14
  SINCE JAN 1     24.20                     24.49  -0.29    22.48

SNOWFALL (IN)
  YESTERDAY        0.0
  MONTH TO DATE    0.0
  SINCE JUL 1      0.0

DEGREE DAYS
 HEATING
  YESTERDAY        0                         0      0        0
  MONTH TO DATE    0                         0      0        0
  SINCE JUN 1      0                         0      0        0
  SINCE JUL 1      0                         0      0        0

 COOLING
  YESTERDAY       19                        17      2       19
  MONTH TO DATE  370                       312     58      326
  SINCE JUN 1    871                       759    112      823
  SINCE JAN 1   1645                      1360    285     1736
..................................................................


WIND (MPH)
  HIGHEST WIND SPEED    18   HIGHEST WIND DIRECTION    NE (60)
  HIGHEST GUST SPEED    23   HIGHEST GUST DIRECTION    NE (60)
  AVERAGE WIND SPEED     5.7


SKY COVER
  AVERAGE SKY COVER 0.4


WEATHER CONDITIONS
 THE FOLLOWING WEATHER WAS RECORDED YESTERDAY.
  NO SIGNIFICANT WEATHER WAS OBSERVED.


RELATIVE HUMIDITY (PERCENT)
 HIGHEST   100           600 AM
 LOWEST     56           300 PM
 AVERAGE    78

..........................................................


THE DAYTONA BEACH CLIMATE NORMALS FOR TODAY
                         NORMAL    RECORD    YEAR
 MAXIMUM TEMPERATURE (F)   91        98      1986
 MINIMUM TEMPERATURE (F)   73        67      1926
                                             1925


SUNRISE AND SUNSET
JULY 20 2016..........SUNRISE   638 AM EDT   SUNSET   823 PM EDT
JULY 21 2016..........SUNRISE   639 AM EDT   SUNSET   822 PM EDT


-  INDICATES NEGATIVE NUMBERS.
R  INDICATES RECORD WAS SET OR TIED.
MM INDICATES DATA IS MISSING.
T  INDICATES TRACE AMOUNT.




$$
