000
CDUS42 KMLB 100631
CLIDAB


CLIMATE REPORT
NATIONAL WEATHER SERVICE MELBOURNE
229 AM EDT THU APR 10 2014


...................................

...THE DAYTONA BEACH CLIMATE SUMMARY FOR APRIL 9 2014...

CLIMATE NORMAL PERIOD 1981 TO 2010
CLIMATE RECORD PERIOD 1923 TO 2014


WEATHER ITEM   OBSERVED TIME   RECORD YEAR NORMAL DEPARTURE LAST
                VALUE   (LST)  VALUE       VALUE  FROM      YEAR
                                                  NORMAL
..................................................................
TEMPERATURE (F)
 YESTERDAY
  MAXIMUM         74    217 PM  91    1999  78     -4       81
  MINIMUM         54    618 AM  34    1939  58     -4       63
  AVERAGE         64                        68     -4       72

PRECIPITATION (IN)
  YESTERDAY        0.00          0.95 1983   0.09  -0.09     0.00
  MONTH TO DATE    1.06                      0.83   0.23     0.46
  SINCE MAR 1      5.78                      5.07   0.71     1.28
  SINCE JAN 1     12.36                     10.59   1.77     3.16

SNOWFALL (IN)
  YESTERDAY        0.0
  MONTH TO DATE    0.0
  SINCE JUL 1      0.0

DEGREE DAYS
 HEATING
  YESTERDAY        1                         1      0        0
  MONTH TO DATE    3                        12     -9        2
  SINCE MAR 1     83                       109    -26      228
  SINCE JUL 1    596                       791   -195      694

 COOLING
  YESTERDAY        0                         4     -4        7
  MONTH TO DATE   52                        33     19       37
  SINCE MAR 1    111                       110      1       74
  SINCE JAN 1    195                       175     20      207
..................................................................


WIND (MPH)
  HIGHEST WIND SPEED    15   HIGHEST WIND DIRECTION    NW (330)
  HIGHEST GUST SPEED    21   HIGHEST GUST DIRECTION     W (270)
  AVERAGE WIND SPEED     6.1


SKY COVER
  AVERAGE SKY COVER 0.2


WEATHER CONDITIONS
 THE FOLLOWING WEATHER WAS RECORDED YESTERDAY.
  NO SIGNIFICANT WEATHER WAS OBSERVED.


RELATIVE HUMIDITY (PERCENT)
 HIGHEST    93           600 AM
 LOWEST     38          1200 PM
 AVERAGE    66

..........................................................


THE DAYTONA BEACH CLIMATE NORMALS FOR TODAY
                         NORMAL    RECORD    YEAR
 MAXIMUM TEMPERATURE (F)   78        91      1946
 MINIMUM TEMPERATURE (F)   58        41      1938


SUNRISE AND SUNSET
APRIL 10 2014.........SUNRISE   704 AM EDT   SUNSET   748 PM EDT
APRIL 11 2014.........SUNRISE   703 AM EDT   SUNSET   748 PM EDT


-  INDICATES NEGATIVE NUMBERS.
R  INDICATES RECORD WAS SET OR TIED.
MM INDICATES DATA IS MISSING.
T  INDICATES TRACE AMOUNT.




$$
