988
CDUS42 KMLB 240635
CLIDAB


CLIMATE REPORT
NATIONAL WEATHER SERVICE MELBOURNE FL
235 AM EDT TUE MAY 24 2016


...................................

...THE DAYTONA BEACH CLIMATE SUMMARY FOR MAY 23 2016...

CLIMATE NORMAL PERIOD 1981 TO 2010
CLIMATE RECORD PERIOD 1923 TO 2016


WEATHER ITEM   OBSERVED TIME   RECORD YEAR NORMAL DEPARTURE LAST
                VALUE   (LST)  VALUE       VALUE  FROM      YEAR
                                                  NORMAL
..................................................................
TEMPERATURE (F)
 YESTERDAY
  MAXIMUM         84    154 PM  95    1940  86     -2       86
  MINIMUM         65    507 AM  54    1981  67     -2       72
  AVERAGE         75                        77     -2       79

PRECIPITATION (IN)
  YESTERDAY        0.00          4.02 1984   0.13  -0.13     0.43
  MONTH TO DATE    4.52                      1.96   2.56     2.58
  SINCE MAR 1      8.11                      8.38  -0.27     8.87
  SINCE JAN 1     18.82                     13.90   4.92    14.30

SNOWFALL (IN)
  YESTERDAY        0.0
  MONTH TO DATE    0.0
  SINCE JUL 1      0.0

DEGREE DAYS
 HEATING
  YESTERDAY        0                         0      0        0
  MONTH TO DATE    0                         0      0        0
  SINCE MAR 1     43                       125    -82       35
  SINCE JUL 1    508                       807   -299      682

 COOLING
  YESTERDAY       10                        12     -2       14
  MONTH TO DATE  237                       213     24      255
  SINCE MAR 1    621                       435    186      760
  SINCE JAN 1    671                       500    171      800
..................................................................


WIND (MPH)
  HIGHEST WIND SPEED    15   HIGHEST WIND DIRECTION    NE (60)
  HIGHEST GUST SPEED    22   HIGHEST GUST DIRECTION    NE (50)
  AVERAGE WIND SPEED     5.5


SKY COVER
  AVERAGE SKY COVER 0.4


WEATHER CONDITIONS
 THE FOLLOWING WEATHER WAS RECORDED YESTERDAY.
  NO SIGNIFICANT WEATHER WAS OBSERVED.


RELATIVE HUMIDITY (PERCENT)
 HIGHEST    93           400 AM
 LOWEST     43           200 PM
 AVERAGE    68

..........................................................


THE DAYTONA BEACH CLIMATE NORMALS FOR TODAY
                         NORMAL    RECORD    YEAR
 MAXIMUM TEMPERATURE (F)   86        96      2000
                                             1953
 MINIMUM TEMPERATURE (F)   68        53      1941


SUNRISE AND SUNSET
MAY 24 2016...........SUNRISE   628 AM EDT   SUNSET   815 PM EDT
MAY 25 2016...........SUNRISE   627 AM EDT   SUNSET   815 PM EDT


-  INDICATES NEGATIVE NUMBERS.
R  INDICATES RECORD WAS SET OR TIED.
MM INDICATES DATA IS MISSING.
T  INDICATES TRACE AMOUNT.




$$
