000
CDUS42 KMLB 210635
CLIDAB


CLIMATE REPORT
NATIONAL WEATHER SERVICE MELBOURNE FL
235 AM EDT THU APR 21 2016


...................................

...THE DAYTONA BEACH CLIMATE SUMMARY FOR APRIL 20 2016...

CLIMATE NORMAL PERIOD 1981 TO 2010
CLIMATE RECORD PERIOD 1923 TO 2016


WEATHER ITEM   OBSERVED TIME   RECORD YEAR NORMAL DEPARTURE LAST
                VALUE   (LST)  VALUE       VALUE  FROM      YEAR
                                                  NORMAL
..................................................................
TEMPERATURE (F)
 YESTERDAY
  MAXIMUM         78    214 PM  95    1968  80     -2       84
  MINIMUM         56    616 AM  42    1936  59     -3       66
  AVERAGE         67                        70     -3       75

PRECIPITATION (IN)
  YESTERDAY        0.00          1.84 1954   0.07  -0.07     0.57
  MONTH TO DATE    1.37                      1.60  -0.23     5.12
  SINCE MAR 1      2.80                      5.84  -3.04     5.98
  SINCE JAN 1     13.51                     11.36   2.15    11.41

SNOWFALL (IN)
  YESTERDAY        0.0
  MONTH TO DATE    0.0
  SINCE JUL 1      0.0

DEGREE DAYS
 HEATING
  YESTERDAY        0                         1     -1        0
  MONTH TO DATE    5                        23    -18        0
  SINCE MAR 1     43                       120    -77       35
  SINCE JUL 1    508                       802   -294      682

 COOLING
  YESTERDAY        2                         5     -3       10
  MONTH TO DATE  109                        84     25      209
  SINCE MAR 1    289                       161    128      399
  SINCE JAN 1    339                       226    113      439
..................................................................


WIND (MPH)
  HIGHEST WIND SPEED    15   HIGHEST WIND DIRECTION     E (80)
  HIGHEST GUST SPEED    22   HIGHEST GUST DIRECTION     E (80)
  AVERAGE WIND SPEED     4.4


SKY COVER
  AVERAGE SKY COVER 0.7


WEATHER CONDITIONS
 THE FOLLOWING WEATHER WAS RECORDED YESTERDAY.
  FOG


RELATIVE HUMIDITY (PERCENT)
 HIGHEST   100           200 AM
 LOWEST     46          1000 AM
 AVERAGE    73

..........................................................


THE DAYTONA BEACH CLIMATE NORMALS FOR TODAY
                         NORMAL    RECORD    YEAR
 MAXIMUM TEMPERATURE (F)   80        89      2002
                                             1995
                                             1970
 MINIMUM TEMPERATURE (F)   59        44      1953


SUNRISE AND SUNSET
APRIL 21 2016.........SUNRISE   651 AM EDT   SUNSET   755 PM EDT
APRIL 22 2016.........SUNRISE   650 AM EDT   SUNSET   755 PM EDT


-  INDICATES NEGATIVE NUMBERS.
R  INDICATES RECORD WAS SET OR TIED.
MM INDICATES DATA IS MISSING.
T  INDICATES TRACE AMOUNT.




$$
