000
CDUS42 KMLB 252025
CLIDAB


CLIMATE REPORT
NATIONAL WEATHER SERVICE MELBOURNE FL
424 PM EDT THU JUN 25 2015


...................................

...THE DAYTONA BEACH CLIMATE SUMMARY FOR JUNE 25 2015...
VALID TODAY AS OF 0400 PM LOCAL TIME.

CLIMATE NORMAL PERIOD 1981 TO 2010
CLIMATE RECORD PERIOD 1923 TO 2015


WEATHER ITEM   OBSERVED TIME   RECORD YEAR NORMAL DEPARTURE LAST
                VALUE   (LST)  VALUE       VALUE  FROM      YEAR
                                                  NORMAL
..................................................................
TEMPERATURE (F)
 TODAY
  MAXIMUM         92    156 PM  99    1944  89      3       90
  MINIMUM         72    319 PM  62    1946  72      0       73
  AVERAGE         82                        81      1       82

PRECIPITATION (IN)
  TODAY            0.01          3.04 1992   0.20  -0.19     0.03
  MONTH TO DATE    3.14                      4.87  -1.73     3.75
  SINCE JUN 1      3.14                      4.87  -1.73     3.75
  SINCE JAN 1     17.48                     19.94  -2.46    23.50

SNOWFALL (IN)
  TODAY            0.0
  MONTH TO DATE    0.0
  SINCE JUL 1      0.0

DEGREE DAYS
 HEATING
  TODAY            0                         0      0        0
  MONTH TO DATE    0                         0      0        0
  SINCE JUN 1      0                         0      0        0
  SINCE JUL 1    682                       809   -127      602

 COOLING
  TODAY           17                        16      1       17
  MONTH TO DATE  405                       368     37      361
  SINCE JUN 1    405                       368     37      361
  SINCE JAN 1   1318                       969    349     1027
..................................................................


WIND (MPH)
  HIGHEST WIND SPEED    12   HIGHEST WIND DIRECTION     E (70)
  HIGHEST GUST SPEED    37   HIGHEST GUST DIRECTION     W (290)
  AVERAGE WIND SPEED     5.0


SKY COVER
  AVERAGE SKY COVER 0.7


WEATHER CONDITIONS
 THE FOLLOWING WEATHER WAS RECORDED TODAY.
  THUNDERSTORM
  LIGHT RAIN


RELATIVE HUMIDITY (PERCENT)
 HIGHEST    94           100 AM
 LOWEST     56          1200 PM
 AVERAGE    75

..........................................................


THE DAYTONA BEACH CLIMATE NORMALS FOR TOMORROW
                         NORMAL    RECORD    YEAR
 MAXIMUM TEMPERATURE (F)   89       101      1950
 MINIMUM TEMPERATURE (F)   72        63      1940
                                             1937


SUNRISE AND SUNSET
JUNE 25 2015..........SUNRISE   627 AM EDT   SUNSET   827 PM EDT
JUNE 26 2015..........SUNRISE   627 AM EDT   SUNSET   827 PM EDT


-  INDICATES NEGATIVE NUMBERS.
R  INDICATES RECORD WAS SET OR TIED.
MM INDICATES DATA IS MISSING.
T  INDICATES TRACE AMOUNT.

&&

DAYTONA BEACH SURF TEMPERATURE 78 DEGREES.

$$
