000
CDUS42 KMLB 190630
CLIDAB


CLIMATE REPORT
NATIONAL WEATHER SERVICE MELBOURNE FL
229 AM EDT SUN OCT 19 2014


...................................

...THE DAYTONA BEACH CLIMATE SUMMARY FOR OCTOBER 18 2014...

CLIMATE NORMAL PERIOD 1981 TO 2010
CLIMATE RECORD PERIOD 1923 TO 2014


WEATHER ITEM   OBSERVED TIME   RECORD YEAR NORMAL DEPARTURE LAST
                VALUE   (LST)  VALUE       VALUE  FROM      YEAR
                                                  NORMAL
..................................................................
TEMPERATURE (F)
 YESTERDAY
  MAXIMUM         83    342 PM  92    2007  82      1       86
  MINIMUM         57    702 AM  45    1977  65     -8       69
  AVERAGE         70                        74     -4       78

PRECIPITATION (IN)
  YESTERDAY        0.00          5.26 1950   0.12  -0.12     0.00
  MONTH TO DATE    0.57                      2.84  -2.27     1.99
  SINCE SEP 1     18.72                      9.80   8.92     7.76
  SINCE JAN 1     51.89                     42.93   8.96    42.98

SNOWFALL (IN)
  YESTERDAY        0.0
  MONTH TO DATE    0.0
  SINCE JUL 1      0.0

DEGREE DAYS
 HEATING
  YESTERDAY        0                         0      0        0
  MONTH TO DATE    0                         0      0        0
  SINCE SEP 1      0                         0      0        0
  SINCE JUL 1      0                         0      0        0

 COOLING
  YESTERDAY        5                         9     -4       13
  MONTH TO DATE  187                       192     -5      202
  SINCE SEP 1    641                       628     13      664
  SINCE JAN 1   2833                      2702    131     2860
..................................................................


WIND (MPH)
  HIGHEST WIND SPEED    12   HIGHEST WIND DIRECTION     W (280)
  HIGHEST GUST SPEED    14   HIGHEST GUST DIRECTION     W (270)
  AVERAGE WIND SPEED     4.6


SKY COVER
  AVERAGE SKY COVER 0.1


WEATHER CONDITIONS
 THE FOLLOWING WEATHER WAS RECORDED YESTERDAY.
  NO SIGNIFICANT WEATHER WAS OBSERVED.


RELATIVE HUMIDITY (PERCENT)
 HIGHEST   100           400 AM
 LOWEST     37           200 PM
 AVERAGE    69

..........................................................


THE DAYTONA BEACH CLIMATE NORMALS FOR TODAY
                         NORMAL    RECORD    YEAR
 MAXIMUM TEMPERATURE (F)   81        91      2006
 MINIMUM TEMPERATURE (F)   65        46      1940


SUNRISE AND SUNSET
OCTOBER 19 2014.......SUNRISE   728 AM EDT   SUNSET   650 PM EDT
OCTOBER 20 2014.......SUNRISE   729 AM EDT   SUNSET   649 PM EDT


-  INDICATES NEGATIVE NUMBERS.
R  INDICATES RECORD WAS SET OR TIED.
MM INDICATES DATA IS MISSING.
T  INDICATES TRACE AMOUNT.

&&

DAYTONA BEACH SURF TEMPERATURES 76 DEGREES.

$$
