000
CDUS42 KMLB 222049
CLIDAB


CLIMATE REPORT
NATIONAL WEATHER SERVICE MELBOURNE FL
449 PM EDT FRI AUG 22 2014


...................................

...THE DAYTONA BEACH CLIMATE SUMMARY FOR AUGUST 22 2014...
VALID TODAY AS OF 0400 PM LOCAL TIME.

CLIMATE NORMAL PERIOD 1981 TO 2010
CLIMATE RECORD PERIOD 1923 TO 2014


WEATHER ITEM   OBSERVED TIME   RECORD YEAR NORMAL DEPARTURE LAST
                VALUE   (LST)  VALUE       VALUE  FROM      YEAR
                                                  NORMAL
..................................................................
TEMPERATURE (F)
 TODAY
  MAXIMUM         95   1246 PM  97    1980  89      6       89
  MINIMUM         74    601 AM  66    1940  73      1       77
  AVERAGE         85                        81      4       83

PRECIPITATION (IN)
  TODAY            0.00          2.43 1977   0.22  -0.22     0.11
  MONTH TO DATE    2.18                      4.39  -2.21     3.61
  SINCE JUN 1     13.36                     16.05  -2.69    17.79
  SINCE JAN 1     33.11                     31.12   1.99    32.62

SNOWFALL (IN)
  TODAY            0.0
  MONTH TO DATE    0.0
  SINCE JUL 1      0.0

DEGREE DAYS
 HEATING
  TODAY            0                         0      0        0
  MONTH TO DATE    0                         0      0        0
  SINCE JUN 1      0                         0      0        0
  SINCE JUL 1      0                         0      0        0

 COOLING
  TODAY           20                        16      4       18
  MONTH TO DATE  400                       369     31      400
  SINCE JUN 1   1362                      1331     31     1395
  SINCE JAN 1   2028                      1932     96     2047
..................................................................


WIND (MPH)
  HIGHEST WIND SPEED    13   HIGHEST WIND DIRECTION     E (70)
  HIGHEST GUST SPEED    15   HIGHEST GUST DIRECTION     E (80)
  AVERAGE WIND SPEED     2.9


SKY COVER
  AVERAGE SKY COVER 0.3


WEATHER CONDITIONS
 THE FOLLOWING WEATHER WAS RECORDED TODAY.
  NO SIGNIFICANT WEATHER WAS OBSERVED.


RELATIVE HUMIDITY (PERCENT)
 HIGHEST    94           700 AM
 LOWEST     56          1100 AM
 AVERAGE    75

..........................................................


THE DAYTONA BEACH CLIMATE NORMALS FOR TOMORROW
                         NORMAL    RECORD    YEAR
 MAXIMUM TEMPERATURE (F)   89        96      1988
 MINIMUM TEMPERATURE (F)   73        65      1984
                                             1940


SUNRISE AND SUNSET
AUGUST 22 2014........SUNRISE   657 AM EDT   SUNSET   757 PM EDT
AUGUST 23 2014........SUNRISE   657 AM EDT   SUNSET   756 PM EDT


-  INDICATES NEGATIVE NUMBERS.
R  INDICATES RECORD WAS SET OR TIED.
MM INDICATES DATA IS MISSING.
T  INDICATES TRACE AMOUNT.

&&

DAYTONA BEACH SURF TEMPERATURE 76 DEGREES.

$$
