000
CDUS42 KMLB 240635
CLIDAB


CLIMATE REPORT
NATIONAL WEATHER SERVICE MELBOURNE FL
235 AM EDT THU JUL 24 2014


...................................

...THE DAYTONA BEACH CLIMATE SUMMARY FOR JULY 23 2014...

CLIMATE NORMAL PERIOD 1981 TO 2010
CLIMATE RECORD PERIOD 1923 TO 2014


WEATHER ITEM   OBSERVED TIME   RECORD YEAR NORMAL DEPARTURE LAST
                VALUE   (LST)  VALUE       VALUE  FROM      YEAR
                                                  NORMAL
..................................................................
TEMPERATURE (F)
 YESTERDAY
  MAXIMUM         91   1212 PM  98    1932  91      0       85
  MINIMUM         74    614 AM  65    1965  73      1       74
  AVERAGE         83                        82      1       80

PRECIPITATION (IN)
  YESTERDAY        0.00          1.80 1943   0.17  -0.17     0.57
  MONTH TO DATE    6.01                      4.29   1.72     6.06
  SINCE JUN 1      9.76                     10.12  -0.36    13.46
  SINCE JAN 1     29.51                     25.19   4.32    28.29

SNOWFALL (IN)
  YESTERDAY        0.0
  MONTH TO DATE    0.0
  SINCE JUL 1      0.0

DEGREE DAYS
 HEATING
  YESTERDAY        0                         0      0        0
  MONTH TO DATE    0                         0      0        0
  SINCE JUN 1      0                         0      0        0
  SINCE JUL 1      0                         0      0        0

 COOLING
  YESTERDAY       18                        17      1       15
  MONTH TO DATE  368                       380    -12      371
  SINCE JUN 1    816                       827    -11      859
  SINCE JAN 1   1482                      1428     54     1511
..................................................................


WIND (MPH)
  HIGHEST WIND SPEED    13   HIGHEST WIND DIRECTION     E (80)
  HIGHEST GUST SPEED    16   HIGHEST GUST DIRECTION    NE (60)
  AVERAGE WIND SPEED     4.0


SKY COVER
  AVERAGE SKY COVER 0.6


WEATHER CONDITIONS
 THE FOLLOWING WEATHER WAS RECORDED YESTERDAY.
  FOG


RELATIVE HUMIDITY (PERCENT)
 HIGHEST   100           500 AM
 LOWEST     59          1200 PM
 AVERAGE    80

..........................................................


THE DAYTONA BEACH CLIMATE NORMALS FOR TODAY
                         NORMAL    RECORD    YEAR
 MAXIMUM TEMPERATURE (F)   91       100      1932
 MINIMUM TEMPERATURE (F)   73        68      1939
                                             1937


SUNRISE AND SUNSET
JULY 24 2014..........SUNRISE   640 AM EDT   SUNSET   821 PM EDT
JULY 25 2014..........SUNRISE   641 AM EDT   SUNSET   820 PM EDT


-  INDICATES NEGATIVE NUMBERS.
R  INDICATES RECORD WAS SET OR TIED.
MM INDICATES DATA IS MISSING.
T  INDICATES TRACE AMOUNT.




$$
