766
CDUS42 KMLB 292121
CLIDAB


CLIMATE REPORT
NATIONAL WEATHER SERVICE MELBOURNE FL
419 PM EST TUE NOV 29 2016


...................................

...THE DAYTONA BEACH CLIMATE SUMMARY FOR NOVEMBER 29 2016...
VALID TODAY AS OF 0400 PM LOCAL TIME.

CLIMATE NORMAL PERIOD 1981 TO 2010
CLIMATE RECORD PERIOD 1923 TO 2016


WEATHER ITEM   OBSERVED TIME   RECORD YEAR NORMAL DEPARTURE LAST
                VALUE   (LST)  VALUE       VALUE  FROM      YEAR
                                                  NORMAL
..................................................................
TEMPERATURE (F)
 TODAY
  MAXIMUM         82    249 PM  87    1978  73      9       75
  MINIMUM         65   1231 AM  32    1956  54     11       64
  AVERAGE         74                        64     10       70

PRECIPITATION (IN)
  TODAY            T             1.13 2007   0.08  -0.08     0.04
  MONTH TO DATE    0.10                      2.60  -2.50     5.55
  SINCE SEP 1     16.31                     13.77   2.54    12.06
  SINCE JAN 1     43.94                     46.90  -2.96    43.35

SNOWFALL (IN)
  TODAY            0.0
  MONTH TO DATE    0.0
  SINCE JUL 1      0.0

DEGREE DAYS
 HEATING
  TODAY            0                         4     -4        0
  MONTH TO DATE   36                        62    -26       12
  SINCE SEP 1     37                        70    -33       12
  SINCE JUL 1     37                        70    -33       12

 COOLING
  TODAY            9                         3      6        5
  MONTH TO DATE   96                       115    -19      267
  SINCE SEP 1    903                       837     66     1048
  SINCE JAN 1   3368                      2911    457     3542
..................................................................


WIND (MPH)
  HIGHEST WIND SPEED    17   HIGHEST WIND DIRECTION     S (180)
  HIGHEST GUST SPEED    24   HIGHEST GUST DIRECTION     S (180)
  AVERAGE WIND SPEED     7.3


SKY COVER
  AVERAGE SKY COVER 0.5


WEATHER CONDITIONS
 THE FOLLOWING WEATHER WAS RECORDED TODAY.
  LIGHT RAIN


RELATIVE HUMIDITY (PERCENT)
 HIGHEST    93          1200 AM
 LOWEST     58          1200 PM
 AVERAGE    76

..........................................................


THE DAYTONA BEACH CLIMATE NORMALS FOR TOMORROW
                         NORMAL    RECORD    YEAR
 MAXIMUM TEMPERATURE (F)   73        85      1978
 MINIMUM TEMPERATURE (F)   54        31      1950


SUNRISE AND SUNSET
NOVEMBER 29 2016......SUNRISE   659 AM EST   SUNSET   526 PM EST
NOVEMBER 30 2016......SUNRISE   700 AM EST   SUNSET   526 PM EST


-  INDICATES NEGATIVE NUMBERS.
R  INDICATES RECORD WAS SET OR TIED.
MM INDICATES DATA IS MISSING.
T  INDICATES TRACE AMOUNT.




$$
