696
CDUS42 KMLB 170626
CLIDAB


CLIMATE REPORT
NATIONAL WEATHER SERVICE MELBOURNE FL
125 AM EST TUE JAN 17 2017


...................................

...THE DAYTONA BEACH CLIMATE SUMMARY FOR JANUARY 16 2017...

CLIMATE NORMAL PERIOD 1981 TO 2010
CLIMATE RECORD PERIOD 1923 TO 2017


WEATHER ITEM   OBSERVED TIME   RECORD YEAR NORMAL DEPARTURE LAST
                VALUE   (LST)  VALUE       VALUE  FROM      YEAR
                                                  NORMAL
..................................................................
TEMPERATURE (F)
 YESTERDAY
  MAXIMUM         79    305 PM  89    1937  68     11       77
  MINIMUM         55    754 AM  28    1983  47      8       53
                                      1927
  AVERAGE         67                        58      9       65

PRECIPITATION (IN)
  YESTERDAY        0.00          1.05 1959   0.08  -0.08     0.00
  MONTH TO DATE    1.32                      1.40  -0.08     1.74
  SINCE DEC 1      2.02                      4.03  -2.01     2.31
  SINCE JAN 1      1.32                      1.40  -0.08     1.74

SNOWFALL (IN)
  YESTERDAY        0.0
  MONTH TO DATE    0.0
  SINCE JUL 1      0.0

DEGREE DAYS
 HEATING
  YESTERDAY        0                         8     -8        0
  MONTH TO DATE   64                       128    -64       84
  SINCE DEC 1    143                       320   -177      109
  SINCE JUL 1    180                       394   -214      121

 COOLING
  YESTERDAY        2                         1      1        0
  MONTH TO DATE   32                        16     16       13
  SINCE DEC 1    140                        67     73      222
  SINCE JAN 1     32                        16     16       13
..................................................................


WIND (MPH)
  HIGHEST WIND SPEED    15   HIGHEST WIND DIRECTION     E (110)
  HIGHEST GUST SPEED    20   HIGHEST GUST DIRECTION     E (80)
  AVERAGE WIND SPEED     3.4


SKY COVER
  AVERAGE SKY COVER 0.5


WEATHER CONDITIONS
 THE FOLLOWING WEATHER WAS RECORDED YESTERDAY.
  FOG
  FOG W/VISIBILITY <= 1/4 MILE
  HAZE


RELATIVE HUMIDITY (PERCENT)
 HIGHEST   100          1200 AM
 LOWEST     42           300 PM
 AVERAGE    71

..........................................................


THE DAYTONA BEACH CLIMATE NORMALS FOR TODAY
                         NORMAL    RECORD    YEAR
 MAXIMUM TEMPERATURE (F)   68        86      1943
 MINIMUM TEMPERATURE (F)   47        26      1940


SUNRISE AND SUNSET
JANUARY 17 2017.......SUNRISE   719 AM EST   SUNSET   550 PM EST
JANUARY 18 2017.......SUNRISE   719 AM EST   SUNSET   551 PM EST


-  INDICATES NEGATIVE NUMBERS.
R  INDICATES RECORD WAS SET OR TIED.
MM INDICATES DATA IS MISSING.
T  INDICATES TRACE AMOUNT.




$$
