000
CDUS42 KMLB 212127
CLIDAB

CLIMATE REPORT
NATIONAL WEATHER SERVICE MELBOURNE FL
425 PM EST SUN DEC 21 2014


...................................

...THE DAYTONA BEACH CLIMATE SUMMARY FOR DECEMBER 21 2014...
VALID TODAY AS OF 0400 PM LOCAL TIME.

CLIMATE NORMAL PERIOD 1981 TO 2010
CLIMATE RECORD PERIOD 1923 TO 2014


WEATHER ITEM   OBSERVED TIME   RECORD YEAR NORMAL DEPARTURE LAST
                VALUE   (LST)  VALUE       VALUE  FROM      YEAR
                                                  NORMAL
..................................................................
TEMPERATURE (F)
 TODAY
  MAXIMUM         77   1206 PM  84    1951  69      8       83
  MINIMUM         62    750 AM  27    1954  49     13       59
  AVERAGE         70                        59     11       71

PRECIPITATION (IN)
  TODAY            0.00          1.29 1972   0.10  -0.10     0.00
  MONTH TO DATE    0.24                      1.73  -1.49     0.97
  SINCE DEC 1      0.24                      1.73  -1.49     0.97
  SINCE JAN 1     61.23                     48.72  12.51    47.33

SNOWFALL (IN)
  TODAY            0.0
  MONTH TO DATE    0.0
  SINCE JUL 1      0.0

DEGREE DAYS
 HEATING
  TODAY            0                         7     -7        0
  MONTH TO DATE  101                       116    -15       52
  SINCE DEC 1    101                       116    -15       52
  SINCE JUL 1    230                       190     40       83

 COOLING
  TODAY            5                         1      4        6
  MONTH TO DATE   40                        37      3       77
  SINCE DEC 1     40                        37      3       77
  SINCE JAN 1   3022                      2949     73     3219
..................................................................


WIND (MPH)
  HIGHEST WIND SPEED    10   HIGHEST WIND DIRECTION     E (80)
  HIGHEST GUST SPEED    13   HIGHEST GUST DIRECTION     N (10)
  AVERAGE WIND SPEED     3.5


SKY COVER
  AVERAGE SKY COVER 0.7


WEATHER CONDITIONS
 THE FOLLOWING WEATHER WAS RECORDED TODAY.
  FOG


RELATIVE HUMIDITY (PERCENT)
 HIGHEST    93          1200 AM
 LOWEST     69          1200 PM
 AVERAGE    81

..........................................................


THE DAYTONA BEACH CLIMATE NORMALS FOR TOMORROW
                         NORMAL    RECORD    YEAR
 MAXIMUM TEMPERATURE (F)   69        85      2013
 MINIMUM TEMPERATURE (F)   49        29      1960


SUNRISE AND SUNSET
DECEMBER 21 2014......SUNRISE   714 AM EST   SUNSET   531 PM EST
DECEMBER 22 2014......SUNRISE   714 AM EST   SUNSET   531 PM EST


-  INDICATES NEGATIVE NUMBERS.
R  INDICATES RECORD WAS SET OR TIED.
MM INDICATES DATA IS MISSING.
T  INDICATES TRACE AMOUNT.

&&

DAYTONA BEACH SURF TEMPERATURE IS 64 DEGREES.

$$
