000
CDUS42 KMLB 092154
CLIDAB


CLIMATE REPORT
NATIONAL WEATHER SERVICE MELBOURNE FL
443 PM EST SAT DEC 9 2017


...................................

...THE DAYTONA BEACH CLIMATE SUMMARY FOR DECEMBER 9 2017...
VALID TODAY AS OF 0400 PM LOCAL TIME.

CLIMATE NORMAL PERIOD 1981 TO 2010
CLIMATE RECORD PERIOD 1923 TO 2017


WEATHER ITEM   OBSERVED TIME   RECORD YEAR NORMAL DEPARTURE LAST
                VALUE   (LST)  VALUE       VALUE  FROM      YEAR
                                                  NORMAL
..................................................................
TEMPERATURE (F)
 TODAY
  MAXIMUM         66    149 AM  85    2009  72     -6       61
                                      1978
  MINIMUM         50   1031 AM  31    1984  52     -2       49
  AVERAGE         58                        62     -4       55

PRECIPITATION (IN)
  TODAY            1.11          2.99 1969   0.08   1.03     0.04
  MONTH TO DATE    1.16                      0.69   0.47     0.60
  SINCE DEC 1      1.16                      0.69   0.47     0.60
  SINCE JAN 1     49.94                     47.68   2.26    44.54

SNOWFALL (IN)
  TODAY            0.0
  MONTH TO DATE    0.0
  SINCE JUL 1      0.0

DEGREE DAYS
 HEATING
  TODAY            7                         5      2       10
  MONTH TO DATE    7                        41    -34       22
  SINCE DEC 1      7                        41    -34       22
  SINCE JUL 1     41                       115    -74       59

 COOLING
  TODAY            0                         2     -2        0
  MONTH TO DATE   34                        18     16       32
  SINCE DEC 1     34                        18     16       32
  SINCE JAN 1   3443                      2930    513     3411
..................................................................


WIND (MPH)
  HIGHEST WIND SPEED    20   HIGHEST WIND DIRECTION     W (260)
  HIGHEST GUST SPEED    26   HIGHEST GUST DIRECTION     W (260)
  AVERAGE WIND SPEED    12.9


SKY COVER
  AVERAGE SKY COVER 1.0


WEATHER CONDITIONS
 THE FOLLOWING WEATHER WAS RECORDED TODAY.
  THUNDERSTORM
  HEAVY RAIN
  LIGHT RAIN
  FOG


RELATIVE HUMIDITY (PERCENT)
 HIGHEST   100           400 AM
 LOWEST     72           400 PM
 AVERAGE    86

..........................................................


THE DAYTONA BEACH CLIMATE NORMALS FOR TOMORROW
                         NORMAL    RECORD    YEAR
 MAXIMUM TEMPERATURE (F)   71        85      1947
 MINIMUM TEMPERATURE (F)   52        31      1962


SUNRISE AND SUNSET
DECEMBER  9 2017......SUNRISE   707 AM EST   SUNSET   526 PM EST
DECEMBER 10 2017......SUNRISE   707 AM EST   SUNSET   527 PM EST


-  INDICATES NEGATIVE NUMBERS.
R  INDICATES RECORD WAS SET OR TIED.
MM INDICATES DATA IS MISSING.
T  INDICATES TRACE AMOUNT.




$$
