000
CDUS42 KMLB 112018
CLIDAB


CLIMATE REPORT
NATIONAL WEATHER SERVICE MELBOURNE FL
418 PM EDT WED OCT 11 2017


...................................

...THE DAYTONA BEACH CLIMATE SUMMARY FOR OCTOBER 11 2017...
VALID TODAY AS OF 0400 PM LOCAL TIME.

CLIMATE NORMAL PERIOD 1981 TO 2010
CLIMATE RECORD PERIOD 1923 TO 2017


WEATHER ITEM   OBSERVED TIME   RECORD YEAR NORMAL DEPARTURE LAST
                VALUE   (LST)  VALUE       VALUE  FROM      YEAR
                                                  NORMAL
..................................................................
TEMPERATURE (F)
 TODAY
  MAXIMUM         86    244 PM  93    1941  83      3       81
  MINIMUM         73    657 AM  53    1967  68      5       72
                                      1951
  AVERAGE         80                        75      5       77

PRECIPITATION (IN)
  TODAY            0.00          2.22 1924   0.16  -0.16      T
  MONTH TO DATE    3.48                      1.90   1.58     7.70
  SINCE SEP 1     13.16                      8.86   4.30    15.94
  SINCE JAN 1     42.83                     41.99   0.84    43.57

SNOWFALL (IN)
  TODAY            0.0
  MONTH TO DATE    0.0
  SINCE JUL 1      0.0

DEGREE DAYS
 HEATING
  TODAY            0                         0      0        0
  MONTH TO DATE    0                         0      0        0
  SINCE SEP 1      0                         0      0        0
  SINCE JUL 1      0                         0      0        0

 COOLING
  TODAY           15                        10      5       12
  MONTH TO DATE  174                       126     48      152
  SINCE SEP 1    656                       562     94      632
  SINCE JAN 1   3083                      2636    447     3097
..................................................................


WIND (MPH)
  HIGHEST WIND SPEED    16   HIGHEST WIND DIRECTION    NE (60)
  HIGHEST GUST SPEED    19   HIGHEST GUST DIRECTION    NE (50)
  AVERAGE WIND SPEED     4.9


SKY COVER
  AVERAGE SKY COVER 0.4


WEATHER CONDITIONS
 THE FOLLOWING WEATHER WAS RECORDED TODAY.
  NO SIGNIFICANT WEATHER WAS OBSERVED.


RELATIVE HUMIDITY (PERCENT)
 HIGHEST    94           400 AM
 LOWEST     65           200 PM
 AVERAGE    80

..........................................................


THE DAYTONA BEACH CLIMATE NORMALS FOR TOMORROW
                         NORMAL    RECORD    YEAR
 MAXIMUM TEMPERATURE (F)   83        91      2009
                                             1948
                                             1946
 MINIMUM TEMPERATURE (F)   67        52      1988


SUNRISE AND SUNSET
OCTOBER 11 2017.......SUNRISE   723 AM EDT   SUNSET   658 PM EDT
OCTOBER 12 2017.......SUNRISE   724 AM EDT   SUNSET   657 PM EDT


-  INDICATES NEGATIVE NUMBERS.
R  INDICATES RECORD WAS SET OR TIED.
MM INDICATES DATA IS MISSING.
T  INDICATES TRACE AMOUNT.




$$
