000
CDUS42 KMLB 192020
CLIDAB


CLIMATE REPORT
NATIONAL WEATHER SERVICE MELBOURNE FL
419 PM EDT MON JUN 19 2017


...................................

...THE DAYTONA BEACH CLIMATE SUMMARY FOR JUNE 19 2017...
VALID TODAY AS OF 0400 PM LOCAL TIME.

CLIMATE NORMAL PERIOD 1981 TO 2010
CLIMATE RECORD PERIOD 1923 TO 2017


WEATHER ITEM   OBSERVED TIME   RECORD YEAR NORMAL DEPARTURE LAST
                VALUE   (LST)  VALUE       VALUE  FROM      YEAR
                                                  NORMAL
..................................................................
TEMPERATURE (F)
 TODAY
  MAXIMUM         89   1201 PM 100    1998  89      0       86
  MINIMUM         75    501 AM  62    1961  72      3       76
  AVERAGE         82                        80      2       81

PRECIPITATION (IN)
  TODAY            0.23          3.09 1966   0.21   0.02      T
  MONTH TO DATE    4.89                      3.65   1.24     2.90
  SINCE JUN 1      4.89                      3.65   1.24     2.90
  SINCE JAN 1     13.12                     18.72  -5.60    22.90

SNOWFALL (IN)
  TODAY            0.0
  MONTH TO DATE    0.0
  SINCE JUL 1      0.0

DEGREE DAYS
 HEATING
  TODAY            0                         0      0        0
  MONTH TO DATE    0                         0      0        0
  SINCE JUN 1      0                         0      0        0
  SINCE JUL 1    401                       809   -408      508

 COOLING
  TODAY           17                        15      2       16
  MONTH TO DATE  277                       274      3      323
  SINCE JUN 1    277                       274      3      323
  SINCE JAN 1   1094                       875    219     1097
..................................................................


WIND (MPH)
  HIGHEST WIND SPEED    23   HIGHEST WIND DIRECTION     S (160)
  HIGHEST GUST SPEED    35   HIGHEST GUST DIRECTION     S (160)
  AVERAGE WIND SPEED     5.0


SKY COVER
  AVERAGE SKY COVER 0.8


WEATHER CONDITIONS
 THE FOLLOWING WEATHER WAS RECORDED TODAY.
  THUNDERSTORM
  RAIN
  LIGHT RAIN
  FOG
  HAZE


RELATIVE HUMIDITY (PERCENT)
 HIGHEST    94           300 AM
 LOWEST     68          1100 AM
 AVERAGE    81

..........................................................


THE DAYTONA BEACH CLIMATE NORMALS FOR TOMORROW
                         NORMAL    RECORD    YEAR
 MAXIMUM TEMPERATURE (F)   89        98      1990
                                             1944
 MINIMUM TEMPERATURE (F)   72        61      1965


SUNRISE AND SUNSET
JUNE 19 2017..........SUNRISE   625 AM EDT   SUNSET   826 PM EDT
JUNE 20 2017..........SUNRISE   625 AM EDT   SUNSET   826 PM EDT


-  INDICATES NEGATIVE NUMBERS.
R  INDICATES RECORD WAS SET OR TIED.
MM INDICATES DATA IS MISSING.
T  INDICATES TRACE AMOUNT.




$$
