000
CDUS42 KMLB 162027
CLIDAB


CLIMATE REPORT
NATIONAL WEATHER SERVICE MELBOURNE FL
426 PM EDT THU MAR 16 2017


...................................

...THE DAYTONA BEACH CLIMATE SUMMARY FOR MARCH 16 2017...
VALID TODAY AS OF 0400 PM LOCAL TIME.

CLIMATE NORMAL PERIOD 1981 TO 2010
CLIMATE RECORD PERIOD 1923 TO 2017


WEATHER ITEM   OBSERVED TIME   RECORD YEAR NORMAL DEPARTURE LAST
                VALUE   (LST)  VALUE       VALUE  FROM      YEAR
                                                  NORMAL
..................................................................
TEMPERATURE (F)
 TODAY
  MAXIMUM         57    232 PM  90    2009  75    -18       89
  MINIMUM         37    700 AM  34    1988  54    -17       64
                                      1940
  AVERAGE         47                        64    -17       77

PRECIPITATION (IN)
  TODAY            0.00          1.55 1960   0.15  -0.15     0.00
  MONTH TO DATE    0.87                      2.13  -1.26     0.10
  SINCE MAR 1      0.87                      2.13  -1.26     0.10
  SINCE JAN 1      4.88                      7.65  -2.77    10.81

SNOWFALL (IN)
  TODAY            0.0
  MONTH TO DATE    0.0
  SINCE JUL 1      0.0

DEGREE DAYS
 HEATING
  TODAY           18                         3     15        0
  MONTH TO DATE   58                        61     -3       20
  SINCE MAR 1     58                        61     -3       20
  SINCE JUL 1    364                       743   -379      485

 COOLING
  TODAY            0                         3     -3       12
  MONTH TO DATE   49                        33     16       77
  SINCE MAR 1     49                        33     16       77
  SINCE JAN 1    169                        98     71      127
..................................................................


WIND (MPH)
  HIGHEST WIND SPEED    16   HIGHEST WIND DIRECTION    NE (50)
  HIGHEST GUST SPEED    27   HIGHEST GUST DIRECTION    NE (40)
  AVERAGE WIND SPEED     9.8


SKY COVER
  AVERAGE SKY COVER 0.0


WEATHER CONDITIONS
 THE FOLLOWING WEATHER WAS RECORDED TODAY.
  NO SIGNIFICANT WEATHER WAS OBSERVED.


RELATIVE HUMIDITY (PERCENT)
 HIGHEST    54           500 AM
 LOWEST     22          1100 AM
 AVERAGE    38

..........................................................


THE DAYTONA BEACH CLIMATE NORMALS FOR TOMORROW
                         NORMAL    RECORD    YEAR
 MAXIMUM TEMPERATURE (F)   75        88      2015
                                             1990
                                             1948
 MINIMUM TEMPERATURE (F)   54        37      1937
                                             1926


SUNRISE AND SUNSET
MARCH 16 2017.........SUNRISE   732 AM EDT   SUNSET   733 PM EDT
MARCH 17 2017.........SUNRISE   731 AM EDT   SUNSET   734 PM EDT


-  INDICATES NEGATIVE NUMBERS.
R  INDICATES RECORD WAS SET OR TIED.
MM INDICATES DATA IS MISSING.
T  INDICATES TRACE AMOUNT.

&&

DAYTONA BEACH SURF TEMPERATURE 60 DEGREES.

$$
