000
CDUS42 KMLB 210626
CLIDAB


CLIMATE REPORT
NATIONAL WEATHER SERVICE MELBOURNE FL
226 AM EDT MON JUL 21 2014


...................................

...THE DAYTONA BEACH CLIMATE SUMMARY FOR JULY 20 2014...

CLIMATE NORMAL PERIOD 1981 TO 2010
CLIMATE RECORD PERIOD 1923 TO 2014


WEATHER ITEM   OBSERVED TIME   RECORD YEAR NORMAL DEPARTURE LAST
                VALUE   (LST)  VALUE       VALUE  FROM      YEAR
                                                  NORMAL
..................................................................
TEMPERATURE (F)
 YESTERDAY
  MAXIMUM         91    108 PM  98    1986  91      0       90
  MINIMUM         75   1159 PM  67    1926  73      2       73
                                      1925
  AVERAGE         83                        82      1       82

PRECIPITATION (IN)
  YESTERDAY        0.11          2.49 1993   0.18  -0.07     1.08
  MONTH TO DATE    5.49                      3.77   1.72     5.09
  SINCE JUN 1      9.24                      9.60  -0.36    12.49
  SINCE JAN 1     28.99                     24.67   4.32    27.32

SNOWFALL (IN)
  YESTERDAY        0.0
  MONTH TO DATE    0.0
  SINCE JUL 1      0.0

DEGREE DAYS
 HEATING
  YESTERDAY        0                         0      0        0
  MONTH TO DATE    0                         0      0        0
  SINCE JUN 1      0                         0      0        0
  SINCE JUL 1      0                         0      0        0

 COOLING
  YESTERDAY       18                        17      1       17
  MONTH TO DATE  318                       329    -11      322
  SINCE JUN 1    766                       776    -10      810
  SINCE JAN 1   1432                      1377     55     1462
..................................................................


WIND (MPH)
  HIGHEST WIND SPEED    23   HIGHEST WIND DIRECTION     W (250)
  HIGHEST GUST SPEED    28   HIGHEST GUST DIRECTION     W (250)
  AVERAGE WIND SPEED     4.8


SKY COVER
  AVERAGE SKY COVER 0.6


WEATHER CONDITIONS
 THE FOLLOWING WEATHER WAS RECORDED YESTERDAY.
  THUNDERSTORM
  LIGHT RAIN
  FOG


RELATIVE HUMIDITY (PERCENT)
 HIGHEST    94           300 AM
 LOWEST     59           100 PM
 AVERAGE    77

..........................................................


THE DAYTONA BEACH CLIMATE NORMALS FOR TODAY
                         NORMAL    RECORD    YEAR
 MAXIMUM TEMPERATURE (F)   91        97      1942
 MINIMUM TEMPERATURE (F)   73        63      1925


SUNRISE AND SUNSET
JULY 21 2014..........SUNRISE   638 AM EDT   SUNSET   823 PM EDT
JULY 22 2014..........SUNRISE   639 AM EDT   SUNSET   822 PM EDT


-  INDICATES NEGATIVE NUMBERS.
R  INDICATES RECORD WAS SET OR TIED.
MM INDICATES DATA IS MISSING.
T  INDICATES TRACE AMOUNT.




$$
