000
CDUS42 KMLB 230635
CLIDAB


CLIMATE REPORT
NATIONAL WEATHER SERVICE MELBOURNE FL
135 AM EST MON FEB 23 2015


...................................

...THE DAYTONA BEACH CLIMATE SUMMARY FOR FEBRUARY 22 2015...

CLIMATE NORMAL PERIOD 1981 TO 2010
CLIMATE RECORD PERIOD 1923 TO 2015


WEATHER ITEM   OBSERVED TIME   RECORD YEAR NORMAL DEPARTURE LAST
                VALUE   (LST)  VALUE       VALUE  FROM      YEAR
                                                  NORMAL
..................................................................
TEMPERATURE (F)
 YESTERDAY
  MAXIMUM         80    129 PM  87    1962  72      8       71
  MINIMUM         51    700 AM  33    1978  51      0       57
  AVERAGE         66                        61      5       64

PRECIPITATION (IN)
  YESTERDAY        0.00          2.32 1990   0.10  -0.10      T
  MONTH TO DATE    2.13                      2.13   0.00     2.43
  SINCE DEC 1      7.51                      7.50   0.01     6.89
  SINCE JAN 1      4.68                      4.87  -0.19     5.20

SNOWFALL (IN)
  YESTERDAY        0.0
  MONTH TO DATE    0.0
  SINCE JUL 1      0.0

DEGREE DAYS
 HEATING
  YESTERDAY        0                         5     -5        1
  MONTH TO DATE  193                       136     57       97
  SINCE DEC 1    506                       579    -73      460
  SINCE JUL 1    635                       653    -18      491

 COOLING
  YESTERDAY        1                         1      0        0
  MONTH TO DATE    1                        22    -21       51
  SINCE DEC 1    115                       102     13      190
  SINCE JAN 1     32                        51    -19       76
..................................................................


WIND (MPH)
  HIGHEST WIND SPEED    13   HIGHEST WIND DIRECTION     E (90)
  HIGHEST GUST SPEED    19   HIGHEST GUST DIRECTION    SE (120)
  AVERAGE WIND SPEED     3.9


SKY COVER
  AVERAGE SKY COVER 0.2


WEATHER CONDITIONS
 THE FOLLOWING WEATHER WAS RECORDED YESTERDAY.
  FOG


RELATIVE HUMIDITY (PERCENT)
 HIGHEST   100           400 AM
 LOWEST     45           100 PM
 AVERAGE    73

..........................................................


THE DAYTONA BEACH CLIMATE NORMALS FOR TODAY
                         NORMAL    RECORD    YEAR
 MAXIMUM TEMPERATURE (F)   72        87      2013
 MINIMUM TEMPERATURE (F)   51        27      1978


SUNRISE AND SUNSET
FEBRUARY 23 2015......SUNRISE   656 AM EST   SUNSET   620 PM EST
FEBRUARY 24 2015......SUNRISE   655 AM EST   SUNSET   620 PM EST


-  INDICATES NEGATIVE NUMBERS.
R  INDICATES RECORD WAS SET OR TIED.
MM INDICATES DATA IS MISSING.
T  INDICATES TRACE AMOUNT.




$$
