000
CDUS42 KMLB 110623
CLIDAB


CLIMATE REPORT
NATIONAL WEATHER SERVICE MELBOURNE FL
223 AM EDT FRI AUG 11 2017


...................................

...THE DAYTONA BEACH CLIMATE SUMMARY FOR AUGUST 10 2017...

CLIMATE NORMAL PERIOD 1981 TO 2010
CLIMATE RECORD PERIOD 1923 TO 2017


WEATHER ITEM   OBSERVED TIME   RECORD YEAR NORMAL DEPARTURE LAST
                VALUE   (LST)  VALUE       VALUE  FROM      YEAR
                                                  NORMAL
..................................................................
TEMPERATURE (F)
 YESTERDAY
  MAXIMUM         91   1118 AM  96    1984  90      1       91
  MINIMUM         80    607 AM  67    1937  74      6       72
  AVERAGE         86                        82      4       82

PRECIPITATION (IN)
  YESTERDAY        0.00          1.89 1997   0.19  -0.19      T
  MONTH TO DATE    1.45                      1.91  -0.46     0.46
  SINCE JUN 1     16.87                     13.57   3.30     4.74
  SINCE JAN 1     25.10                     28.64  -3.54    24.74

SNOWFALL (IN)
  YESTERDAY        0.0
  MONTH TO DATE    0.0
  SINCE JUL 1      0.0

DEGREE DAYS
 HEATING
  YESTERDAY        0                         0      0        0
  MONTH TO DATE    0                         0      0        0
  SINCE JUN 1      0                         0      0        0
  SINCE JUL 1      0                         0      0        0

 COOLING
  YESTERDAY       21                        17      4       17
  MONTH TO DATE  191                       170     21      187
  SINCE JUN 1   1223                      1132     91     1289
  SINCE JAN 1   2040                      1733    307     2063
..................................................................


WIND (MPH)
  HIGHEST WIND SPEED    20   HIGHEST WIND DIRECTION    NE (30)
  HIGHEST GUST SPEED    25   HIGHEST GUST DIRECTION    NE (40)
  AVERAGE WIND SPEED     9.6


SKY COVER
  AVERAGE SKY COVER 0.6


WEATHER CONDITIONS
 THE FOLLOWING WEATHER WAS RECORDED YESTERDAY.
  NO SIGNIFICANT WEATHER WAS OBSERVED.


RELATIVE HUMIDITY (PERCENT)
 HIGHEST    94          1200 AM
 LOWEST     64          1100 AM
 AVERAGE    79

..........................................................


THE DAYTONA BEACH CLIMATE NORMALS FOR TODAY
                         NORMAL    RECORD    YEAR
 MAXIMUM TEMPERATURE (F)   90        97      2006
                                             1984
 MINIMUM TEMPERATURE (F)   74        65      1946


SUNRISE AND SUNSET
AUGUST 11 2017........SUNRISE   651 AM EDT   SUNSET   808 PM EDT
AUGUST 12 2017........SUNRISE   651 AM EDT   SUNSET   807 PM EDT


-  INDICATES NEGATIVE NUMBERS.
R  INDICATES RECORD WAS SET OR TIED.
MM INDICATES DATA IS MISSING.
T  INDICATES TRACE AMOUNT.




$$
