000
CDUS42 KMLB 182023
CLIDAB


CLIMATE REPORT
NATIONAL WEATHER SERVICE MELBOURNE FL
422 PM EDT MON MAY 18 2015


...................................

...THE DAYTONA BEACH CLIMATE SUMMARY FOR MAY 18 2015...
VALID TODAY AS OF 0400 PM LOCAL TIME.

CLIMATE NORMAL PERIOD 1981 TO 2010
CLIMATE RECORD PERIOD 1923 TO 2015


WEATHER ITEM   OBSERVED TIME   RECORD YEAR NORMAL DEPARTURE LAST
                VALUE   (LST)  VALUE       VALUE  FROM      YEAR
                                                  NORMAL
..................................................................
TEMPERATURE (F)
 TODAY
  MAXIMUM         84    234 PM  97    1995  85     -1       80
  MINIMUM         68    516 AM  49    1940  66      2       57
  AVERAGE         76                        76      0       69

PRECIPITATION (IN)
  TODAY            T             4.20 1932   0.10  -0.10     0.00
  MONTH TO DATE    2.15                      1.41   0.74     2.68
  SINCE MAR 1      8.44                      7.83   0.61    11.74
  SINCE JAN 1     13.87                     13.35   0.52    18.32

SNOWFALL (IN)
  TODAY            0.0
  MONTH TO DATE    0.0
  SINCE JUL 1      0.0

DEGREE DAYS
 HEATING
  TODAY            0                         0      0        0
  MONTH TO DATE    0                         0      0        0
  SINCE MAR 1     35                       125    -90       89
  SINCE JUL 1    682                       807   -125      602

 COOLING
  TODAY           11                        11      0        4
  MONTH TO DATE  182                       157     25      172
  SINCE MAR 1    687                       379    308      423
  SINCE JAN 1    727                       444    283      507
..................................................................


WIND (MPH)
  HIGHEST WIND SPEED    14   HIGHEST WIND DIRECTION     E (70)
  HIGHEST GUST SPEED    19   HIGHEST GUST DIRECTION     E (100)
  AVERAGE WIND SPEED     3.8


SKY COVER
  AVERAGE SKY COVER 0.3


WEATHER CONDITIONS
 THE FOLLOWING WEATHER WAS RECORDED TODAY.
  LIGHT RAIN
  FOG


RELATIVE HUMIDITY (PERCENT)
 HIGHEST    97           300 AM
 LOWEST     58           200 PM
 AVERAGE    78

..........................................................


THE DAYTONA BEACH CLIMATE NORMALS FOR TOMORROW
                         NORMAL    RECORD    YEAR
 MAXIMUM TEMPERATURE (F)   85        94      1995
 MINIMUM TEMPERATURE (F)   66        50      1984
                                             1940


SUNRISE AND SUNSET
MAY 18 2015...........SUNRISE   631 AM EDT   SUNSET   811 PM EDT
MAY 19 2015...........SUNRISE   630 AM EDT   SUNSET   811 PM EDT


-  INDICATES NEGATIVE NUMBERS.
R  INDICATES RECORD WAS SET OR TIED.
MM INDICATES DATA IS MISSING.
T  INDICATES TRACE AMOUNT.

&&

DAYTONA BEACH SURF TEMPERATURE 76 DEGREES.


$$
