000
CDUS42 KMLB 202130
CLIDAB


CLIMATE REPORT
NATIONAL WEATHER SERVICE MELBOURNE FL
428 PM EST THU NOV 20 2014


...................................

...THE DAYTONA BEACH CLIMATE SUMMARY FOR NOVEMBER 20 2014...
VALID TODAY AS OF 400 PM LOCAL TIME.

CLIMATE NORMAL PERIOD 1981 TO 2010
CLIMATE RECORD PERIOD 1923 TO 2014


WEATHER ITEM   OBSERVED TIME   RECORD YEAR NORMAL DEPARTURE LAST
                VALUE   (LST)  VALUE       VALUE  FROM      YEAR
                                                  NORMAL
..................................................................
TEMPERATURE (F)
 TODAY
  MAXIMUM         65   1142 AM  88    1988  75    -10       79
  MINIMUM         40    704 AM  37    1949  56    -16       70
  AVERAGE         53                        66    -13       75

PRECIPITATION (IN)
  TODAY            0.00          1.21 1952   0.07  -0.07      T
  MONTH TO DATE    2.32                      1.86   0.46     0.67
  SINCE SEP 1     21.05                     13.03   8.02     8.70
  SINCE JAN 1     54.22                     46.16   8.06    43.92

SNOWFALL (IN)
  TODAY            0.0
  MONTH TO DATE    0.0
  SINCE JUL 1      0.0

DEGREE DAYS
 HEATING
  TODAY           12                         3      9        0
  MONTH TO DATE   89                        33     56        2
  SINCE SEP 1     89                        41     48        3
  SINCE JUL 1     89                        41     48        3

 COOLING
  TODAY            0                         3     -3       10
  MONTH TO DATE   33                        88    -55      136
  SINCE SEP 1    749                       810    -61      900
  SINCE JAN 1   2941                      2884     57     3096
..................................................................


WIND (MPH)
  HIGHEST WIND SPEED    18   HIGHEST WIND DIRECTION     N (20)
  HIGHEST GUST SPEED    23   HIGHEST GUST DIRECTION     N (20)
  AVERAGE WIND SPEED     6.1


SKY COVER
  AVERAGE SKY COVER 0.5


WEATHER CONDITIONS
 THE FOLLOWING WEATHER WAS RECORDED TODAY.
  NO SIGNIFICANT WEATHER WAS OBSERVED.


RELATIVE HUMIDITY (PERCENT)
 HIGHEST    83          1200 AM
 LOWEST     44          1200 PM
 AVERAGE    64

..........................................................


THE DAYTONA BEACH CLIMATE NORMALS FOR TOMORROW
                         NORMAL    RECORD    YEAR
 MAXIMUM TEMPERATURE (F)   75        84      1996
 MINIMUM TEMPERATURE (F)   56        30      1937


SUNRISE AND SUNSET
NOVEMBER 20 2014......SUNRISE   652 AM EST   SUNSET   528 PM EST
NOVEMBER 21 2014......SUNRISE   653 AM EST   SUNSET   527 PM EST


-  INDICATES NEGATIVE NUMBERS.
R  INDICATES RECORD WAS SET OR TIED.
MM INDICATES DATA IS MISSING.
T  INDICATES TRACE AMOUNT.

&&

DAYTONA BEACH SURF TEMPERATURE 61

$$
