000
CDUS42 KMLB 142117
CLIDAB


CLIMATE REPORT
NATIONAL WEATHER SERVICE MELBOURNE FL
417 PM EST TUE FEB 14 2017


...................................

...THE DAYTONA BEACH CLIMATE SUMMARY FOR FEBRUARY 14 2017...
VALID TODAY AS OF 0400 PM LOCAL TIME.

CLIMATE NORMAL PERIOD 1981 TO 2010
CLIMATE RECORD PERIOD 1923 TO 2017


WEATHER ITEM   OBSERVED TIME   RECORD YEAR NORMAL DEPARTURE LAST
                VALUE   (LST)  VALUE       VALUE  FROM      YEAR
                                                  NORMAL
..................................................................
TEMPERATURE (F)
 TODAY
  MAXIMUM         78    158 PM  89    1935  71      7       67
  MINIMUM         54    554 AM  28    1958  50      4       39
  AVERAGE         66                        60      6       53

PRECIPITATION (IN)
  TODAY            0.00          1.58 1947   0.10  -0.10     0.00
  MONTH TO DATE    0.46                      1.34  -0.88     2.85
  SINCE DEC 1      3.14                      6.71  -3.57    10.47
  SINCE JAN 1      2.44                      4.08  -1.64     9.90

SNOWFALL (IN)
  TODAY            0.0
  MONTH TO DATE    0.0
  SINCE JUL 1      0.0

DEGREE DAYS
 HEATING
  TODAY            0                         6     -6       12
  MONTH TO DATE   35                        93    -58      117
  SINCE DEC 1    249                       536   -287      385
  SINCE JUL 1    286                       610   -324      397

 COOLING
  TODAY            1                         1      0        0
  MONTH TO DATE   16                        14      2       21
  SINCE DEC 1    191                        94     97      243
  SINCE JAN 1     83                        43     40       34
..................................................................


WIND (MPH)
  HIGHEST WIND SPEED    10   HIGHEST WIND DIRECTION     E (110)
  HIGHEST GUST SPEED    15   HIGHEST GUST DIRECTION     S (160)
  AVERAGE WIND SPEED     3.2


SKY COVER
  AVERAGE SKY COVER 0.3


WEATHER CONDITIONS
 THE FOLLOWING WEATHER WAS RECORDED TODAY.
  NO SIGNIFICANT WEATHER WAS OBSERVED.


RELATIVE HUMIDITY (PERCENT)
 HIGHEST   100           100 AM
 LOWEST     60          1200 PM
 AVERAGE    80

..........................................................


THE DAYTONA BEACH CLIMATE NORMALS FOR TOMORROW
                         NORMAL    RECORD    YEAR
 MAXIMUM TEMPERATURE (F)   71        85      1959
                                             1935
 MINIMUM TEMPERATURE (F)   50        26      1943


SUNRISE AND SUNSET
FEBRUARY 14 2017......SUNRISE   704 AM EST   SUNSET   613 PM EST
FEBRUARY 15 2017......SUNRISE   703 AM EST   SUNSET   614 PM EST


-  INDICATES NEGATIVE NUMBERS.
R  INDICATES RECORD WAS SET OR TIED.
MM INDICATES DATA IS MISSING.
T  INDICATES TRACE AMOUNT.




$$
