000
CXUS52 KMLB 011625 AAA
CLMDAB

CLIMATE REPORT
NATIONAL WEATHER SERVICE MELBOURNE FL
1139 AM EDT MON JUN 1 2015

...................................

...THE DAYTONA BEACH CLIMATE SUMMARY FOR THE MONTH OF MAY 2015...

CLIMATE NORMAL PERIOD 1981 TO 2010
CLIMATE RECORD PERIOD 1923 TO 2015

WEATHER         OBSERVED          NORMAL  DEPART  LAST YEAR`S
                 VALUE   DATE(S)  VALUE   FROM    VALUE
                                          NORMAL
.............................................................
TEMPERATURE (F)
MONTHLY RECORD
 WARMEST         79.0   1995
 COOLEST         69.7   1940
DAILY RECORD
 HIGH             100   05/26/1953
 LOW               40   05/05/1940
MAY 2015
HIGHEST            92   05/21                         92
LOWEST             56   05/03                         57
                        05/02
AVG. MAXIMUM     84.6              84.7    -0.1     84.2
AVG. MINIMUM     68.5              65.4     3.1     66.6
MEAN             76.6              75.0     1.6     75.4
DAYS MAX >= 90      1               5.1    -4.1        3
DAYS MAX <= 32      0               0.0     0.0        0
DAYS MIN <= 32      0               0.0     0.0        0
DAYS MIN <= 0       0               0.0     0.0        0

PRECIPITATION (INCHES)
MONTHLY RECORD
 MAXIMUM        22.33   2009
 MINIMUM         0.08   1965
DAILY RECORD
 MAXIMUM         6.37   05/20/2009
MAY 2015
TOTALS           2.62              3.13   -0.51     4.11
DAYS >= .01         8               6.8     1.2        6
DAYS >= .10         5               4.3     0.7        6
DAYS >= .50         1               1.8    -0.8        3
DAYS >= 1.00        1               0.8     0.2        2
GREATEST
 24 HR. TOTAL    1.29   05/15 TO 05/15
                        05/14 TO 05/15
                        05/15 TO 05/15

SNOWFALL (INCHES)
TOTALS            0.0               0.0     0.0      0.0
SINCE 7/1         0.0               0.0     0.0      0.0
DAYS >= TRACE       0                                  0

DEGREE_DAYS
HEATING TOTAL       0                 2      -2        0
 SINCE 7/1        682               809    -127      602
COOLING TOTAL     368               314      54      331
 SINCE 1/1        913               601     312      666
..............................................................

WIND (MPH)
AVERAGE WIND SPEED              7.3
HIGHEST WIND SPEED/DIRECTION    21/050    DATE  05/24
HIGHEST GUST SPEED/DIRECTION    29/030    DATE  05/02

SKY COVER
POSSIBLE SUNSHINE (PERCENT)   MM
AVERAGE SKY COVER           0.40
NUMBER OF DAYS FAIR           11
NUMBER OF DAYS PC             18
NUMBER OF DAYS CLOUDY          2

AVERAGE RH (PERCENT)     72

WEATHER CONDITIONS. NUMBER OF DAYS WITH
THUNDERSTORM              8     MIXED PRECIP               0
HEAVY RAIN                2     RAIN                       3
LIGHT RAIN               15     LT FREEZING RAIN           0
HAIL                      0     LIGHT SNOW                 0
SLEET                     0     FOG                       14
FOG W/VIS <= 1/4 MILE     0     HAZE                       4

-  INDICATES NEGATIVE NUMBERS.
R  INDICATES RECORD WAS SET OR TIED.
MM INDICATES DATA IS MISSING.
T  INDICATES TRACE AMOUNT.

================================================================

...THE DAYTONA BEACH CLIMATE SUMMARY FOR THE SPRING SEASON, FROM
3/1/2015 TO 5/31/2015...

CLIMATE NORMAL PERIOD 1981 TO 2010
CLIMATE RECORD PERIOD 1923 TO 2015

WEATHER         OBSERVED          NORMAL  DEPART  LAST YEAR`S
                 VALUE   DATE(S)  VALUE   FROM    VALUE  DATE(S)
                                          NORMAL
................................................................
TEMPERATURE (F)
SPRING RECORDS
 WARMEST         73.8   2015
 COOLEST         65.6   1983
DAILY RECORDS
 HIGH             100   05/26/1953
 LOW               26   03/03/1980
SPRING 2015
HIGHEST            92   05/21                         92
LOWEST             43   03/29                         42
AVG. MAXIMUM     82.6              79.5     3.1     79.6
AVG. MINIMUM     65.1              59.4     5.7     60.6
MEAN             73.8              69.4     4.4     70.1
DAYS MAX >= 90      2               6.0    -4.0        4
DAYS MAX <= 32      0               0.0     0.0        0
DAYS MIN <= 32      0               0.1    -0.1        0
DAYS MIN <= 0       0               0.0     0.0        0

PRECIPITATION (INCHES)
SPRING RECORDS
 MAXIMUM        25.19   2009
 MINIMUM         1.04   1967
SPRING 2015
TOTALS           8.91              9.55   -0.64    13.17
DAYS >= .01        25              20.8     4.2       22
DAYS >= .10        15              13.1     1.9       15
DAYS >= .50         5               5.9    -0.9       10
DAYS >= 1.00        3               2.9     0.1        5
GREATEST
 24 HR. TOTAL    2.77   04/12 TO 04/13

SNOWFALL (INCHES)
TOTALS            0.0               0.0     0.0      0.0
SINCE 7/1         0.0               0.0     0.0      0.0
SNOWDEPTH AVG.      0                                  0
DAYS >= TRACE       0                                  0

DEGREE_DAYS
HEATING TOTAL      35               127     -92       89
COOLING TOTAL     873               535     338      582
.................................................................

WIND (MPH)
AVERAGE WIND SPEED              6.6
HIGHEST WIND SPEED/DIRECTION    29/310    DATE  04/20
HIGHEST GUST SPEED/DIRECTION    40/320    DATE  04/20

SKY COVER
POSSIBLE SUNSHINE (PERCENT)   MM
AVERAGE SKY COVER           0.50
NUMBER OF DAYS FAIR           24
NUMBER OF DAYS PC             46
NUMBER OF DAYS CLOUDY         22

AVERAGE RH (PERCENT)     75

WEATHER CONDITIONS. NUMBER OF DAYS WITH
THUNDERSTORM             15     MIXED PRECIP               0
HEAVY RAIN               10     RAIN                      10
LIGHT RAIN               39     LT FREEZING RAIN           0
HAIL                      0     SLEET                      0
FOG                      65     FOG W/VIS <= 1/4 MILE      7
HAZE                     21

-  INDICATES NEGATIVE NUMBERS.
R  INDICATES RECORD WAS SET OR TIED.
MM INDICATES DATA IS MISSING.
T  INDICATES TRACE AMOUNT.

$$

ULRICH
