000
CXUS52 KMLB 012013
CLMDAB


CLIMATE REPORT
NATIONAL WEATHER SERVICE MELBOURNE FL
412 PM EDT TUE AUG 1 2017

...................................

...THE DAYTONA BEACH CLIMATE SUMMARY FOR THE MONTH OF JULY 2017...

CLIMATE NORMAL PERIOD 1981 TO 2010
CLIMATE RECORD PERIOD 1923 TO 2017

WEATHER         OBSERVED          NORMAL  DEPART  LAST YEAR`S
                 VALUE   DATE(S)  VALUE   FROM    VALUE
                                          NORMAL
.............................................................
TEMPERATURE (F)
RECORD
 HIGH             102   07/15/1981
 LOW               60   07/01/1981
HIGHEST            95   07/27        91       4       97
                        07/25
LOWEST             72   07/21        72       0       72
                        07/17
                        07/03
AVG. MAXIMUM     90.7              90.2     0.5     93.8
AVG. MINIMUM     74.9              73.0     1.9     74.3
MEAN             82.8              81.6     1.2     84.1
DAYS MAX >= 90     24              15.1     8.9       31
DAYS MAX <= 32      0               0.0     0.0        0
DAYS MIN <= 32      0               0.0     0.0        0
DAYS MIN <= 0       0               0.0     0.0        0

PRECIPITATION (INCHES)
RECORD
 MAXIMUM        14.58   1944
 MINIMUM         0.16   1992
TOTALS           6.20              5.83    0.37     0.71
DAYS >= .01        15              12.8     2.2        4
DAYS >= .10        11               8.8     2.2        3
DAYS >= .50         6               4.0     2.0        0
DAYS >= 1.00        1               1.6    -0.6        0
GREATEST
 24 HR. TOTAL    1.61   07/22 TO 07/22

SNOWFALL (INCHES)
TOTALS            0.0               0.0     0.0      0.0
SINCE 7/1         0.0               0.0     0.0      0.0
DAYS >= TRACE       0                                  0

DEGREE_DAYS
HEATING TOTAL       0                 0       0        0
 SINCE 7/1          0                 0       0        0
COOLING TOTAL     559               515      44      601
 SINCE 1/1       1849              1563     286     1876
..............................................................

WIND (MPH)
AVERAGE WIND SPEED              5.3
HIGHEST WIND SPEED/DIRECTION    32/170    DATE  07/03
HIGHEST GUST SPEED/DIRECTION    45/180    DATE  07/03

SKY COVER
POSSIBLE SUNSHINE (PERCENT)   MM
AVERAGE SKY COVER           0.50
NUMBER OF DAYS FAIR            5
NUMBER OF DAYS PC             26
NUMBER OF DAYS CLOUDY          0

AVERAGE RH (PERCENT)     80

WEATHER CONDITIONS. NUMBER OF DAYS WITH
THUNDERSTORM              0     MIXED PRECIP               0
HEAVY RAIN               13     RAIN                       7
LIGHT RAIN               17     LT FREEZING RAIN           0
HAIL                      0     LIGHT SNOW                 0
SLEET                     0     FOG                       22
FOG W/VIS <= 1/4 MILE     0     HAZE                       5

-  INDICATES NEGATIVE NUMBERS.
R  INDICATES RECORD WAS SET OR TIED.
MM INDICATES DATA IS MISSING.
T  INDICATES TRACE AMOUNT.

$$
