000
CXUS52 KMLB 011227
CLMDAB


CLIMATE REPORT
NATIONAL WEATHER SERVICE MELBOURNE FL
802 AM EDT WED APR 1 2015

...................................

...THE DAYTONA BEACH CLIMATE SUMMARY FOR THE MONTH OF MARCH 2015...

CLIMATE NORMAL PERIOD 1981 TO 2010
CLIMATE RECORD PERIOD 1923 TO 2015

WEATHER         OBSERVED          NORMAL  DEPART  LAST YEAR`S
                 VALUE   DATE(S)  VALUE   FROM    VALUE
                                          NORMAL
.............................................................
TEMPERATURE (F)
MONTHLY RECORD
 HOTTEST         70.1   1945
 COLDEST         57.9   1969

DAILY RECORD
 HIGH              92   03/28/1994
                        03/24/1935
                        03/23/1935
 LOW               26   03/03/1980

MARCH 2015
HIGHEST            88   03/17                         85
                        03/14
LOWEST             43   03/29                         42
AVG. MAXIMUM     79.6              74.5     5.1     73.7
AVG. MINIMUM     59.8              54.2     5.6     54.5
MEAN             69.7              64.3     5.4     64.1
DAYS MAX >= 90      0               0.0     0.0        0
DAYS MAX <= 32      0               0.0     0.0        0
DAYS MIN <= 32      0               0.1    -0.1        0
DAYS MIN <= 0       0               0.0     0.0        0

PRECIPITATION (INCHES)
MONTHLY RECORD
 MAXIMUM        12.15   1996
 MINIMUM         0.08   2006

DAILY RECORD
 MAXIMUM         4.98"  3/22/1953

MARCH 2015
TOTALS           0.86              4.24   -3.38     4.72
DAYS >= .01         4               8.2    -4.2        8
DAYS >= .10         3               5.3    -2.3        4
DAYS >= .50         0               2.8    -2.8        3
DAYS >= 1.00        0               1.5    -1.5        2
GREATEST
 24 HR. TOTAL    0.43   03/23 TO 03/23

SNOWFALL (INCHES)
TOTALS            0.0               0.0     0.0      0.0
SINCE 7/1         0.0               0.0     0.0      0.0
DAYS >= TRACE       0                                  0

DEGREE_DAYS
HEATING TOTAL      35                97     -62       80
 SINCE 7/1        682               779     -97      593
COOLING TOTAL     190                77     113       59
 SINCE 1/1        230               142      88      143
..............................................................

WIND (MPH)
AVERAGE WIND SPEED              6.5
HIGHEST WIND SPEED/DIRECTION    26/270    DATE  03/27
HIGHEST GUST SPEED/DIRECTION    38/270    DATE  03/27

SKY COVER
POSSIBLE SUNSHINE (PERCENT)   MM
AVERAGE SKY COVER           0.50
NUMBER OF DAYS FAIR            9
NUMBER OF DAYS PC             12
NUMBER OF DAYS CLOUDY         10

AVERAGE RH (PERCENT)     76

WEATHER CONDITIONS. NUMBER OF DAYS WITH
THUNDERSTORM              0     MIXED PRECIP               0
HEAVY RAIN                2     RAIN                       1
LIGHT RAIN                8     LT FREEZING RAIN           0
HAIL                      0     LIGHT SNOW                 0
SLEET                     0     FOG                       26
FOG W/VIS <= 1/4 MILE     6     HAZE                      10

-  INDICATES NEGATIVE NUMBERS.
R  INDICATES RECORD WAS SET OR TIED.
MM INDICATES DATA IS MISSING.
T  INDICATES TRACE AMOUNT.

$$
