925
CXUS52 KMLB 011929 AAA
CLMDAB

CLIMATE REPORT...AMENDED TO ADD SEASONAL CLIMATE
NATIONAL WEATHER SERVICE MELBOURNE FL
0230 PM EST WED MAR 1 2017

...................................

...THE DAYTONA BEACH CLIMATE SUMMARY FOR THE MONTH OF FEBRUARY
2017...

CLIMATE NORMAL PERIOD 1981 TO 2010
CLIMATE RECORD PERIOD 1923 TO 2017

WEATHER         OBSERVED          NORMAL  DEPART  LAST YEAR`S
                 VALUE   DATE(S)  VALUE   FROM    VALUE
                                          NORMAL
.............................................................
TEMPERATURE (F)
MONTHLY RECORD
 HOTTEST         69.6    1932
 COLDEST         50.7    1958

DAILY RECORD
 HIGH              89   02/01/1985
                        02/26/1939
                        02/11/1939
 LOW               24   02/18/1958
                        02/04/1940
FEBRUARY 2017
HIGHEST            82   02/28                         83
                        02/08
                        02/07
LOWEST             41   02/17                         35
AVG. MAXIMUM     76.2              70.7     5.5     70.3
AVG. MINIMUM     53.2              50.1     3.1     48.9
MEAN             64.7              60.4     4.3     59.6
DAYS MAX >= 90      0               0.0     0.0        0
DAYS MAX <= 32      0               0.0     0.0        0
DAYS MIN <= 32      0               0.7    -0.7        0
DAYS MIN <= 0       0               0.0     0.0        0

PRECIPITATION (INCHES)
MONTHLY RECORD
 MAXIMUM         9.13   1960
 MINIMUM         0.18   1943
DAILY RECORD
 MAXIMUM         3.57   02/24/1960
FEBRUARY 2017
TOTALS           2.03              2.78   -0.75     3.66
DAYS >= .01         6               7.3    -1.3        7
DAYS >= .10         4               4.3    -0.3        5
DAYS >= .50         1               1.7    -0.7        2
DAYS >= 1.00        1               0.8     0.2        1
GREATEST
 24 HR. TOTAL    1.23   02/22 TO 02/22

SNOWFALL (INCHES)
TOTALS            0.0               0.0     0.0      0.0
SINCE 7/1         0.0               0.0     0.0      0.0
DAYS >= TRACE       0                                  0

DEGREE_DAYS
HEATING TOTAL      55               165    -110      185
 SINCE 7/1        306               682    -376      465
COOLING TOTAL      53                36      17       37
 SINCE 1/1        120                65      55       50
..............................................................

WIND (MPH)
AVERAGE WIND SPEED              6.7
HIGHEST WIND SPEED/DIRECTION    31/030    DATE  02/23
HIGHEST GUST SPEED/DIRECTION    42/260    DATE  02/15

SKY COVER
POSSIBLE SUNSHINE (PERCENT)   MM
AVERAGE SKY COVER           0.40
NUMBER OF DAYS FAIR           15
NUMBER OF DAYS PC             12
NUMBER OF DAYS CLOUDY          1

AVERAGE RH (PERCENT)     75

WEATHER CONDITIONS. NUMBER OF DAYS WITH
THUNDERSTORM              3     MIXED PRECIP               0
HEAVY RAIN                2     RAIN                       5
LIGHT RAIN                9     LT FREEZING RAIN           0
HAIL                      0     LIGHT SNOW                 0
SLEET                     0     FOG                       21
FOG W/VIS <= 1/4 MILE     4     HAZE                       4

-  INDICATES NEGATIVE NUMBERS.
R  INDICATES RECORD WAS SET OR TIED.
MM INDICATES DATA IS MISSING.
T  INDICATES TRACE AMOUNT.

...................................

...THE DAYTONA BEACH CLIMATE SUMMARY FOR THE WINTER SEASON, FROM
12/1/2016 TO 2/28/2017...

CLIMATE NORMAL PERIOD 1981 TO 2010
CLIMATE RECORD PERIOD 1923 TO 2017

WEATHER         OBSERVED          NORMAL  DEPART  LAST YEAR`S
                 VALUE   DATE(S)  VALUE   FROM    VALUE  DATE(S)
                                          NORMAL
................................................................
TEMPERATURE (F)
WINTER RECORDS
 WARMEST         69.5   1932
 COLDEST         53.3   1958
DAILY RECORD
 HIGH              92   01/15/1937
 LOW               15   01/21/1985
WINTER 2016-2017
HIGHEST            86   12/18                         85
LOWEST             35   01/08                         31
AVG. MAXIMUM     75.1              69.8     5.3     71.8
AVG. MINIMUM     53.5              49.3     4.2     53.3
MEAN             64.3              59.5     4.8     62.6
DAYS MAX >= 90      0               0.0     0.0        0
DAYS MAX <= 32      0               0.0     0.0        0
DAYS MIN <= 32      0               4.1    -4.1        1
DAYS MIN <= 0       0               0.0     0.0        0

PRECIPITATION (INCHES)
WINTER RECORDS
 MAXIMUM        19.34   1998
 MINIMUM         1.57   1985

WINTER 2016-2017
TOTALS           4.71              8.15   -3.44    11.28
DAYS >= .01        21              22.3    -1.3       25
DAYS >= .10        10              12.7    -2.7       13
DAYS >= .50         3               4.9    -1.9        8
DAYS >= 1.00        1               2.4    -1.4        3
GREATEST
 24 HR. TOTAL    1.23   02/22 TO 02/22

SNOWFALL (INCHES)
TOTALS            0.0               0.0     0.0      0.0
SINCE 7/1         0.0               0.0     0.0      0.0
SNOWDEPTH AVG.      0                                  0
DAYS >= TRACE       0                                  0

DEGREE_DAYS
HEATING TOTAL     269               608    -339      453
COOLING TOTAL     228               117     111      259
.................................................................

WIND (MPH)
AVERAGE WIND SPEED              6.6
HIGHEST WIND SPEED/DIRECTION    31/030    DATE  02/23
HIGHEST GUST SPEED/DIRECTION    48/200    DATE  01/22

SKY COVER
POSSIBLE SUNSHINE (PERCENT)   MM
AVERAGE SKY COVER           0.50
NUMBER OF DAYS FAIR           31
NUMBER OF DAYS PC             52
NUMBER OF DAYS CLOUDY          7

AVERAGE RH (PERCENT)     76

WEATHER CONDITIONS. NUMBER OF DAYS WITH
THUNDERSTORM              8     MIXED PRECIP               0
HEAVY RAIN                6     RAIN                      15
LIGHT RAIN               31     LT FREEZING RAIN           0
HAIL                      0     SLEET                      0
FOG                      70     FOG W/VIS <= 1/4 MILE     15
HAZE                      9

-  INDICATES NEGATIVE NUMBERS.
R  INDICATES RECORD WAS SET OR TIED.
MM INDICATES DATA IS MISSING.
T  INDICATES TRACE AMOUNT.

$$
