000
CXUS52 KMLB 011822 AAA
CLMDAB

CLIMATE REPORT...AMENDED TO ADD SEASONAL CLIMATE
NATIONAL WEATHER SERVICE MELBOURNE FL
221 PM EDT WED JUN 1 2016

...................................

...THE DAYTONA BEACH CLIMATE SUMMARY FOR THE MONTH OF MAY 2016...

CLIMATE NORMAL PERIOD 1981 TO 2010
CLIMATE RECORD PERIOD 1923 TO 2016

WEATHER         OBSERVED          NORMAL  DEPART  LAST YEAR`S
                 VALUE   DATE(S)  VALUE   FROM    VALUE
                                          NORMAL
.............................................................
TEMPERATURE (F)
MONTHLY RECORD
 HOTTEST         79.0   1995
 COLDEST         69.7   1940
DAILY RECORD
 HIGH             100   05/26/1953
 LOW               40   05/05/1940
MAY 2016
HIGHEST            93   05/30                         92
LOWEST             51   05/06                         56
AVG. MAXIMUM     85.8              84.7     1.1     84.6
AVG. MINIMUM     65.5              65.4     0.1     68.5
MEAN             75.7              75.0     0.7     76.6
DAYS MAX >= 90      5               5.1    -0.1        1
DAYS MAX <= 32      0               0.0     0.0        0
DAYS MIN <= 32      0               0.0     0.0        0
DAYS MIN <= 0       0               0.0     0.0        0

PRECIPITATION (INCHES)
MONTHLY RECORD
 MAXIMUM        22.33   2009
 MINIMUM         0.08   1965
DAILY RECORD
 MAXIMUM         6.37   05/20/2009
MAY 2016
TOTALS           5.70              3.13    2.57     2.62
DAYS >= .01         6               6.8    -0.8        8
DAYS >= .10         6               4.3     1.7        5
DAYS >= .50         3               1.8     1.2        1
DAYS >= 1.00        2               0.8     1.2        1
GREATEST
 24 HR. TOTAL    3.12   05/17 TO 05/17
                        05/16 TO 05/17
                        05/17 TO 05/17

SNOWFALL (INCHES)
TOTALS            0.0               0.0     0.0      0.0
SINCE 7/1         0.0               0.0     0.0      0.0
DAYS >= TRACE       0                                  0

DEGREE_DAYS
HEATING TOTAL       0                 2      -2        0
 SINCE 7/1        508               809    -301      682
COOLING TOTAL     340               314      26      368
 SINCE 1/1        774               601     173      913
..............................................................

WIND (MPH)
AVERAGE WIND SPEED              6.4
HIGHEST WIND SPEED/DIRECTION    37/260    DATE  05/17
HIGHEST GUST SPEED/DIRECTION    45/320    DATE  05/30

SKY COVER
POSSIBLE SUNSHINE (PERCENT)   MM
AVERAGE SKY COVER           0.50
NUMBER OF DAYS FAIR            9
NUMBER OF DAYS PC             20
NUMBER OF DAYS CLOUDY          2

AVERAGE RH (PERCENT)     72

WEATHER CONDITIONS. NUMBER OF DAYS WITH
THUNDERSTORM              8     MIXED PRECIP               0
HEAVY RAIN                6     RAIN                       3
LIGHT RAIN               12     LT FREEZING RAIN           0
HAIL                      0     LIGHT SNOW                 0
SLEET                     0     FOG                       12
FOG W/VIS <= 1/4 MILE     1     HAZE                       1

-  INDICATES NEGATIVE NUMBERS.
R  INDICATES RECORD WAS SET OR TIED.
MM INDICATES DATA IS MISSING.
T  INDICATES TRACE AMOUNT.

...................................

...THE DAYTONA BEACH CLIMATE SUMMARY FOR THE SPRING SEASON, FROM
3/1/2016 TO 5/31/2016...

CLIMATE NORMAL PERIOD 1981 TO 2010
CLIMATE RECORD PERIOD 1923 TO 2016

WEATHER         OBSERVED          NORMAL  DEPART  LAST YEAR`S
                 VALUE   DATE(S)  VALUE   FROM    VALUE  DATE(S)
                                          NORMAL
................................................................
TEMPERATURE (F)
SPRING RECORDS
 WARMEST         73.8   2015
 COLDEST         65.6   1983
DAILY RECORD
 HIGH             100   05/26/1953
 LOW               26   03/03/1980
SPRING 2016
HIGHEST            93   05/30                         92
LOWEST             42   03/22                         43
AVG. MAXIMUM     82.0              79.5     2.5     82.6
AVG. MINIMUM     62.2              59.4     2.8     65.1
MEAN             72.1              69.4     2.7     73.8
DAYS MAX >= 90      5               6.0    -1.0        2
DAYS MAX <= 32      0               0.0     0.0        0
DAYS MIN <= 32      0               0.1    -0.1        0
DAYS MIN <= 0       0               0.0     0.0        0

PRECIPITATION (INCHES)
SPRING RECORDS
 MAXIMUM        25.19   2009
 MINIMUM         1.04   1967
SPRING 2016
TOTALS           9.29              9.55   -0.26     8.91
DAYS >= .01        25              20.8     4.2       25
DAYS >= .10        16              13.1     2.9       15
DAYS >= .50         6               5.9     0.1        5
DAYS >= 1.00        2               2.9    -0.9        3
GREATEST
 24 HR. TOTAL    3.12   MM

SNOWFALL (INCHES)
TOTALS            0.0               0.0     0.0      0.0
SINCE 7/1         0.0               0.0     0.0      0.0
SNOWDEPTH AVG.      0                                  0
DAYS >= TRACE       0                                  0

DEGREE_DAYS
HEATING TOTAL      43               127     -84       35
COOLING TOTAL     724               535     189      873
.................................................................

WIND (MPH)
AVERAGE WIND SPEED              7.0
HIGHEST WIND SPEED/DIRECTION    37/260    DATE  05/17
HIGHEST GUST SPEED/DIRECTION    45/320    DATE  05/30

SKY COVER
POSSIBLE SUNSHINE (PERCENT)   MM
AVERAGE SKY COVER           0.50
NUMBER OF DAYS FAIR           27
NUMBER OF DAYS PC             54
NUMBER OF DAYS CLOUDY         11

AVERAGE RH (PERCENT)     72

WEATHER CONDITIONS. NUMBER OF DAYS WITH
THUNDERSTORM             17     MIXED PRECIP               0
HEAVY RAIN               14     RAIN                      16
LIGHT RAIN               35     LT FREEZING RAIN           0
HAIL                      0     SLEET                      0
FOG                      47     FOG W/VIS <= 1/4 MILE      3
HAZE                     10

-  INDICATES NEGATIVE NUMBERS.
R  INDICATES RECORD WAS SET OR TIED.
MM INDICATES DATA IS MISSING.
T  INDICATES TRACE AMOUNT.

$$
