000
CXUS52 KMLB 011403 CCA
CLMDAB

CLIMATE REPORT
NATIONAL WEATHER SERVICE MELBOURNE FL
803 AM EST THU FEB 1 2018

...................................

...THE DAYTONA BEACH CLIMATE SUMMARY FOR THE MONTH OF JANUARY 2018...

CLIMATE NORMAL PERIOD 1981 TO 2010
CLIMATE RECORD PERIOD 1923 TO 2018

WEATHER         OBSERVED          NORMAL  DEPART  LAST YEAR`S
                 VALUE   DATE(S)  VALUE   FROM    VALUE
                                          NORMAL
.............................................................
TEMPERATURE (F)
MONTHLY RECORD
HOTTEST          70.6    1937
COLDEST          48.6    1940

DAILY RECORD
 HIGH              92   01/15/1937
 LOW               15   01/21/1985

JANUARY 2018
HIGHEST            82   01/23                         85
LOWEST             28   01/18        4                35
AVG. MAXIMUM     64.8              68.4    -3.6     73.5
AVG. MINIMUM     46.3              47.3    -1.0     51.6
MEAN             55.6              57.9    -2.3     62.5
DAYS MAX >= 90      0               0.0     0.0        0
DAYS MAX <= 32      0               0.0     0.0        0
DAYS MIN <= 32      4               2.3     1.7        0
DAYS MIN <= 0       0               0.0     0.0        0

PRECIPITATION (INCHES)
MONTHLY RECORD
 MAXIMUM         7.16   1986
 MINIMUM         0.07   2012
DAILY RECORD
 MAXIMUM         5.67   01/22/1989

JANUARY 2018
TOTALS           6.46              2.74    3.72     1.98
DAYS >= .01        11               7.5     3.5        9
DAYS >= .10         7               4.4     2.6        5
DAYS >= .50         5               1.4     3.6        1
DAYS >= 1.00        3               0.7     2.3        0
GREATEST
 24 HR. TOTAL    2.04   01/10 TO 01/10

SNOWFALL (INCHES)
TOTALS            0.0               0.0     0.0      0.0
SINCE 7/1         0.0               0.0     0.0      0.0
DAYS >= TRACE       0                                  0

DEGREE_DAYS
HEATING TOTAL     311               251      60      135
 SINCE 7/1        476               517     -41      251
COOLING TOTAL      27                29      -2       67
 SINCE 1/1         27                31      -4       67
..............................................................

WIND (MPH)
AVERAGE WIND SPEED              8.7
HIGHEST WIND SPEED/DIRECTION    33/040    DATE  01/10
HIGHEST GUST SPEED/DIRECTION    41/250    DATE  01/12

SKY COVER
POSSIBLE SUNSHINE (PERCENT)   MM
AVERAGE SKY COVER           0.50
NUMBER OF DAYS FAIR           10
NUMBER OF DAYS PC             15
NUMBER OF DAYS CLOUDY          6

AVERAGE RH (PERCENT)     78

WEATHER CONDITIONS. NUMBER OF DAYS WITH
THUNDERSTORM              2     MIXED PRECIP               0
HEAVY RAIN                7     RAIN                       7
LIGHT RAIN               13     LT FREEZING RAIN           0
HAIL                      0     LIGHT SNOW                 0
SLEET                     0     FOG                       15
FOG W/VIS <= 1/4 MILE     2     HAZE                       4

-  INDICATES NEGATIVE NUMBERS.
R  INDICATES RECORD WAS SET OR TIED.
MM INDICATES DATA IS MISSING.
T  INDICATES TRACE AMOUNT.

$$
