995
CXUS52 KMLB 011415
CLMDAB


CLIMATE REPORT
NATIONAL WEATHER SERVICE MELBOURNE FL
859 AM EST WED FEB 1 2017

...................................

...THE DAYTONA BEACH CLIMATE SUMMARY FOR THE MONTH OF JANUARY 2017...

CLIMATE NORMAL PERIOD 1981 TO 2010
CLIMATE RECORD PERIOD 1923 TO 2017

WEATHER         OBSERVED          NORMAL  DEPART  LAST YEAR`S
                 VALUE   DATE(S)  VALUE   FROM    VALUE
                                          NORMAL
.............................................................
TEMPERATURE (F)
MONTHLY RECORD
 HOTTEST         70.6   1937
 COLDEST         48.6   1940
DAILY RECORD
 HIGH              92   01/15/1937
 LOW               15   01/21/1985
JANUARY 2017
HIGHEST            85   01/22                         82
LOWEST             35   01/08                         31
AVG. MAXIMUM     73.5              68.4     5.1     66.4
AVG. MINIMUM     51.6              47.3     4.3     48.5
MEAN             62.5              57.9     4.6     57.4
DAYS MAX >= 90      0               0.0     0.0        0
DAYS MAX <= 32      0               0.0     0.0        0
DAYS MIN <= 32      0               2.3    -2.3        1
DAYS MIN <= 0       0               0.0     0.0        0

PRECIPITATION (INCHES)
MONTHLY RECORD
 MAXIMUM         7.16   1986
 MINIMUM         0.07   2012
DAILY RECORD
 MAXIMUM         5.67   01/22/1989
JANUARY 2017
TOTALS           1.98              2.74   -0.76     7.05
DAYS >= .01         9               7.5     1.5       12
DAYS >= .10         5               4.4     0.6        6
DAYS >= .50         1               1.4    -0.4        6
DAYS >= 1.00        0               0.7    -0.7        2
GREATEST
 24 HR. TOTAL    1.17   01/06 TO 01/07

SNOWFALL (INCHES)
TOTALS            0.0               0.0     0.0      0.0
SINCE 7/1         0.0               0.0     0.0      0.0
DAYS >= TRACE       0                                  0

DEGREE_DAYS
HEATING TOTAL     135               251    -116      243
 SINCE 7/1        251               517    -266      280
COOLING TOTAL      67                29      38       13
 SINCE 1/1         67                31      36       13
..............................................................

WIND (MPH)
AVERAGE WIND SPEED              6.6
HIGHEST WIND SPEED/DIRECTION    30/250    DATE  01/23
HIGHEST GUST SPEED/DIRECTION    48/200    DATE  01/22

SKY COVER
POSSIBLE SUNSHINE (PERCENT)   MM
AVERAGE SKY COVER           0.50
NUMBER OF DAYS FAIR            8
NUMBER OF DAYS PC             18
NUMBER OF DAYS CLOUDY          5

AVERAGE RH (PERCENT)     74

WEATHER CONDITIONS. NUMBER OF DAYS WITH
THUNDERSTORM              3     MIXED PRECIP               0
HEAVY RAIN                2     RAIN                       7
LIGHT RAIN               12     LT FREEZING RAIN           0
HAIL                      0     LIGHT SNOW                 0
SLEET                     0     FOG                       24
FOG W/VIS <= 1/4 MILE     5     HAZE                       4

-  INDICATES NEGATIVE NUMBERS.
R  INDICATES RECORD WAS SET OR TIED.
MM INDICATES DATA IS MISSING.
T  INDICATES TRACE AMOUNT.

$$
