456
CXUS52 KMLB 011420
CLMDAB


CLIMATE REPORT
NATIONAL WEATHER SERVICE MELBOURNE FL
901 AM EST MON FEB 1 2016

...................................

...THE DAYTONA BEACH CLIMATE SUMMARY FOR THE MONTH OF JANUARY 2016...

CLIMATE NORMAL PERIOD 1981 TO 2010
CLIMATE RECORD PERIOD 1923 TO 2016

WEATHER         OBSERVED          NORMAL  DEPART  LAST YEAR`S
                 VALUE   DATE(S)  VALUE   FROM    VALUE
                                          NORMAL
.............................................................
TEMPERATURE (F)
MONTHLY RECORD
 HOTTEST         70.6   1937
 COLDEST         48.6   1940

DAILY RECORD
 HIGH              92   01/15/1937
 LOW               15   01/21/1985

JANUARY 2016
HIGHEST            82   01/01                         83
LOWEST             31   01/24                         37
AVG. MAXIMUM     66.4              68.4    -2.0     69.3
AVG. MINIMUM     48.5              47.3     1.2     49.5
MEAN             57.4              57.9    -0.5     59.4
DAYS MAX >= 90      0               0.0     0.0        0
DAYS MAX <= 32      0               0.0     0.0        0
DAYS MIN <= 32      1               2.3    -1.3        0
DAYS MIN <= 0       0               0.0     0.0        0

PRECIPITATION (INCHES)
MONTHLY RECORD
 MAXIMUM         7.16   1986
 MINIMUM         0.07   2012

DAILY RECORD
 MAXIMUM         5.67   1/22/1989

JANUARY 2016
TOTALS           7.05              2.74    4.31     2.55
DAYS >= .01        12               7.5     4.5        8
DAYS >= .10         6               4.4     1.6        5
DAYS >= .50         6               1.4     4.6        1
DAYS >= 1.00        2               0.7     1.3        1
GREATEST
 24 HR. TOTAL    2.37   01/27 TO 01/27
                        01/26 TO 01/27
                        01/27 TO 01/27

SNOWFALL (INCHES)
TOTALS            0.0               0.0     0.0      0.0
SINCE 7/1         0.0               0.0     0.0      0.0
DAYS >= TRACE       0                                  0

DEGREE_DAYS
HEATING TOTAL     243               251      -8      198
 SINCE 7/1        280               517    -237      442
COOLING TOTAL      13                29     -16       31
 SINCE 1/1         13                31     -18       31
..............................................................

WIND (MPH)
AVERAGE WIND SPEED              7.1
HIGHEST WIND SPEED/DIRECTION    35/270    DATE  01/15
HIGHEST GUST SPEED/DIRECTION    45/280    DATE  01/15

SKY COVER
POSSIBLE SUNSHINE (PERCENT)   MM
AVERAGE SKY COVER           0.60
NUMBER OF DAYS FAIR            5
NUMBER OF DAYS PC             15
NUMBER OF DAYS CLOUDY         11

AVERAGE RH (PERCENT)     75

WEATHER CONDITIONS. NUMBER OF DAYS WITH
THUNDERSTORM              2     MIXED PRECIP               0
HEAVY RAIN                4     RAIN                       6
LIGHT RAIN               13     LT FREEZING RAIN           0
HAIL                      0     LIGHT SNOW                 0
SLEET                     0     FOG                       21
FOG W/VIS <= 1/4 MILE     5     HAZE                       2

-  INDICATES NEGATIVE NUMBERS.
R  INDICATES RECORD WAS SET OR TIED.
MM INDICATES DATA IS MISSING.
T  INDICATES TRACE AMOUNT.

$$
