000
CXUS52 KMLB 011953
CLMDAB

CLIMATE REPORT
NATIONAL WEATHER SERVICE MELBOURNE FL
249 PM EST SUN MAR 1 2015

...................................

...THE DAYTONA BEACH CLIMATE SUMMARY FOR THE MONTH OF FEBRUARY 2015...

CLIMATE NORMAL PERIOD 1981 TO 2010
CLIMATE RECORD PERIOD 1923 TO 2015

WEATHER         OBSERVED          NORMAL  DEPART  LAST YEAR`S
                 VALUE   DATE(S)  VALUE   FROM    VALUE
                                          NORMAL
.............................................................
TEMPERATURE (F)
MONTHLY RECORD
 HOTTEST         69.6   1932
 COLDEST         50.7   1958

DAILY RECORD
 HIGH              89   02/01/1985
                        02/26/1939
                        02/11/1939
 LOW               24   02/18/1958
                        02/04/1940

FEBRUARY 2015
HIGHEST            83   02/23                         86
LOWEST             31   02/20                         39
AVG. MAXIMUM     68.0              70.7    -2.7     72.6
AVG. MINIMUM     47.6              50.1    -2.5     52.6
MEAN             57.8              60.4    -2.6     62.6
DAYS MAX >= 90      0               0.0     0.0        0
DAYS MAX <= 32      0               0.0     0.0        0
DAYS MIN <= 32      1               0.7     0.3        0
DAYS MIN <= 0       0               0.0     0.0        0

PRECIPITATION (INCHES)
MONTHLY RECORD
 MAXIMUM         9.13   1960
 MINIMUM         0.18   1943
DAILY RECORD
 MAXIMUM         3.57   2/24/1960

FEBRUARY 2015
TOTALS           2.88              2.78    0.10     3.81
DAYS >= .01         8               7.3     0.7       11
DAYS >= .10         6               4.3     1.7        6
DAYS >= .50         3               1.7     1.3        3
DAYS >= 1.00        0               0.8    -0.8        1
GREATEST
 24 HR. TOTAL    1.13   02/17 TO 02/18

SNOWFALL (INCHES)
TOTALS            0.0               0.0     0.0      0.0
SINCE 7/1         0.0               0.0     0.0      0.0
DAYS >= TRACE       0                                  0

DEGREE_DAYS
HEATING TOTAL     205               165      40      119
 SINCE 7/1        647               682     -35      513
COOLING TOTAL       9                36     -27       59
 SINCE 1/1         40                65     -25       84
..............................................................

WIND (MPH)
AVERAGE WIND SPEED              8.1
HIGHEST WIND SPEED/DIRECTION    30/260    DATE  02/26
HIGHEST GUST SPEED/DIRECTION    37/210    DATE  02/26

SKY COVER
POSSIBLE SUNSHINE (PERCENT)   MM
AVERAGE SKY COVER           0.50
NUMBER OF DAYS FAIR           10
NUMBER OF DAYS PC             14
NUMBER OF DAYS CLOUDY          4

AVERAGE RH (PERCENT)     70

WEATHER CONDITIONS. NUMBER OF DAYS WITH
THUNDERSTORM              1     MIXED PRECIP               0
HEAVY RAIN                3     RAIN                       6
LIGHT RAIN               14     LT FREEZING RAIN           0
HAIL                      0     LIGHT SNOW                 0
SLEET                     0     FOG                       16
FOG W/VIS <= 1/4 MILE     2     HAZE                       2

-  INDICATES NEGATIVE NUMBERS.
R  INDICATES RECORD WAS SET OR TIED.
MM INDICATES DATA IS MISSING.
T  INDICATES TRACE AMOUNT.


=================================================================

...THE DAYTONA BEACH CLIMATE SUMMARY FOR WINTER THE SEASON, FROM
12/1/2014 TO 2/28/2015...

CLIMATE NORMAL PERIOD 1981 TO 2010
CLIMATE RECORD PERIOD 1923 TO 2015

WEATHER         OBSERVED          NORMAL  DEPART  LAST YEAR`S
                 VALUE   DATE(S)  VALUE   FROM    VALUE  DATE(S)
                                          NORMAL
................................................................
TEMPERATURE (F)
WINTER RECORDS
 WARMEST         69.5   1932
 COLDEST         53.3   1958

DAILY RECORD
 HIGH              92   01/15/1937
 LOW               15   01/21/1985

WINTER 2014-2015
HIGHEST            83   02/23                         86
                        01/04
                        01/03
LOWEST             31   02/20                         31
AVG. MAXIMUM     70.1              69.8     0.3     71.4
AVG. MINIMUM     50.5              49.3     1.2     51.7
MEAN             60.4              59.5     0.9     61.5
DAYS MAX >= 90      0               0.0     0.0        0
DAYS MAX <= 32      0               0.0     0.0        0
DAYS MIN <= 32      1               4.1    -3.1        1
DAYS MIN <= 0       0               0.0     0.0        0

PRECIPITATION (INCHES)
WINTER RECORDS
 MAXIMUM        19.34   1998
 MINIMUM         1.57   1985

WINTER 2014-2015
TOTALS           8.26              8.15    0.11     8.27
DAYS >= .01        22              22.3    -0.3       31
DAYS >= .10        15              12.7     2.3       21
DAYS >= .50         6               4.9     1.1        5
DAYS >= 1.00        2               2.4    -0.4        1
GREATEST
 24 HR. TOTAL    1.92   12/21 TO 12/22

SNOWFALL (INCHES)
TOTALS            0.0               0.0     0.0      0.0
SINCE 7/1         0.0               0.0     0.0      0.0
SNOWDEPTH AVG.      0                                  0
DAYS >= TRACE       0                                  0

DEGREE_DAYS
HEATING TOTAL     518               608     -90      482
COOLING TOTAL     123               117       6      198
.................................................................

WIND (MPH)
AVERAGE WIND SPEED              6.8
HIGHEST WIND SPEED/DIRECTION    30/260    DATE  02/26
HIGHEST GUST SPEED/DIRECTION    39/320    DATE  01/12

SKY COVER
POSSIBLE SUNSHINE (PERCENT)   MM
AVERAGE SKY COVER           0.50
NUMBER OF DAYS FAIR           24
NUMBER OF DAYS PC             45
NUMBER OF DAYS CLOUDY         21

AVERAGE RH (PERCENT)     74

WEATHER CONDITIONS. NUMBER OF DAYS WITH
THUNDERSTORM              2     MIXED PRECIP               0
HEAVY RAIN                7     RAIN                      16
LIGHT RAIN               36     LT FREEZING RAIN           0
HAIL                      0     SLEET                      0
FOG                      60     FOG W/VIS <= 1/4 MILE      9
HAZE                      6

-  INDICATES NEGATIVE NUMBERS.
R  INDICATES RECORD WAS SET OR TIED.
MM INDICATES DATA IS MISSING.
T  INDICATES TRACE AMOUNT.

$$
