000
CXUS52 KMLB 011939 CCA
CLMDAB

CLIMATE REPORT
NATIONAL WEATHER SERVICE MELBOURNE FL
340 PM EDT WED JUL 1 2015

...................................

...THE DAYTONA BEACH CLIMATE SUMMARY FOR THE MONTH OF JUNE 2015...

CLIMATE NORMAL PERIOD 1981 TO 2010
CLIMATE RECORD PERIOD 1923 TO 2015

WEATHER         OBSERVED          NORMAL  DEPART  LAST YEAR`S
                 VALUE   DATE(S)  VALUE   FROM    VALUE
                                          NORMAL
.............................................................
TEMPERATURE (F)
MONTHLY RECORD
 WARMEST         84.5   1998
 COOLEST         75.9   1926
DAILY RECORD
 HIGH             102   06/24/1944
 LOW               52   06/02/1984
JUNE 2015
HIGHEST            96   06/22                         94
                        06/19
LOWEST             68   06/06                         66
                        06/04
AVG. MAXIMUM     90.7              88.4     2.3     88.5
AVG. MINIMUM     71.8              71.4     0.4     70.9
MEAN             81.3              79.9     1.4     79.7
DAYS MAX >= 90     19               9.8     9.2       13
DAYS MAX <= 32      0               0.0     0.0        0
DAYS MIN <= 32      0               0.0     0.0        0
DAYS MIN <= 0       0               0.0     0.0        0

PRECIPITATION (INCHES)
MONTHLY RECORD
 MAXIMUM        15.44   1930
 MINIMUM         0.54   1931
DAILY RECORD
 MAXIMUM         6.08   06/30/1966
JUNE 2015
TOTALS           5.39              5.83   -0.44     3.75
DAYS >= .01         9              13.3    -4.3       10
DAYS >= .10         6               8.8    -2.8        6
DAYS >= .50         3               4.2    -1.2        4
DAYS >= 1.00        2               1.4     0.6        2
GREATEST
 24 HR. TOTAL    2.14   06/19 TO 06/20

SNOWFALL (INCHES)
TOTALS            0.0               0.0     0.0      0.0
SINCE 7/1         0.0               0.0     0.0      0.0
DAYS >= TRACE       0                                  0

DEGREE_DAYS
HEATING TOTAL       0                 0       0        0
 SINCE 7/1        682               809    -127      602
COOLING TOTAL     497               447      50      448
 SINCE 1/1       1410              1048     362     1114
..............................................................

WIND (MPH)
AVERAGE WIND SPEED              5.3
HIGHEST WIND SPEED/DIRECTION    29/300    DATE  06/25
HIGHEST GUST SPEED/DIRECTION    39/230    DATE  06/19

SKY COVER
POSSIBLE SUNSHINE (PERCENT)   MM
AVERAGE SKY COVER           0.50
NUMBER OF DAYS FAIR            9
NUMBER OF DAYS PC             18
NUMBER OF DAYS CLOUDY          3

AVERAGE RH (PERCENT)     74

WEATHER CONDITIONS. NUMBER OF DAYS WITH
THUNDERSTORM             14     MIXED PRECIP               0
HEAVY RAIN                4     RAIN                       5
LIGHT RAIN               14     LT FREEZING RAIN           0
HAIL                      0     LIGHT SNOW                 0
SLEET                     0     FOG                       13
FOG W/VIS <= 1/4 MILE     0     HAZE                       0

-  INDICATES NEGATIVE NUMBERS.
R  INDICATES RECORD WAS SET OR TIED.
MM INDICATES DATA IS MISSING.
T  INDICATES TRACE AMOUNT.

$$

ULRICH
