000
CXUS55 KVEF 012141
CF6DAG
PRELIMINARY LOCAL CLIMATOLOGICAL DATA (WS FORM: F-6)
STATION: BARSTOW-DAGGETT CA
MONTH: APRIL
YEAR: 2022
LATITUDE: 34 51 N
LONGITUDE: 116 47 W
TEMPERATURE IN F: :PCPN: SNOW: WIND :SUNSHINE: SKY :PK WND
================================================================================
1 2 3 4 5 6A 6B 7 8 9 10 11 12 13 14 15 16 17 18
12Z AVG MX 2MIN
DY MAX MIN AVG DEP HDD CDD WTR SNW DPTH SPD SPD DIR MIN PSBL S-S WX SPD DR
================================================================================
1 83 50 67 5 0 2 0.00 0.0 0 9.6 17 70 M M 0 24 60
2 86 55 71 9 0 6 0.00 0.0 0 9.4 21 290 M M 0 25 280
3 82 58 70 7 0 5 0.00 0.0 0 11.2 26 250 M M 1 30 250
4 86 59 73 10 0 8 0.00 0.0 0 17.3 32 270 M M 0 37 280
5 90 62 76 13 0 11 0.00 0.0 0 17.0 31 240 M M 0 37 240
6 85 55 70 7 0 5 0.00 0.0 0 8.5 17 120 M M 0 23 110
7 87 50 69 6 0 4 0.00 0.0 0 3.9 15 60 M M 0 21 70
8 92 54 73 9 0 8 0.00 0.0 0 5.9 17 280 M M 0 21 290
9 91 67 79 15 0 14 0.00 0.0 0 22.7 38 260 M M 0 48 260
10 82 56 69 5 0 4 0.00 0.0 0 17.8 38 270 M M 0 47 260
11 75 51 63 -1 2 0 0.00 0.0 0 36.1 52 270 M M 1 8 67 290
12 64 44 54 -10 11 0 0.00 0.0 0 21.0 38 260 M M 0 49 260
13 73 43 58 -7 7 0 0.00 0.0 0 18.3 32 260 M M 0 8 42 260
14 81 51 66 1 0 1 0.00 0.0 0 19.6 32 270 M M 0 42 250
15 82 55 69 4 0 4 0.00 0.0 0 21.8 36 260 M M 0 46 250
16 77 57 67 2 0 2 0.00 0.0 0 26.4 44 260 M M 0 56 270
17 86 49 68 2 0 3 0.00 0.0 0 10.3 21 300 M M 0 25 280
18 92 55 74 8 0 9 0.00 0.0 0 17.3 31 280 M M 0 40 270
19 84 61 73 7 0 8 0.00 0.0 0 27.1 44 280 M M 0 55 280
20 84 57 71 5 0 6 0.00 0.0 0 23.6 36 280 M M 0 47 280
21 81 51 66 -1 0 1 0.00 0.0 0 18.5 30 250 M M 0 40 250
22 67 49 58 -9 7 0 0.07 0.0 0 25.4 41 260 M M 2 51 260
23 76 46 61 -6 4 0 0.00 0.0 0 9.0 17 20 M M 0 25 40
24 78 48 63 -4 2 0 0.00 0.0 0 5.9 20 20 M M 0 26 30
25 85 47 66 -2 0 1 0.00 0.0 0 7.1 16 70 M M 0 23 90
26 91 60 76 8 0 11 0.00 0.0 0 13.7 26 260 M M 0 36 270
27 88 63 76 8 0 11 0.00 0.0 0 22.9 33 270 M M 0 43 290
28 79 59 69 1 0 4 0.00 0.0 0 27.6 46 260 M M 0 56 260
29 84 50 67 -2 0 2 0.00 0.0 0 9.1 30 250 M M 0 38 240
30 92 56 74 5 0 9 0.00 0.0 0 15.9 31 290 M M 0 39 280
================================================================================
SM 2483 1618 33 139 0.07 0.0 499.9 M 4
================================================================================
AV 82.8 53.9 16.7 FASTST M M 0 MAX(MPH)
MISC ----> 52 270 67 290
================================================================================
NOTES:
# LAST OF SEVERAL OCCURRENCES
COLUMN 17 PEAK WIND IN M.P.H.
PRELIMINARY LOCAL CLIMATOLOGICAL DATA (WS FORM: F-6) , PAGE 2
STATION: BARSTOW-DAGGETT CA
MONTH: APRIL
YEAR: 2022
LATITUDE: 34 51 N
LONGITUDE: 116 47 W
[TEMPERATURE DATA] [PRECIPITATION DATA] SYMBOLS USED IN COLUMN 16
AVERAGE MONTHLY: 68.4 TOTAL FOR MONTH: 0.07 1 = FOG OR MIST
DPTR FM NORMAL: 3.0 DPTR FM NORMAL: -0.15 2 = FOG REDUCING VISIBILITY
HIGHEST: 92 ON 30,18 GRTST 24HR 0.07 ON 21-22 TO 1/4 MILE OR LESS
LOWEST: 43 ON 13 3 = THUNDER
SNOW, ICE PELLETS, HAIL 4 = ICE PELLETS
TOTAL MONTH: 0.0 INCH 5 = HAIL
GRTST 24HR 0.0 6 = FREEZING RAIN OR DRIZZLE
GRTST DEPTH: 0 7 = DUSTSTORM OR SANDSTORM:
VSBY 1/2 MILE OR LESS
8 = SMOKE OR HAZE
[NO. OF DAYS WITH] [WEATHER - DAYS WITH] 9 = BLOWING SNOW
X = TORNADO
MAX 32 OR BELOW: 0 0.01 INCH OR MORE: 1
MAX 90 OR ABOVE: 6 0.10 INCH OR MORE: 0
MIN 32 OR BELOW: 0 0.50 INCH OR MORE: 0
MIN 0 OR BELOW: 0 1.00 INCH OR MORE: 0
[HDD (BASE 65) ]
TOTAL THIS MO. 33 CLEAR (SCALE 0-3) 30
DPTR FM NORMAL -50 PTCLDY (SCALE 4-7) 0
TOTAL FM JUL 1 1708 CLOUDY (SCALE 8-10) 0
DPTR FM NORMAL -291
[CDD (BASE 65) ]
TOTAL THIS MO. 139
DPTR FM NORMAL 44 [PRESSURE DATA]
TOTAL FM JAN 1 183 HIGHEST SLP 30.25 ON 7
DPTR FM NORMAL 66 LOWEST SLP 29.54 ON 11
[REMARKS]
#FINAL-04-22#