000
CXUS54 KFWD 140752
CF6DAL
PRELIMINARY LOCAL CLIMATOLOGICAL DATA (WS FORM: F-6)
STATION: DALLAS LOVE FIELD
MONTH: AUGUST
YEAR: 2021
LATITUDE: 32 50 N
LONGITUDE: 96 51 W
TEMPERATURE IN F: :PCPN: SNOW: WIND :SUNSHINE: SKY :PK WND
================================================================================
1 2 3 4 5 6A 6B 7 8 9 10 11 12 13 14 15 16 17 18
12Z AVG MX 2MIN
DY MAX MIN AVG DEP HDD CDD WTR SNW DPTH SPD SPD DIR MIN PSBL S-S WX SPD DR
================================================================================
1 99 77 88 -1 0 23 0.15 0.0 0 6.5 23 10 M M 6 13 30 20
2 88 75 82 -7 0 17 0.95 0.0 0 5.3 17 320 M M 9 138 29 30
3 92 73 83 -6 0 18 0.00 0.0 0 4.4 12 100 M M 3 32 220
4 90 76 83 -6 0 18 0.00 0.0 0 6.4 13 120 M M 5 17 140
5 91 76 84 -4 0 19 T 0.0 0 8.2 15 150 M M 5 8 22 160
6 93 76 85 -3 0 20 0.00 0.0 0 8.6 18 130 M M 3 27 160
7 94 75 85 -3 0 20 0.00 0.0 0 10.4 20 150 M M 4 29 140
8 95 79 87 -1 0 22 0.00 0.0 0 13.1 23 160 M M 3 36 190
9 97 79 88 0 0 23 0.00 0.0 0 13.2 21 180 M M 3 35 170
10 96 78 87 -1 0 22 0.00 0.0 0 11.7 22 150 M M 3 30 140
11 97 78 88 0 0 23 0.00 0.0 0 11.4 20 160 M M 2 29 150
12 98 80 89 1 0 24 0.00 0.0 0 9.3 16 140 M M 2 24 140
13 96 79 88 0 0 23 0.00 0.0 0 6.9 14 170 M M 7 19 190
14 91 72 82 -6 0 17 1.91 0.0 0 4.6 37 320 M M 8 123 48 320
15 88 76 82 -6 0 17 T 0.0 0 3.5 10 120 M M 7 15 110
16 94 75 85 -3 0 20 0.00 0.0 0 5.0 15 70 M M 5 23 40
17 90 73 82 -6 0 17 0.71 0.0 0 7.8 25 320 M M 8 13 34 310
18 82 73 78 -9 0 13 0.25 0.0 0 7.7 18 140 M M 9 13 28 130
19 94 75 85 -2 0 20 0.09 0.0 0 10.1 18 150 M M 7 13 27 150
20 95 78 87 0 0 22 0.00 0.0 0 11.1 18 180 M M 3 29 210
21 96 79 88 1 0 23 0.00 0.0 0 9.1 15 220 M M 4 24 230
22 97 79 88 1 0 23 0.00 0.0 0 7.1 15 160 M M 1 23 170
23 97 79 88 2 0 23 0.00 0.0 0 8.3 16 140 M M 1 25 130
24 96 78 87 1 0 22 0.00 0.0 0 8.6 17 150 M M 1 23 150
25 97 79 88 2 0 23 0.00 0.0 0 5.1 13 100 M M 1 17 100
26 96 79 88 2 0 23 0.00 0.0 0 5.4 13 120 M M 2 20 110
27 93 77 85 -1 0 20 0.00 0.0 0 8.9 16 120 M M 4 23 150
28 92 77 85 0 0 20 0.00 0.0 0 6.7 20 120 M M 2 27 120
29 91 77 84 -1 0 19 0.00 0.0 0 5.2 16 140 M M 7 22 110
30 97 77 87 2 0 22 0.00 0.0 0 3.4 12 40 M M 2 28 50
31 99 81 90 5 0 25 0.00 0.0 0 4.3 12 150 M M 3 16 170
================================================================================
SM 2911 2385 0 641 4.06 0.0 237.3 M 130
================================================================================
AV 93.9 76.9 7.7 FASTST M M 4 MAX(MPH)
MISC ----> 37 320 48 320
================================================================================
NOTES:
# LAST OF SEVERAL OCCURRENCES
COLUMN 17 PEAK WIND IN M.P.H.
PRELIMINARY LOCAL CLIMATOLOGICAL DATA (WS FORM: F-6) , PAGE 2
STATION: DALLAS LOVE FIELD
MONTH: AUGUST
YEAR: 2021
LATITUDE: 32 50 N
LONGITUDE: 96 51 W
[TEMPERATURE DATA] [PRECIPITATION DATA] SYMBOLS USED IN COLUMN 16
AVERAGE MONTHLY: 85.4 TOTAL FOR MONTH: 4.06 1 = FOG OR MIST
DPTR FM NORMAL: -1.9 DPTR FM NORMAL: 1.87 2 = FOG REDUCING VISIBILITY
HIGHEST: 99 ON 31, 1 GRTST 24HR 1.91 ON 14-14 TO 1/4 MILE OR LESS
LOWEST: 72 ON 14 3 = THUNDER
SNOW, ICE PELLETS, HAIL 4 = ICE PELLETS
TOTAL MONTH: 0.0 INCH 5 = HAIL
GRTST 24HR 0.0 6 = FREEZING RAIN OR DRIZZLE
GRTST DEPTH: 0 7 = DUSTSTORM OR SANDSTORM:
VSBY 1/2 MILE OR LESS
8 = SMOKE OR HAZE
[NO. OF DAYS WITH] [WEATHER - DAYS WITH] 9 = BLOWING SNOW
X = TORNADO
MAX 32 OR BELOW: 0 0.01 INCH OR MORE: 6
MAX 90 OR ABOVE: 28 0.10 INCH OR MORE: 5
MIN 32 OR BELOW: 0 0.50 INCH OR MORE: 3
MIN 0 OR BELOW: 0 1.00 INCH OR MORE: 1
[HDD (BASE 65) ]
TOTAL THIS MO. 0 CLEAR (SCALE 0-3) 13
DPTR FM NORMAL 0 PTCLDY (SCALE 4-7) 15
TOTAL FM JUL 1 0 CLOUDY (SCALE 8-10) 3
DPTR FM NORMAL 0
[CDD (BASE 65) ]
TOTAL THIS MO. 641
DPTR FM NORMAL -49 [PRESSURE DATA]
TOTAL FM JAN 1 2211 HIGHEST SLP 30.19 ON 14
DPTR FM NORMAL -238 LOWEST SLP 29.67 ON 31
[REMARKS]
#FINAL-08-21#