000
CXUS51 KRNK 011300
CLMDAN
CLIMATE REPORT...CORRERTED MISSING DAYS OF DATA
NATIONAL WEATHER SERVICE BLACKSBURG, VA
858 AM EDT SUN OCT 01 2023
...................................
...THE DANVILLE VA CLIMATE SUMMARY FOR THE MONTH OF SEPTEMBER 2023...
CLIMATE NORMAL PERIOD: 1991 TO 2020
CLIMATE RECORD PERIOD: 1916 TO 2023
WEATHER OBSERVED NORMAL DEPART LAST YEAR`S
VALUE DATE(S) VALUE FROM VALUE
NORMAL
..............................................................
TEMPERATURE (F)
RECORD
HIGH 104 09/06/1954
LOW 34 09/30/1951
HIGHEST 96 09/06 90
LOWEST 51 09/16 40
09/19
AVG. MAXIMUM 80.9 80.9 0.0 80.3
AVG. MINIMUM 59.6 59.0 0.6 58.0
MEAN 70.2 70.0 0.2 69.1
DAYS MAX >= 90 6 4.5 1.5 5
DAYS MAX <= 32 0 0.0 0.0 0
DAYS MIN <= 32 0 0.0 0.0 0
DAYS MIN <= 0 0 0.0 0.0 0
PRECIPITATION (INCHES)
RECORD
MAXIMUM 14.64 1996
MINIMUM 0.04 2019
TOTALS 3.75 4.25 -0.50 1.92
DAYS >= .01 6 8.8 -2.8 9
DAYS >= .10 6 5.0 1.0 6
DAYS >= .50 2 2.6 -0.6 2
DAYS >= 1.00 2 1.4 0.6 1
GREATEST
24 HR. TOTAL 1.67 0.25
SNOWFALL (INCHES)
TOTALS 0.0 0.0 0.0 0.0
DAYS >= TRACE 0 0.0 0.0 0
DAYS >= 1.0 0 0.0 0.0 0
GREATEST
24 HR TOTAL 0.0 MM
DEGREE DAYS
HEATING TOTAL 13 29 -16 37
COOLING TOTAL 178 178 0 168
..............................................................
WIND (MPH)
AVERAGE WIND SPEED 4.3
RESULTANT WIND SPEED/DIRECTION 2/020
HIGHEST WIND SPEED/DIRECTION 28/030 DATE 09/23
HIGHEST GUST SPEED/DIRECTION 41/040 DATE 09/23
SKY COVER
AVERAGE SKY COVER 0.40
AVERAGE RH (PERCENT) 74
WEATHER CONDITIONS. NUMBER OF DAYS WITH
THUNDERSTORM 3 MIXED PRECIP 0
HEAVY RAIN 2 RAIN 6
LIGHT RAIN 9 FREEZING RAIN 0
LT FREEZING RAIN 0 HAIL 0
HEAVY SNOW 0 SNOW 0
LIGHT SNOW 0 SLEET 0
FOG 14 FOG W/VIS <= 1/4 MILE 1
HAZE 0
- INDICATES NEGATIVE NUMBERS.
R INDICATES RECORD WAS SET OR TIED.
MM INDICATES DATA IS MISSING.
T INDICATES TRACE AMOUNT.
REMARKS: MISSING PRECIPITATION DATA DURING AN EQUIPMENT FAILURE ON
SEPTMEBER 9TH WAS OBTAINED FROM BACKUP SITE.
$$
RCS