000
CXUS51 KRNK 010626
CLSDAN
CLIMATE REPORT
NATIONAL WEATHER SERVICE BLACKSBURG, VA
126 AM EST TUE DEC 01 2020
...................................
...THE DANVILLE VA CLIMATE SUMMARY FOR THE SEASON, FROM
9/1/2020 TO 11/30/2020...
CLIMATE NORMAL PERIOD: 1981 TO 2010
CLIMATE RECORD PERIOD: 1916 TO 2020
WEATHER OBSERVED NORMAL DEPART LAST YEAR`S
VALUE DATE(S) VALUE FROM VALUE
NORMAL
..............................................................
TEMPERATURE (F)
RECORD
HIGH 105 09/06/1954
09/01/1932
LOW 11 11/30/1929
HIGHEST 93 09/03 98
LOWEST 26 11/19 18
AVG. MAXIMUM 72.5 70.0 2.5 73.6
AVG. MINIMUM 49.5 49.1 0.4 49.3
MEAN 61.0 59.5 1.5 61.4
DAYS MAX >= 90 3 2.6 0.4 19
DAYS MAX <= 32 0 0.0 0.0 0
DAYS MIN <= 32 7 9.6 -2.6 13
DAYS MIN <= 0 0 0.0 0.0 0
PRECIPITATION (INCHES)
RECORD
MAXIMUM 26.22 2018
MINIMUM 2.31 2001
TOTALS 15.34 10.85 4.49 9.23
DAYS >= .01 27 24.8 2.2 19
DAYS >= .10 15 15.1 -0.1 14
DAYS >= .50 9 7.0 2.0 7
DAYS >= 1.00 4 3.4 0.6 4
GREATEST
24 HR. TOTAL 4.89 2.32
SNOWFALL (INCHES)
TOTALS 0.0 T
DAYS >= TRACE 0 1
DAYS >= 1.0 0 0
GREATEST
24 HR TOTAL MM 0.0
DEGREE DAYS
HEATING TOTAL 540 709 -169 713
COOLING TOTAL 200 213 -13 416
..............................................................
WIND (MPH)
AVERAGE WIND SPEED 4.1
RESULTANT WIND SPEED/DIRECTION 1/010
HIGHEST WIND SPEED/DIRECTION 31/230 DATE 10/29
HIGHEST GUST SPEED/DIRECTION 46/230 DATE 10/29
SKY COVER
AVERAGE SKY COVER 0.37
AVERAGE RH (PERCENT) 71
WEATHER CONDITIONS. NUMBER OF DAYS WITH
THUNDERSTORM 1 MIXED PRECIP 0
HEAVY RAIN 6 RAIN 14
LIGHT RAIN 33 FREEZING RAIN 0
LT FREEZING RAIN 0 HAIL 0
HEAVY SNOW 0 SNOW 0
LIGHT SNOW 0 SLEET 0
FOG 49 FOG W/VIS <= 1/4 MILE 13
HAZE 0
- INDICATES NEGATIVE NUMBERS.
R INDICATES RECORD WAS SET OR TIED.
MM INDICATES DATA IS MISSING.
T INDICATES TRACE AMOUNT.
$$