000
CXUS51 KRNK 011016
CLSDAN
CLIMATE REPORT
NATIONAL WEATHER SERVICE BLACKSBURG, VA
516 AM EST THU DEC 01 2022
...................................
...THE DANVILLE VA CLIMATE SUMMARY FOR THE SEASON, FROM
9/1/2022 TO 11/30/2022...
CLIMATE NORMAL PERIOD: 1991 TO 2020
CLIMATE RECORD PERIOD: 1916 TO 2022
WEATHER OBSERVED NORMAL DEPART LAST YEAR`S
VALUE DATE(S) VALUE FROM VALUE
NORMAL
..............................................................
TEMPERATURE (F)
RECORD
HIGH 105 09/06/1954
09/01/1932
LOW 11 11/30/1929
HIGHEST 90 09/22 93
LOWEST 19 11/21 19
AVG. MAXIMUM 70.9 71.0 -0.1 73.5
AVG. MINIMUM 47.1 46.9 0.2 47.6
MEAN 59.0 58.9 0.1 60.5
DAYS MAX >= 90 0 4.9 -4.9 5
DAYS MAX <= 32 0 0.0 0.0 0
DAYS MIN <= 32 15 13.7 1.3 18
DAYS MIN <= 0 0 0.0 0.0 0
PRECIPITATION (INCHES)
RECORD
MAXIMUM 26.22 2018
MINIMUM 2.31 2001
TOTALS 7.10 11.01 -3.91 3.31
DAYS >= .01 14 25.7 -11.7 18
DAYS >= .10 9 15.5 -6.5 6
DAYS >= .50 4 7.3 -3.3 1
DAYS >= 1.00 3 3.7 -0.7 1
GREATEST
24 HR. TOTAL 1.32 1.39
SNOWFALL (INCHES)
TOTALS 0.0 0.0 0.0 0.0
DAYS >= TRACE 0 0.0 0.0 0
DAYS >= 1.0 0 0.0 0.0 0
GREATEST
24 HR TOTAL MM 0.0
DEGREE DAYS
HEATING TOTAL 712 762 -50 666
COOLING TOTAL 194 210 -16 282
..............................................................
WIND (MPH)
AVERAGE WIND SPEED 4.2
RESULTANT WIND SPEED/DIRECTION 1/360
HIGHEST WIND SPEED/DIRECTION 25/230 DATE 11/11
HIGHEST GUST SPEED/DIRECTION 34/230 DATE 09/29
SKY COVER
AVERAGE SKY COVER 0.28
AVERAGE RH (PERCENT) 67
WEATHER CONDITIONS. NUMBER OF DAYS WITH
THUNDERSTORM 1 MIXED PRECIP 0
HEAVY RAIN 7 RAIN 13
LIGHT RAIN 29 FREEZING RAIN 0
LT FREEZING RAIN 0 HAIL 0
HEAVY SNOW 0 SNOW 0
LIGHT SNOW 0 SLEET 0
FOG 36 FOG W/VIS <= 1/4 MILE 6
HAZE 0
- INDICATES NEGATIVE NUMBERS.
R INDICATES RECORD WAS SET OR TIED.
MM INDICATES DATA IS MISSING.
T INDICATES TRACE AMOUNT.
REMARKS:
DUE TO SCHEDULED MAINTENANCE DURING NOVEMBER 29-DECEMBER 3, 2022,
RELATIVE HUMIDITY, WIND DATA, AND WEATHER TYPE INFORMATION WILL BE
MISSING FOR THESE DAYS.
$$