000
CXUS53 KDVN 011327
CLADBQ
CLIMATE REPORT
NATIONAL WEATHER SERVICE QUAD CITIES IA IL
727 AM CST SUN JAN 01 2023
...................................
...THE DUBUQUE IA CLIMATE SUMMARY FOR THE YEAR OF 2022...
CLIMATE NORMAL PERIOD 1991 TO 2020
CLIMATE RECORD PERIOD 1873 TO 2022
WEATHER OBSERVED NORMAL DEPART LAST YEAR`S
VALUE DATE(S) VALUE FROM VALUE
NORMAL
..............................................................
TEMPERATURE (F)
RECORD
HIGH 110 07/14/1936
LOW -32 01/07/1887
HIGHEST 96 06/21 82 14
LOWEST -18 01/26 11 -29
AVG. MAXIMUM 56.6 56.4 0.2
AVG. MINIMUM 37.4 38.0 -0.6
MEAN 47.0 47.2 -0.2
DAYS MAX >= 90 10 6.2 3.8
DAYS MAX <= 32 64 61.4 2.6
DAYS MIN <= 32 150 144.1 5.9
DAYS MIN <= 0 20 16.1 3.9
PRECIPITATION (INCHES)
TOTALS 31.47 38.20 -6.73
DAILY AVG. 0.09 0.10 -0.01
DAYS >= .01 107 118.4 -11.4
DAYS >= .10 57
DAYS >= .50 22
DAYS >= 1.00 6 8.6 -2.6
GREATEST
24 HR. TOTAL 3.08 08/07 TO 08/08
SNOWFALL (INCHES)
TOTALS 36.2 42.5 -6.3
SINCE 7/1 9.4 13.6 -4.2
SNOWDEPTH AVG. 1
DAYS >= TRACE 56 29.4 26.6
DAYS >= 1.0 10 13.3 -3.3
GREATEST
SNOW DEPTH 7 01/02
01/03
24 HR TOTAL 5.5 02/24 TO 02/25
DEGREE DAYS
HEATING TOTAL 7264 7084 180
SINCE 7/1 2666 2754 -88
COOLING TOTAL 827 638 189
SINCE 1/1 827 637 190
..............................................................
WIND (MPH)
AVERAGE WIND SPEED 10.7
HIGHEST WIND SPEED/DIRECTION 47/250 DATE 03/06
47/230 07/23
HIGHEST GUST SPEED/DIRECTION 66/260 DATE 07/23
SKY COVER
POSSIBLE SUNSHINE (PERCENT) MM
AVERAGE SKY COVER 0.38
NUMBER OF DAYS FAIR 201
NUMBER OF DAYS PC 91
NUMBER OF DAYS CLOUDY 72
AVERAGE RH (PERCENT) 72
WEATHER CONDITIONS. NUMBER OF DAYS WITH
THUNDERSTORM 32 HAIL 0
SLEET 1 FOG 167
FOG W/VIS <= 1/4 MILE 21 HAZE 73
- INDICATES NEGATIVE NUMBERS.
R INDICATES RECORD WAS SET OR TIED.
MM INDICATES DATA IS MISSING.
T INDICATES TRACE AMOUNT.
$$
NOTE: SUPPLEMENTAL CLIMATE DATA WAS USED FROM A NEARBY
CLIMATOLOGICALLY REPRESENTATIVE STATION.