000
CXUS53 KDVN 011808
CLMDBQ
CLIMATE REPORT
NATIONAL WEATHER SERVICE QUAD CITIES IA IL
108 PM CDT SAT APR 01 2023
...................................
...THE DUBUQUE IA CLIMATE SUMMARY FOR THE MONTH OF MARCH 2023...
CLIMATE NORMAL PERIOD 1991 TO 2020
CLIMATE RECORD PERIOD 1873 TO 2023
WEATHER OBSERVED NORMAL DEPART LAST YEAR`S
VALUE DATE(S) VALUE FROM VALUE
NORMAL
..............................................................
TEMPERATURE (F)
RECORD
HIGH 86 03/29/1895
LOW -20 03/01/1962
HIGHEST 69 03/31 52 17
LOWEST 8 03/18 21 -13
AVG. MAXIMUM 43.3 44.1 -0.8
AVG. MINIMUM 26.4 26.3 0.1
MEAN 34.8 35.2 -0.4
DAYS MAX >= 90 0 0.0 0.0
DAYS MAX <= 32 3 5.1 -2.1
DAYS MIN <= 32 25 22.7 2.3
DAYS MIN <= 0 0 0.7 -0.7
PRECIPITATION (INCHES)
RECORD
MAXIMUM 6.50 1959
MINIMUM 0.14 1910
TOTALS 1.71 2.25 -0.54
DAILY AVG. 0.06 0.07 -0.01
DAYS >= .01 11 10.1 0.9
DAYS >= .10 7
DAYS >= .50 0
DAYS >= 1.00 0 0.3 -0.3
GREATEST
24 HR. TOTAL 0.38 03/09 TO 03/10
SNOWFALL (INCHES)
RECORDS
TOTAL 30.2 1959
TOTALS 12.6 5.7 6.9
SINCE 7/1 47.7 40.6 7.1
SNOWDEPTH AVG. 1
DAYS >= TRACE 11 4.2 6.8
DAYS >= 1.0 4 1.7 2.3
GREATEST
SNOW DEPTH 5 03/10
03/12
24 HR TOTAL 4.2 03/09 TO 03/10
DEGREE DAYS
HEATING TOTAL 927 924 3
SINCE 7/1 5885 6290 -405
COOLING TOTAL 0 0 0
SINCE 1/1 0 0 0
..............................................................
WIND (MPH)
AVERAGE WIND SPEED 11.8
HIGHEST WIND SPEED/DIRECTION 46/270 DATE 03/31
HIGHEST GUST SPEED/DIRECTION 68/250 DATE 03/31
SKY COVER
POSSIBLE SUNSHINE (PERCENT) MM
AVERAGE SKY COVER 0.57
NUMBER OF DAYS FAIR 9
NUMBER OF DAYS PC 12
NUMBER OF DAYS CLOUDY 10
AVERAGE RH (PERCENT) 72
WEATHER CONDITIONS. NUMBER OF DAYS WITH
THUNDERSTORM 2 HAIL 0
SLEET 0 FOG 16
FOG W/VIS <= 1/4 MILE 5 HAZE 2
- INDICATES NEGATIVE NUMBERS.
R INDICATES RECORD WAS SET OR TIED.
MM INDICATES DATA IS MISSING.
T INDICATES TRACE AMOUNT.
NOTE: SUPPLEMENTAL CLIMATE DATA WAS USED FROM A NEARBY
CLIMATOLOGICALLY REPRESENTATIVE STATION.
$$