000
CXUS53 KDDC 011515
CF6DDC
PRELIMINARY LOCAL CLIMATOLOGICAL DATA (WS FORM: F-6)
STATION: DODGE CITY KS
MONTH: JANUARY
YEAR: 2024
LATITUDE: 37 46 N
LONGITUDE: 99 58 W
TEMPERATURE IN F: :PCPN: SNOW: WIND :SUNSHINE: SKY :PK WND
================================================================================
1 2 3 4 5 6A 6B 7 8 9 10 11 12 13 14 15 16 17 18
12Z AVG MX 2MIN
DY MAX MIN AVG DEP HDD CDD WTR SNW DPTH SPD SPD DIR MIN PSBL S-S WX SPD DR
================================================================================
1 40 22 31 -1 34 0 0.00 0.0 0 9.3 18 170 M M 6 12 24 180
2 47 23 35 3 30 0 0.00 0.0 0 9.3 21 30 M M 0 1 28 10
3 53 20 37 5 28 0 0.00 0.0 0 6.9 14 160 M M 0 19 240
4 39 28 34 2 31 0 0.04 0.5 0 12.9 23 150 M M 6 18 29 150
5 32 29 31 -1 34 0 0.26 3.1 2 8.6 15 60 M M 10 1 20 50
6 37 22 30 -2 35 0 T T 3 11.5 21 310 M M 3 1 26 300
7 42 19 31 -1 34 0 0.00 0.0 1 14.2 26 170 M M 0 34 170
8 38 20 29 -3 36 0 0.76 8.1 0 14.6 40 360 M M 6 123 53 360
9 30 16 23 -9 42 0 T T 8 13.0 30 330 M M 0 18 44 320
10 38 18 28 -5 37 0 0.00 0.0 7 11.5 21 290 M M 0 27 300
11 43 10 27 -6 38 0 T 0.2 4 18.8 39 350 M M 4 18 50 360
12 24 8 16 -17 49 0 T T 2 12.9 28 340 M M 2 18 43 350
13 9 -4 3 -30 62 0 T T 1 18.2 29 10 M M 3 18 38 10
14 6 -5 1 -32 64 0 0.00 0.0 1 5.4 13 10 M M 7 16 360
15 6 -5 1 -32 64 0 T 0.1 1 12.0 24 350 M M 8 18 35 340
16 28 -7 11 -22 54 0 0.00 0.0 1 11.2 18 250 M M 0 23 220
17 41 15 28 -5 37 0 0.00 0.0 1 11.9 21 210 M M 0 27 210
18 48 11 30 -3 35 0 0.00 0.0 1 15.2 40 350 M M 1 18 54 360
19 19 7 13 -20 52 0 0.00 0.0 T 7.7 22 350 M M 1 30 350
20 26 7 17 -16 48 0 0.00 0.0 T 14.4 25 170 M M 0 33 160
21 36 17 27 -6 38 0 0.00 0.0 T 26.8 40 190 M M 2 54 200
22 41 31 36 3 29 0 0.00 0.0 T 11.3 21 180 M M 7 128 27 180
23 33 31 32 -1 33 0 0.00 0.0 T 6.0 10 100 M M 10 12 13 30
24 36 31 34 1 31 0 0.00 0.0 T 5.3 10 230 M M 10 12 14 230
25 39 28 34 1 31 0 0.00 0.0 T 4.8 15 190 M M 9 12 20 190
26 40 28 34 0 31 0 0.00 0.0 T 5.3 10 350 M M 8 12 14 360
27 52 28 40 6 25 0 0.00 0.0 T 8.5 15 350 M M 1 12 20 350
28 61 28 45 11 20 0 0.00 0.0 0 9.2 18 310 M M 0 22 310
29 66 31 49 15 16 0 0.00 0.0 0 9.4 17 320 M M 0 22 310
30 67 30 49 15 16 0 0.00 0.0 0 6.6 13 310 M M 0 17 310
31 68 34 51 17 14 0 0.00 0.0 0 10.4 24 200 M M 0 8 31 200
================================================================================
SM 1185 571 1128 0 1.06 12.0 343.1 M 104
================================================================================
AV 38.2 18.4 11.1 FASTST M M 3 MAX(MPH)
MISC ----> # 40 190 # 54 200
================================================================================
NOTES:
# LAST OF SEVERAL OCCURRENCES
COLUMN 17 PEAK WIND IN M.P.H.
PRELIMINARY LOCAL CLIMATOLOGICAL DATA (WS FORM: F-6) , PAGE 2
STATION: DODGE CITY KS
MONTH: JANUARY
YEAR: 2024
LATITUDE: 37 46 N
LONGITUDE: 99 58 W
[TEMPERATURE DATA] [PRECIPITATION DATA] SYMBOLS USED IN COLUMN 16
AVERAGE MONTHLY: 28.3 TOTAL FOR MONTH: 1.06 1 = FOG OR MIST
DPTR FM NORMAL: -4.7 DPTR FM NORMAL: 0.46 2 = FOG REDUCING VISIBILITY
HIGHEST: 68 ON 31 GRTST 24HR 0.76 ON 8- 8 TO 1/4 MILE OR LESS
LOWEST: -7 ON 16 3 = THUNDER
SNOW, ICE PELLETS, HAIL 4 = ICE PELLETS
TOTAL MONTH: 12.0 INCHES 5 = HAIL
GRTST 24HR 8.1 ON 8- 8 6 = FREEZING RAIN OR DRIZZLE
GRTST DEPTH: 8 ON 9 7 = DUSTSTORM OR SANDSTORM:
VSBY 1/2 MILE OR LESS
8 = SMOKE OR HAZE
[NO. OF DAYS WITH] [WEATHER - DAYS WITH] 9 = BLOWING SNOW
X = TORNADO
MAX 32 OR BELOW: 9 0.01 INCH OR MORE: 3
MAX 90 OR ABOVE: 0 0.10 INCH OR MORE: 2
MIN 32 OR BELOW: 30 0.50 INCH OR MORE: 1
MIN 0 OR BELOW: 4 1.00 INCH OR MORE: 0
[HDD (BASE 65) ]
TOTAL THIS MO. 1128 CLEAR (SCALE 0-3) 18
DPTR FM NORMAL 134 PTCLDY (SCALE 4-7) 8
TOTAL FM JUL 1 2744 CLOUDY (SCALE 8-10) 5
DPTR FM NORMAL -193
[CDD (BASE 65) ]
TOTAL THIS MO. 0
DPTR FM NORMAL 0 [PRESSURE DATA]
TOTAL FM JAN 1 0 HIGHEST SLP 30.70 ON 19
DPTR FM NORMAL 0 LOWEST SLP 29.40 ON 8
[REMARKS]
Wind sensor inoperative on the 8th after 53 mph gust. Highest wind gust may have
been as high as 65 mph for the day. Temperature sensor was not working from the
8th until the 11th. Max and min for those dates were obtained from a back up
temperature sensor at the office.
#FINAL-01-24#