000
CDUS41 KALY 270624
CLIDDH


CLIMATE REPORT
NATIONAL WEATHER SERVICE ALBANY NY
224 AM EDT TUE JUN 27 2017


...................................

...THE BENNINGTON VT CLIMATE SUMMARY FOR JUNE 26 2017...

CLIMATE NORMAL PERIOD 1981 TO 2010
CLIMATE RECORD PERIOD 9999 TO 9999


WEATHER ITEM   OBSERVED TIME   NORMAL DEPARTURE LAST
                VALUE   (LST)  VALUE  FROM      YEAR
                                      NORMAL
......................................................
TEMPERATURE (F)
 YESTERDAY
  MAXIMUM         72    216 PM  78     -6       88
  MINIMUM         48    454 AM  55     -7       53
  AVERAGE         60            66     -6       71

PRECIPITATION (IN)
  YESTERDAY        0.59          0.13   0.46     0.00
  MONTH TO DATE    5.54          3.64   1.90     1.49
  SINCE JUN 1      5.54          3.64   1.90     1.49
  SINCE JAN 1     21.78         18.71   3.07    14.54

DEGREE DAYS
 HEATING
  YESTERDAY        5             1      4        0
  MONTH TO DATE   84            92     -8       69
  SINCE JUN 1     84            92     -8       69
  SINCE JUL 1   6483          7231   -748     6105

 COOLING
  YESTERDAY        0             3     -3        6
  MONTH TO DATE   77            46     31       42
  SINCE JUN 1     77            46     31       42
  SINCE JAN 1     92            60     32       84
......................................................


WIND (MPH)
  HIGHEST WIND SPEED    20   HIGHEST WIND DIRECTION     W (270)
  HIGHEST GUST SPEED    26   HIGHEST GUST DIRECTION     W (270)
  AVERAGE WIND SPEED     4.0


SKY COVER
  AVERAGE SKY COVER 0.5



RELATIVE HUMIDITY (PERCENT)
 HIGHEST    96           300 AM
 LOWEST     49           100 PM
 AVERAGE    73

..........................................................


THE BENNINGTON VT CLIMATE NORMALS FOR TODAY
                         NORMAL
 MAXIMUM TEMPERATURE (F)   78
 MINIMUM TEMPERATURE (F)   55


SUNRISE AND SUNSET
JUNE 27 2017..........SUNRISE   516 AM EDT   SUNSET   836 PM EDT
JUNE 28 2017..........SUNRISE   517 AM EDT   SUNSET   836 PM EDT


-  INDICATES NEGATIVE NUMBERS.
R  INDICATES RECORD WAS SET OR TIED.
MM INDICATES DATA IS MISSING.
T  INDICATES TRACE AMOUNT.




$$
