000
CDUS41 KALY 070624
CLIDDH


CLIMATE REPORT
NATIONAL WEATHER SERVICE ALBANY NY
224 AM EDT TUE JUL 7 2015


...................................

...THE BENNINGTON VT CLIMATE SUMMARY FOR JULY 6 2015...

CLIMATE NORMAL PERIOD 1981 TO 2010
CLIMATE RECORD PERIOD 9999 TO 9999


WEATHER ITEM   OBSERVED TIME   NORMAL DEPARTURE LAST
                VALUE   (LST)  VALUE  FROM      YEAR
                                      NORMAL
......................................................
TEMPERATURE (F)
 YESTERDAY
  MAXIMUM         83    432 PM  79      4       80
  MINIMUM         51    434 AM  57     -6       49
  AVERAGE         67            68     -1       65

PRECIPITATION (IN)
  YESTERDAY        0.00          0.13  -0.13     0.00
  MONTH TO DATE    0.85          0.78   0.07     1.74
  SINCE JUN 1      3.80          4.91  -1.11     5.07
  SINCE JAN 1     11.36         19.98  -8.62    17.90

DEGREE DAYS
 HEATING
  YESTERDAY        0             1     -1        0
  MONTH TO DATE   14             6      8        1
  SINCE JUN 1    109           103      6       48
  SINCE JUL 1     14             6      8        1

 COOLING
  YESTERDAY        2             4     -2        0
  MONTH TO DATE    6            23    -17       36
  SINCE JUN 1     53            81    -28       98
  SINCE JAN 1    117            95     22      114
......................................................


WIND (MPH)
  HIGHEST WIND SPEED     9   HIGHEST WIND DIRECTION     W (270)
  HIGHEST GUST SPEED    13   HIGHEST GUST DIRECTION     W (260)
  AVERAGE WIND SPEED     1.5


SKY COVER
  AVERAGE SKY COVER 0.1



RELATIVE HUMIDITY (PERCENT)
 HIGHEST   100           200 AM
 LOWEST     45           200 PM
 AVERAGE    73

..........................................................


THE BENNINGTON VT CLIMATE NORMALS FOR TODAY
                         NORMAL
 MAXIMUM TEMPERATURE (F)   79
 MINIMUM TEMPERATURE (F)   57


SUNRISE AND SUNSET
JULY  7 2015..........SUNRISE   522 AM EDT   SUNSET   834 PM EDT
JULY  8 2015..........SUNRISE   522 AM EDT   SUNSET   834 PM EDT


-  INDICATES NEGATIVE NUMBERS.
R  INDICATES RECORD WAS SET OR TIED.
MM INDICATES DATA IS MISSING.
T  INDICATES TRACE AMOUNT.




$$
