000
CDUS41 KALY 170622
CLIDDH


CLIMATE REPORT
NATIONAL WEATHER SERVICE ALBANY NY
122 AM EST SAT FEB 17 2018


...................................

...THE BENNINGTON VT CLIMATE SUMMARY FOR FEBRUARY 16 2018...

CLIMATE NORMAL PERIOD 1981 TO 2010
CLIMATE RECORD PERIOD 9999 TO 9999


WEATHER ITEM   OBSERVED TIME   NORMAL DEPARTURE LAST
                VALUE   (LST)  VALUE  FROM      YEAR
                                      NORMAL
......................................................
TEMPERATURE (F)
 YESTERDAY
  MAXIMUM         50    240 AM  35     15       31
  MINIMUM         26   1159 PM  16     10       19
  AVERAGE         38            25     13       25

PRECIPITATION (IN)
  YESTERDAY        0.18          0.08   0.10      T
  MONTH TO DATE    1.91          1.16   0.75     1.25
  SINCE DEC 1      7.10          6.70   0.40     5.05
  SINCE JAN 1      4.96          3.91   1.05     2.96

DEGREE DAYS
 HEATING
  YESTERDAY       27            40    -13       40
  MONTH TO DATE  595           661    -66      641
  SINCE DEC 1   3200          3179     21     2865
  SINCE JUL 1   4500          4792   -292     4235

 COOLING
  YESTERDAY        0             0      0        0
  MONTH TO DATE    0             0      0        0
  SINCE DEC 1      0             0      0        0
  SINCE JAN 1      0             0      0        0
......................................................


WIND (MPH)
  HIGHEST WIND SPEED    17   HIGHEST WIND DIRECTION    SW (230)
  HIGHEST GUST SPEED    31   HIGHEST GUST DIRECTION     W (260)
  AVERAGE WIND SPEED     6.5


SKY COVER
  AVERAGE SKY COVER 0.8



RELATIVE HUMIDITY (PERCENT)
 HIGHEST    96           900 AM
 LOWEST     50          1100 PM
 AVERAGE    73

..........................................................


THE BENNINGTON VT CLIMATE NORMALS FOR TODAY
                         NORMAL
 MAXIMUM TEMPERATURE (F)   35
 MINIMUM TEMPERATURE (F)   16


SUNRISE AND SUNSET
FEBRUARY 17 2018......SUNRISE   647 AM EST   SUNSET   527 PM EST
FEBRUARY 18 2018......SUNRISE   646 AM EST   SUNSET   528 PM EST


-  INDICATES NEGATIVE NUMBERS.
R  INDICATES RECORD WAS SET OR TIED.
MM INDICATES DATA IS MISSING.
T  INDICATES TRACE AMOUNT.




$$
