086
CDUS41 KALY 060630
CLIDDH


CLIMATE REPORT
NATIONAL WEATHER SERVICE ALBANY NY
130 AM EST SAT FEB 6 2016


...................................

...THE BENNINGTON VT CLIMATE SUMMARY FOR FEBRUARY 5 2016...

CLIMATE NORMAL PERIOD 1981 TO 2010
CLIMATE RECORD PERIOD 9999 TO 9999


WEATHER ITEM   OBSERVED TIME   NORMAL DEPARTURE LAST
                VALUE   (LST)  VALUE  FROM      YEAR
                                      NORMAL
......................................................
TEMPERATURE (F)
 YESTERDAY
  MAXIMUM         35    251 PM  33      2       30
  MINIMUM         18   1143 PM  13      5       -1
  AVERAGE         27            23      4       15

PRECIPITATION (IN)
  YESTERDAY        T             0.07  -0.07     0.08
  MONTH TO DATE    0.72          0.33   0.39     0.37
  SINCE DEC 1      5.58          5.87  -0.29     6.68
  SINCE JAN 1      1.83          3.08  -1.25     2.77

DEGREE DAYS
 HEATING
  YESTERDAY       38            42     -4       50
  MONTH TO DATE  124           212    -88      273
  SINCE DEC 1   2086          2730   -644     2760
  SINCE JUL 1   3429          4343   -914     4253

 COOLING
  YESTERDAY        0             0      0        0
  MONTH TO DATE    0             0      0        0
  SINCE DEC 1      0             0      0        0
  SINCE JAN 1      0             0      0        0
......................................................


WIND (MPH)
  HIGHEST WIND SPEED    18   HIGHEST WIND DIRECTION    NW (320)
  HIGHEST GUST SPEED    28   HIGHEST GUST DIRECTION     N (360)
  AVERAGE WIND SPEED     6.0


SKY COVER
  AVERAGE SKY COVER 0.6



RELATIVE HUMIDITY (PERCENT)
 HIGHEST    78           700 AM
 LOWEST     47          1200 PM
 AVERAGE    63

..........................................................


THE BENNINGTON VT CLIMATE NORMALS FOR TODAY
                         NORMAL
 MAXIMUM TEMPERATURE (F)   33
 MINIMUM TEMPERATURE (F)   14


SUNRISE AND SUNSET
FEBRUARY  6 2016......SUNRISE   703 AM EST   SUNSET   512 PM EST
FEBRUARY  7 2016......SUNRISE   702 AM EST   SUNSET   513 PM EST


-  INDICATES NEGATIVE NUMBERS.
R  INDICATES RECORD WAS SET OR TIED.
MM INDICATES DATA IS MISSING.
T  INDICATES TRACE AMOUNT.




$$
