197
CDUS41 KALY 210622
CLIDDH


CLIMATE REPORT
NATIONAL WEATHER SERVICE ALBANY NY
221 AM EDT THU SEP 21 2017


...................................

...THE BENNINGTON VT CLIMATE SUMMARY FOR SEPTEMBER 20 2017...

CLIMATE NORMAL PERIOD 1981 TO 2010
CLIMATE RECORD PERIOD 9999 TO 9999


WEATHER ITEM   OBSERVED TIME   NORMAL DEPARTURE LAST
                VALUE   (LST)  VALUE  FROM      YEAR
                                      NORMAL
......................................................
TEMPERATURE (F)
 YESTERDAY
  MAXIMUM         80   1230 PM  69     11       80
  MINIMUM         61   1144 PM  46     15       57
  AVERAGE         71            57     14       69

PRECIPITATION (IN)
  YESTERDAY        0.00          0.13  -0.13     0.00
  MONTH TO DATE    3.37          2.24   1.13     2.34
  SINCE SEP 1      3.37          2.24   1.13     2.34
  SINCE JAN 1     35.72         29.78   5.94    23.65

DEGREE DAYS
 HEATING
  YESTERDAY        0             8     -8        0
  MONTH TO DATE   96           104     -8       48
  SINCE SEP 1     96           104     -8       48
  SINCE JUL 1    163           176    -13       70

 COOLING
  YESTERDAY        6             0      6        4
  MONTH TO DATE   40            22     18       45
  SINCE SEP 1     40            22     18       45
  SINCE JAN 1    347           310     37      484
......................................................


WIND (MPH)
  HIGHEST WIND SPEED    12   HIGHEST WIND DIRECTION    NW (330)
  HIGHEST GUST SPEED    17   HIGHEST GUST DIRECTION    NW (330)
  AVERAGE WIND SPEED     3.3


SKY COVER
  AVERAGE SKY COVER 0.6



RELATIVE HUMIDITY (PERCENT)
 HIGHEST    93           200 AM
 LOWEST     58          1200 PM
 AVERAGE    76

..........................................................


THE BENNINGTON VT CLIMATE NORMALS FOR TODAY
                         NORMAL
 MAXIMUM TEMPERATURE (F)   69
 MINIMUM TEMPERATURE (F)   46


SUNRISE AND SUNSET
SEPTEMBER 21 2017.....SUNRISE   639 AM EDT   SUNSET   652 PM EDT
SEPTEMBER 22 2017.....SUNRISE   640 AM EDT   SUNSET   650 PM EDT


-  INDICATES NEGATIVE NUMBERS.
R  INDICATES RECORD WAS SET OR TIED.
MM INDICATES DATA IS MISSING.
T  INDICATES TRACE AMOUNT.




$$
