702
CDUS41 KALY 210622
CLIDDH


CLIMATE REPORT
NATIONAL WEATHER SERVICE ALBANY NY
221 AM EDT SUN MAY 21 2017


...................................

...THE BENNINGTON VT CLIMATE SUMMARY FOR MAY 20 2017...

CLIMATE NORMAL PERIOD 1981 TO 2010
CLIMATE RECORD PERIOD 9999 TO 9999


WEATHER ITEM   OBSERVED TIME   NORMAL DEPARTURE LAST
                VALUE   (LST)  VALUE  FROM      YEAR
                                      NORMAL
......................................................
TEMPERATURE (F)
 YESTERDAY
  MAXIMUM         67    420 PM  68     -1       72
  MINIMUM         42   1149 PM  44     -2       37
  AVERAGE         55            56     -1       55

PRECIPITATION (IN)
  YESTERDAY        0.00          0.12  -0.12     0.00
  MONTH TO DATE    5.00          2.14   2.86     2.27
  SINCE MAR 1     10.48          8.56   1.92     7.36
  SINCE JAN 1     14.11         13.55   0.56    12.40

DEGREE DAYS
 HEATING
  YESTERDAY       10             9      1       10
  MONTH TO DATE  244           232     12      271
  SINCE MAR 1   1788          1804    -16     1679
  SINCE JUL 1   6323          7055   -732     6012

 COOLING
  YESTERDAY        0             0      0        0
  MONTH TO DATE   12             0     12        0
  SINCE MAR 1     15             3     12        1
  SINCE JAN 1     15             3     12        1
......................................................


WIND (MPH)
  HIGHEST WIND SPEED    15   HIGHEST WIND DIRECTION     W (270)
  HIGHEST GUST SPEED    20   HIGHEST GUST DIRECTION     W (280)
  AVERAGE WIND SPEED     4.9


SKY COVER
  AVERAGE SKY COVER 0.0



RELATIVE HUMIDITY (PERCENT)
 HIGHEST    86          1200 AM
 LOWEST     32           500 PM
 AVERAGE    59

..........................................................


THE BENNINGTON VT CLIMATE NORMALS FOR TODAY
                         NORMAL
 MAXIMUM TEMPERATURE (F)   68
 MINIMUM TEMPERATURE (F)   45


SUNRISE AND SUNSET
MAY 21 2017...........SUNRISE   524 AM EDT   SUNSET   816 PM EDT
MAY 22 2017...........SUNRISE   523 AM EDT   SUNSET   817 PM EDT


-  INDICATES NEGATIVE NUMBERS.
R  INDICATES RECORD WAS SET OR TIED.
MM INDICATES DATA IS MISSING.
T  INDICATES TRACE AMOUNT.




$$
