000
CDUS41 KALY 120644
CLIDDH


CLIMATE REPORT
NATIONAL WEATHER SERVICE ALBANY NY
140 AM EST FRI JAN 12 2018


...................................

...THE BENNINGTON VT CLIMATE SUMMARY FOR JANUARY 11 2018...

CLIMATE NORMAL PERIOD 1981 TO 2010
CLIMATE RECORD PERIOD 9999 TO 9999


WEATHER ITEM   OBSERVED TIME   NORMAL DEPARTURE LAST
                VALUE   (LST)  VALUE  FROM      YEAR
                                      NORMAL
......................................................
TEMPERATURE (F)
 YESTERDAY
  MAXIMUM         54   1156 PM  30     24       51
  MINIMUM         37    700 AM  11     26       39
  AVERAGE         46            21     25       45

PRECIPITATION (IN)
  YESTERDAY        0.00          0.09  -0.09     0.29
  MONTH TO DATE    0.31          1.15  -0.84     0.71
  SINCE DEC 1      2.45          3.94  -1.49     2.80
  SINCE JAN 1      0.31          1.15  -0.84     0.71

DEGREE DAYS
 HEATING
  YESTERDAY       19            44    -25       20
  MONTH TO DATE  570           480     90      445
  SINCE DEC 1   1830          1639    191     1568
  SINCE JUL 1   3130          3252   -122     2938

 COOLING
  YESTERDAY        0             0      0        0
  MONTH TO DATE    0             0      0        0
  SINCE DEC 1      0             0      0        0
  SINCE JAN 1      0             0      0        0
......................................................


WIND (MPH)
  HIGHEST WIND SPEED    23   HIGHEST WIND DIRECTION     S (180)
  HIGHEST GUST SPEED    29   HIGHEST GUST DIRECTION     S (190)
  AVERAGE WIND SPEED     5.8


SKY COVER
  AVERAGE SKY COVER 0.6



RELATIVE HUMIDITY (PERCENT)
 HIGHEST    82           600 PM
 LOWEST     54           200 AM
 AVERAGE    68

..........................................................


THE BENNINGTON VT CLIMATE NORMALS FOR TODAY
                         NORMAL
 MAXIMUM TEMPERATURE (F)   30
 MINIMUM TEMPERATURE (F)   11


SUNRISE AND SUNSET
JANUARY 12 2018.......SUNRISE   722 AM EST   SUNSET   441 PM EST
JANUARY 13 2018.......SUNRISE   722 AM EST   SUNSET   442 PM EST


-  INDICATES NEGATIVE NUMBERS.
R  INDICATES RECORD WAS SET OR TIED.
MM INDICATES DATA IS MISSING.
T  INDICATES TRACE AMOUNT.




$$
