000
CDUS41 KALY 280621
CLIDDH


CLIMATE REPORT
NATIONAL WEATHER SERVICE ALBANY NY
221 AM EDT SUN SEP 28 2014


...................................

...THE BENNINGTON VT CLIMATE SUMMARY FOR SEPTEMBER 27 2014...

CLIMATE NORMAL PERIOD 1981 TO 2010
CLIMATE RECORD PERIOD 9999 TO 9999


WEATHER ITEM   OBSERVED TIME   NORMAL DEPARTURE LAST
                VALUE   (LST)  VALUE  FROM      YEAR
                                      NORMAL
......................................................
TEMPERATURE (F)
 YESTERDAY
  MAXIMUM         80    320 PM  66     14       60
  MINIMUM         43    616 AM  43      0       38
  AVERAGE         62            55      7       49

PRECIPITATION (IN)
  YESTERDAY        0.00          0.13  -0.13     0.00
  MONTH TO DATE    1.02          3.16  -2.14     4.03
  SINCE SEP 1      1.02          3.16  -2.14     4.03
  SINCE JAN 1     26.98         30.70  -3.72    35.75

DEGREE DAYS
 HEATING
  YESTERDAY        3            11     -8       16
  MONTH TO DATE  190           171     19      231
  SINCE SEP 1    190           171     19      231
  SINCE JUL 1    243           243      0      294

 COOLING
  YESTERDAY        0             0      0        0
  MONTH TO DATE   44            22     22       44
  SINCE SEP 1     44            22     22       44
  SINCE JAN 1    297           310    -13      503
......................................................


WIND (MPH)
  HIGHEST WIND SPEED     9   HIGHEST WIND DIRECTION     W (290)
  HIGHEST GUST SPEED    13   HIGHEST GUST DIRECTION     W (280)
  AVERAGE WIND SPEED     1.8


SKY COVER
  AVERAGE SKY COVER 0.3



RELATIVE HUMIDITY (PERCENT)
 HIGHEST   100           100 AM
 LOWEST     45           300 PM
 AVERAGE    73

..........................................................


THE BENNINGTON VT CLIMATE NORMALS FOR TODAY
                         NORMAL
 MAXIMUM TEMPERATURE (F)   66
 MINIMUM TEMPERATURE (F)   43


SUNRISE AND SUNSET
SEPTEMBER 28 2014.....SUNRISE   647 AM EDT   SUNSET   640 PM EDT
SEPTEMBER 29 2014.....SUNRISE   648 AM EDT   SUNSET   638 PM EDT


-  INDICATES NEGATIVE NUMBERS.
R  INDICATES RECORD WAS SET OR TIED.
MM INDICATES DATA IS MISSING.
T  INDICATES TRACE AMOUNT.




$$
