000
CDUS41 KALY 150627
CLIDDH


CLIMATE REPORT
NATIONAL WEATHER SERVICE ALBANY NY
126 AM EST MON DEC 15 2014


...................................

...THE BENNINGTON VT CLIMATE SUMMARY FOR DECEMBER 14 2014...

CLIMATE NORMAL PERIOD 1981 TO 2010
CLIMATE RECORD PERIOD 9999 TO 9999


WEATHER ITEM   OBSERVED TIME   NORMAL DEPARTURE LAST
                VALUE   (LST)  VALUE  FROM      YEAR
                                      NORMAL
......................................................
TEMPERATURE (F)
 YESTERDAY
  MAXIMUM         35    225 PM  36     -1       21
  MINIMUM         28    102 AM  20      8        5
  AVERAGE         32            28      4       13

PRECIPITATION (IN)
  YESTERDAY        T             0.09  -0.09     0.08
  MONTH TO DATE    2.14          1.34   0.80     0.46
  SINCE DEC 1      2.14          1.34   0.80     0.46
  SINCE JAN 1     35.19         39.25  -4.06    42.36

DEGREE DAYS
 HEATING
  YESTERDAY       33            37     -4       52
  MONTH TO DATE  482           479      3      502
  SINCE DEC 1    482           479      3      502
  SINCE JUL 1   1975          2092   -117     2033

 COOLING
  YESTERDAY        0             0      0        0
  MONTH TO DATE    0             0      0        0
  SINCE DEC 1      0             0      0        0
  SINCE JAN 1    308           313     -5      503
......................................................


WIND (MPH)
  HIGHEST WIND SPEED     7   HIGHEST WIND DIRECTION    NW (310)
  HIGHEST GUST SPEED    12   HIGHEST GUST DIRECTION    NW (300)
  AVERAGE WIND SPEED     1.2


SKY COVER
  AVERAGE SKY COVER 1.0



RELATIVE HUMIDITY (PERCENT)
 HIGHEST    92          1200 AM
 LOWEST     82          1100 PM
 AVERAGE    87

..........................................................


THE BENNINGTON VT CLIMATE NORMALS FOR TODAY
                         NORMAL
 MAXIMUM TEMPERATURE (F)   36
 MINIMUM TEMPERATURE (F)   20


SUNRISE AND SUNSET
DECEMBER 15 2014......SUNRISE   717 AM EST   SUNSET   419 PM EST
DECEMBER 16 2014......SUNRISE   718 AM EST   SUNSET   420 PM EST


-  INDICATES NEGATIVE NUMBERS.
R  INDICATES RECORD WAS SET OR TIED.
MM INDICATES DATA IS MISSING.
T  INDICATES TRACE AMOUNT.




$$
