000
CDUS41 KALY 240624
CLIDDH


CLIMATE REPORT
NATIONAL WEATHER SERVICE ALBANY NY
223 AM EDT SUN AUG 24 2014


...................................

...THE BENNINGTON VT CLIMATE SUMMARY FOR AUGUST 23 2014...

CLIMATE NORMAL PERIOD 1981 TO 2010
CLIMATE RECORD PERIOD 9999 TO 9999


WEATHER ITEM   OBSERVED TIME   NORMAL DEPARTURE LAST
                VALUE   (LST)  VALUE  FROM      YEAR
                                      NORMAL
......................................................
TEMPERATURE (F)
 YESTERDAY
  MAXIMUM         74   1129 AM  77     -3       74
  MINIMUM         53   1156 PM  54     -1       47
  AVERAGE         64            66     -2       61

PRECIPITATION (IN)
  YESTERDAY        0.01          0.11  -0.10     0.00
  MONTH TO DATE    1.84          3.07  -1.23     2.91
  SINCE JUN 1     13.12         11.54   1.58    15.80
  SINCE JAN 1     25.95         26.61  -0.66    30.27

DEGREE DAYS
 HEATING
  YESTERDAY        1             2     -1        4
  MONTH TO DATE   37            26     11       43
  SINCE JUN 1     95           147    -52      153
  SINCE JUL 1     48            50     -2       53

 COOLING
  YESTERDAY        0             2     -2        0
  MONTH TO DATE   33            79    -46       45
  SINCE JUN 1    219           260    -41      391
  SINCE JAN 1    235           274    -39      423
......................................................


WIND (MPH)
  HIGHEST WIND SPEED    12   HIGHEST WIND DIRECTION    SE (150)
  HIGHEST GUST SPEED    14   HIGHEST GUST DIRECTION    SE (140)
  AVERAGE WIND SPEED     2.0


SKY COVER
  AVERAGE SKY COVER 0.8



RELATIVE HUMIDITY (PERCENT)
 HIGHEST    93           700 PM
 LOWEST     57          1200 PM
 AVERAGE    75

..........................................................


THE BENNINGTON VT CLIMATE NORMALS FOR TODAY
                         NORMAL
 MAXIMUM TEMPERATURE (F)   77
 MINIMUM TEMPERATURE (F)   54


SUNRISE AND SUNSET
AUGUST 24 2014........SUNRISE   609 AM EDT   SUNSET   741 PM EDT
AUGUST 25 2014........SUNRISE   610 AM EDT   SUNSET   739 PM EDT


-  INDICATES NEGATIVE NUMBERS.
R  INDICATES RECORD WAS SET OR TIED.
MM INDICATES DATA IS MISSING.
T  INDICATES TRACE AMOUNT.




$$
