000
CDUS41 KALY 240623
CLIDDH


CLIMATE REPORT
NATIONAL WEATHER SERVICE ALBANY NY
222 AM EDT TUE MAY 24 2016


...................................

...THE BENNINGTON VT CLIMATE SUMMARY FOR MAY 23 2016...

CLIMATE NORMAL PERIOD 1981 TO 2010
CLIMATE RECORD PERIOD 9999 TO 9999


WEATHER ITEM   OBSERVED TIME   NORMAL DEPARTURE LAST
                VALUE   (LST)  VALUE  FROM      YEAR
                                      NORMAL
......................................................
TEMPERATURE (F)
 YESTERDAY
  MAXIMUM         79    435 PM  69     10       60
  MINIMUM         45    458 AM  45      0       34
  AVERAGE         62            57      5       47

PRECIPITATION (IN)
  YESTERDAY        0.00          0.14  -0.14     0.00
  MONTH TO DATE    2.28          2.53  -0.25     0.27
  SINCE MAR 1      7.37          8.95  -1.58     3.45
  SINCE JAN 1     12.41         13.94  -1.53     6.86

DEGREE DAYS
 HEATING
  YESTERDAY        3             8     -5       18
  MONTH TO DATE  288           258     30      147
  SINCE MAR 1   1696          1830   -134     1927
  SINCE JUL 1   6029          7081  -1052     7429

 COOLING
  YESTERDAY        0             0      0        0
  MONTH TO DATE    0             0      0       33
  SINCE MAR 1      1             3     -2       33
  SINCE JAN 1      1             3     -2       33
......................................................


WIND (MPH)
  HIGHEST WIND SPEED    17   HIGHEST WIND DIRECTION     N (360)
  HIGHEST GUST SPEED    26   HIGHEST GUST DIRECTION     N (360)
  AVERAGE WIND SPEED     3.9


SKY COVER
  AVERAGE SKY COVER 0.2



RELATIVE HUMIDITY (PERCENT)
 HIGHEST   100           300 AM
 LOWEST     25           500 PM
 AVERAGE    63

..........................................................


THE BENNINGTON VT CLIMATE NORMALS FOR TODAY
                         NORMAL
 MAXIMUM TEMPERATURE (F)   69
 MINIMUM TEMPERATURE (F)   46


SUNRISE AND SUNSET
MAY 24 2016...........SUNRISE   522 AM EDT   SUNSET   819 PM EDT
MAY 25 2016...........SUNRISE   521 AM EDT   SUNSET   820 PM EDT


-  INDICATES NEGATIVE NUMBERS.
R  INDICATES RECORD WAS SET OR TIED.
MM INDICATES DATA IS MISSING.
T  INDICATES TRACE AMOUNT.




$$
