000
CDUS41 KALY 290628
CLIDDH


CLIMATE REPORT
NATIONAL WEATHER SERVICE ALBANY NY
128 AM EST THU JAN 29 2015


...................................

...THE BENNINGTON VT CLIMATE SUMMARY FOR JANUARY 28 2015...

CLIMATE NORMAL PERIOD 1981 TO 2010
CLIMATE RECORD PERIOD 9999 TO 9999


WEATHER ITEM   OBSERVED TIME   NORMAL DEPARTURE LAST
                VALUE   (LST)  VALUE  FROM      YEAR
                                      NORMAL
......................................................
TEMPERATURE (F)
 YESTERDAY
  MAXIMUM         20    331 PM  31    -11       12
  MINIMUM         -2   1159 PM  12    -14        2
  AVERAGE          9            22    -13        7

PRECIPITATION (IN)
  YESTERDAY        T             0.09  -0.09     0.00
  MONTH TO DATE    2.21          2.53  -0.32     2.92
  SINCE DEC 1      6.12          5.32   0.80     5.80
  SINCE JAN 1      2.21          2.53  -0.32     2.92

DEGREE DAYS
 HEATING
  YESTERDAY       56            43     13       58
  MONTH TO DATE 1302          1227     75     1254
  SINCE DEC 1   2326          2386    -60     2386
  SINCE JUL 1   3819          3999   -180     3917

 COOLING
  YESTERDAY        0             0      0        0
  MONTH TO DATE    0             0      0        0
  SINCE DEC 1      0             0      0        0
  SINCE JAN 1      0             0      0        0
......................................................


WIND (MPH)
  HIGHEST WIND SPEED    21   HIGHEST WIND DIRECTION     N (340)
  HIGHEST GUST SPEED    30   HIGHEST GUST DIRECTION     N (340)
  AVERAGE WIND SPEED     7.7


SKY COVER
  AVERAGE SKY COVER 0.6



RELATIVE HUMIDITY (PERCENT)
 HIGHEST    75          1000 PM
 LOWEST     46           800 PM
 AVERAGE    61

..........................................................


THE BENNINGTON VT CLIMATE NORMALS FOR TODAY
                         NORMAL
 MAXIMUM TEMPERATURE (F)   31
 MINIMUM TEMPERATURE (F)   12


SUNRISE AND SUNSET
JANUARY 29 2015.......SUNRISE   711 AM EST   SUNSET   502 PM EST
JANUARY 30 2015.......SUNRISE   710 AM EST   SUNSET   503 PM EST


-  INDICATES NEGATIVE NUMBERS.
R  INDICATES RECORD WAS SET OR TIED.
MM INDICATES DATA IS MISSING.
T  INDICATES TRACE AMOUNT.




$$
