000
CDUS41 KALY 160624
CLIDDH


CLIMATE REPORT
NATIONAL WEATHER SERVICE ALBANY NY
223 AM EDT SUN APR 16 2017


...................................

...THE BENNINGTON VT CLIMATE SUMMARY FOR APRIL 15 2017...

CLIMATE NORMAL PERIOD 1981 TO 2010
CLIMATE RECORD PERIOD 9999 TO 9999


WEATHER ITEM   OBSERVED TIME   NORMAL DEPARTURE LAST
                VALUE   (LST)  VALUE  FROM      YEAR
                                      NORMAL
......................................................
TEMPERATURE (F)
 YESTERDAY
  MAXIMUM         71    155 PM  57     14       62
  MINIMUM         29    320 AM  34     -5       26
  AVERAGE         50            46      4       44

PRECIPITATION (IN)
  YESTERDAY        T             0.10  -0.10     0.00
  MONTH TO DATE    1.62          1.78  -0.16     2.17
  SINCE MAR 1      4.73          4.93  -0.20     4.63
  SINCE JAN 1      8.36          9.92  -1.56     9.67

DEGREE DAYS
 HEATING
  YESTERDAY       15            20     -5       21
  MONTH TO DATE  278           337    -59      415
  SINCE MAR 1   1384          1321     63     1179
  SINCE JUL 1   5919          6572   -653     5512

 COOLING
  YESTERDAY        0             0      0        0
  MONTH TO DATE    1             0      1        0
  SINCE MAR 1      1             0      1        0
  SINCE JAN 1      1             0      1        0
......................................................


WIND (MPH)
  HIGHEST WIND SPEED    20   HIGHEST WIND DIRECTION     S (190)
  HIGHEST GUST SPEED    27   HIGHEST GUST DIRECTION     S (180)
  AVERAGE WIND SPEED     7.3


SKY COVER
  AVERAGE SKY COVER 0.4



RELATIVE HUMIDITY (PERCENT)
 HIGHEST    72           300 AM
 LOWEST     26          1200 PM
 AVERAGE    49

..........................................................


THE BENNINGTON VT CLIMATE NORMALS FOR TODAY
                         NORMAL
 MAXIMUM TEMPERATURE (F)   57
 MINIMUM TEMPERATURE (F)   35


SUNRISE AND SUNSET
APRIL 16 2017.........SUNRISE   609 AM EDT   SUNSET   737 PM EDT
APRIL 17 2017.........SUNRISE   608 AM EDT   SUNSET   738 PM EDT


-  INDICATES NEGATIVE NUMBERS.
R  INDICATES RECORD WAS SET OR TIED.
MM INDICATES DATA IS MISSING.
T  INDICATES TRACE AMOUNT.




$$
