000
CDUS41 KALY 170622
CLIDDH


CLIMATE REPORT
NATIONAL WEATHER SERVICE ALBANY NY
222 AM EDT SUN JUL 17 2016


...................................

...THE BENNINGTON VT CLIMATE SUMMARY FOR JULY 16 2016...

CLIMATE NORMAL PERIOD 1981 TO 2010
CLIMATE RECORD PERIOD 9999 TO 9999


WEATHER ITEM   OBSERVED TIME   NORMAL DEPARTURE LAST
                VALUE   (LST)  VALUE  FROM      YEAR
                                      NORMAL
......................................................
TEMPERATURE (F)
 YESTERDAY
  MAXIMUM         81    329 PM  80      1       74
  MINIMUM         57    509 AM  57      0       43
  AVERAGE         69            68      1       59

PRECIPITATION (IN)
  YESTERDAY        0.02          0.12  -0.10     0.00
  MONTH TO DATE    1.22          2.20  -0.98     0.90
  SINCE JUN 1      2.96          6.33  -3.37     3.85
  SINCE JAN 1     16.01         21.40  -5.39    11.41

DEGREE DAYS
 HEATING
  YESTERDAY        0             1     -1        6
  MONTH TO DATE    4            16    -12       24
  SINCE JUN 1     73           113    -40      119
  SINCE JUL 1      4            16    -12       24

 COOLING
  YESTERDAY        4             4      0        0
  MONTH TO DATE   80            63     17       47
  SINCE JUN 1    138           121     17       94
  SINCE JAN 1    180           135     45      158
......................................................


WIND (MPH)
  HIGHEST WIND SPEED    12   HIGHEST WIND DIRECTION     W (270)
  HIGHEST GUST SPEED    16   HIGHEST GUST DIRECTION     W (290)
  AVERAGE WIND SPEED     2.5


SKY COVER
  AVERAGE SKY COVER 0.5



RELATIVE HUMIDITY (PERCENT)
 HIGHEST   100           200 AM
 LOWEST     51           300 PM
 AVERAGE    76

..........................................................


THE BENNINGTON VT CLIMATE NORMALS FOR TODAY
                         NORMAL
 MAXIMUM TEMPERATURE (F)   80
 MINIMUM TEMPERATURE (F)   57


SUNRISE AND SUNSET
JULY 17 2016..........SUNRISE   530 AM EDT   SUNSET   828 PM EDT
JULY 18 2016..........SUNRISE   531 AM EDT   SUNSET   827 PM EDT


-  INDICATES NEGATIVE NUMBERS.
R  INDICATES RECORD WAS SET OR TIED.
MM INDICATES DATA IS MISSING.
T  INDICATES TRACE AMOUNT.




$$
