000
CDUS41 KALY 080625
CLIDDH


CLIMATE REPORT
NATIONAL WEATHER SERVICE ALBANY NY
223 AM EDT TUE AUG 8 2017


...................................

...THE BENNINGTON VT CLIMATE SUMMARY FOR AUGUST 7 2017...

CLIMATE NORMAL PERIOD 1981 TO 2010
CLIMATE RECORD PERIOD 9999 TO 9999


WEATHER ITEM   OBSERVED TIME   NORMAL DEPARTURE LAST
                VALUE   (LST)  VALUE  FROM      YEAR
                                      NORMAL
......................................................
TEMPERATURE (F)
 YESTERDAY
  MAXIMUM         72    147 PM  79     -7       81
  MINIMUM         50    543 AM  57     -7       56
  AVERAGE         61            68     -7       69

PRECIPITATION (IN)
  YESTERDAY        0.04          0.14  -0.10     0.03
  MONTH TO DATE    0.57          1.03  -0.46     1.48
  SINCE JUN 1     13.85          9.50   4.35     5.61
  SINCE JAN 1     30.09         24.57   5.52    18.66

DEGREE DAYS
 HEATING
  YESTERDAY        4             1      3        0
  MONTH TO DATE    6             7     -1        0
  SINCE JUN 1    114           128    -14       79
  SINCE JUL 1     19            31    -12       10

 COOLING
  YESTERDAY        0             4     -4        4
  MONTH TO DATE   28            28      0       36
  SINCE JUN 1    234           209     25      260
  SINCE JAN 1    249           223     26      302
......................................................


WIND (MPH)
  HIGHEST WIND SPEED    14   HIGHEST WIND DIRECTION    SW (210)
  HIGHEST GUST SPEED    19   HIGHEST GUST DIRECTION     S (160)
  AVERAGE WIND SPEED     2.0


SKY COVER
  AVERAGE SKY COVER 0.4



RELATIVE HUMIDITY (PERCENT)
 HIGHEST    97           900 PM
 LOWEST     57           200 PM
 AVERAGE    77

..........................................................


THE BENNINGTON VT CLIMATE NORMALS FOR TODAY
                         NORMAL
 MAXIMUM TEMPERATURE (F)   79
 MINIMUM TEMPERATURE (F)   56


SUNRISE AND SUNSET
AUGUST  8 2017........SUNRISE   552 AM EDT   SUNSET   805 PM EDT
AUGUST  9 2017........SUNRISE   553 AM EDT   SUNSET   803 PM EDT


-  INDICATES NEGATIVE NUMBERS.
R  INDICATES RECORD WAS SET OR TIED.
MM INDICATES DATA IS MISSING.
T  INDICATES TRACE AMOUNT.




$$
