000
CDUS41 KALY 270622
CLIDDH


CLIMATE REPORT
NATIONAL WEATHER SERVICE ALBANY NY
222 AM EDT SUN JUL 27 2014


...................................

...THE BENNINGTON VT CLIMATE SUMMARY FOR JULY 26 2014...

CLIMATE NORMAL PERIOD 1981 TO 2010
CLIMATE RECORD PERIOD 9999 TO 9999


WEATHER ITEM   OBSERVED TIME   NORMAL DEPARTURE LAST
                VALUE   (LST)  VALUE  FROM      YEAR
                                      NORMAL
......................................................
TEMPERATURE (F)
 YESTERDAY
  MAXIMUM         77    314 PM  80     -3       73
  MINIMUM         54    304 AM  57     -3       54
  AVERAGE         66            68     -2       64

PRECIPITATION (IN)
  YESTERDAY        0.00          0.14  -0.14     0.00
  MONTH TO DATE    5.25          3.64   1.61     5.30
  SINCE JUN 1      8.58          7.77   0.81    12.59
  SINCE JAN 1     21.41         22.84  -1.43    27.06

DEGREE DAYS
 HEATING
  YESTERDAY        0             1     -1        1
  MONTH TO DATE    8            26    -18        9
  SINCE JUN 1     55           123    -68      109
  SINCE JUL 1      8            26    -18        9

 COOLING
  YESTERDAY        1             4     -3        0
  MONTH TO DATE  116           103     13      241
  SINCE JUN 1    178           161     17      339
  SINCE JAN 1    194           175     19      371
......................................................


WIND (MPH)
  HIGHEST WIND SPEED    10   HIGHEST WIND DIRECTION     W (250)
  HIGHEST GUST SPEED    15   HIGHEST GUST DIRECTION     W (270)
  AVERAGE WIND SPEED     2.3


SKY COVER
  AVERAGE SKY COVER 0.2



RELATIVE HUMIDITY (PERCENT)
 HIGHEST    93          1200 AM
 LOWEST     50          1100 AM
 AVERAGE    72

..........................................................


THE BENNINGTON VT CLIMATE NORMALS FOR TODAY
                         NORMAL
 MAXIMUM TEMPERATURE (F)   80
 MINIMUM TEMPERATURE (F)   57


SUNRISE AND SUNSET
JULY 27 2014..........SUNRISE   539 AM EDT   SUNSET   819 PM EDT
JULY 28 2014..........SUNRISE   540 AM EDT   SUNSET   818 PM EDT


-  INDICATES NEGATIVE NUMBERS.
R  INDICATES RECORD WAS SET OR TIED.
MM INDICATES DATA IS MISSING.
T  INDICATES TRACE AMOUNT.




$$
