000
CDUS41 KALY 090624
CLIDDH


CLIMATE REPORT
NATIONAL WEATHER SERVICE ALBANY NY
223 AM EDT MON OCT 9 2017


...................................

...THE BENNINGTON VT CLIMATE SUMMARY FOR OCTOBER 8 2017...

CLIMATE NORMAL PERIOD 1981 TO 2010
CLIMATE RECORD PERIOD 9999 TO 9999


WEATHER ITEM   OBSERVED TIME   NORMAL DEPARTURE LAST
                VALUE   (LST)  VALUE  FROM      YEAR
                                      NORMAL
......................................................
TEMPERATURE (F)
 YESTERDAY
  MAXIMUM         80    110 PM  62     18       66
  MINIMUM         58   1022 PM  39     19       45
  AVERAGE         69            50     19       56

PRECIPITATION (IN)
  YESTERDAY        0.29          0.11   0.18     0.05
  MONTH TO DATE    0.43          0.99  -0.56     0.41
  SINCE SEP 1      3.93          4.56  -0.63     3.44
  SINCE JAN 1     36.28         32.10   4.18    24.75

DEGREE DAYS
 HEATING
  YESTERDAY        0            15    -15        9
  MONTH TO DATE   62           109    -47       67
  SINCE SEP 1    198           315   -117      190
  SINCE JUL 1    265           387   -122      212

 COOLING
  YESTERDAY        4             0      4        0
  MONTH TO DATE    5             0      5        0
  SINCE SEP 1     81            23     58       45
  SINCE JAN 1    388           311     77      484
......................................................


WIND (MPH)
  HIGHEST WIND SPEED    25   HIGHEST WIND DIRECTION     S (180)
  HIGHEST GUST SPEED    38   HIGHEST GUST DIRECTION     S (180)
  AVERAGE WIND SPEED     8.6


SKY COVER
  AVERAGE SKY COVER 0.6



RELATIVE HUMIDITY (PERCENT)
 HIGHEST    97           900 PM
 LOWEST     68           100 AM
 AVERAGE    83

..........................................................


THE BENNINGTON VT CLIMATE NORMALS FOR TODAY
                         NORMAL
 MAXIMUM TEMPERATURE (F)   61
 MINIMUM TEMPERATURE (F)   38


SUNRISE AND SUNSET
OCTOBER  9 2017.......SUNRISE   700 AM EDT   SUNSET   620 PM EDT
OCTOBER 10 2017.......SUNRISE   701 AM EDT   SUNSET   618 PM EDT


-  INDICATES NEGATIVE NUMBERS.
R  INDICATES RECORD WAS SET OR TIED.
MM INDICATES DATA IS MISSING.
T  INDICATES TRACE AMOUNT.




$$
