912
CDUS41 KALY 230624
CLIDDH


CLIMATE REPORT
NATIONAL WEATHER SERVICE ALBANY NY
222 AM EDT SUN APR 23 2017


...................................

...THE BENNINGTON VT CLIMATE SUMMARY FOR APRIL 22 2017...

CLIMATE NORMAL PERIOD 1981 TO 2010
CLIMATE RECORD PERIOD 9999 TO 9999


WEATHER ITEM   OBSERVED TIME   NORMAL DEPARTURE LAST
                VALUE   (LST)  VALUE  FROM      YEAR
                                      NORMAL
......................................................
TEMPERATURE (F)
 YESTERDAY
  MAXIMUM         53   1252 PM  60     -7       78
  MINIMUM         42   1159 PM  37      5       53
  AVERAGE         48            48      0       66

PRECIPITATION (IN)
  YESTERDAY        T             0.09  -0.09      T
  MONTH TO DATE    2.20          2.44  -0.24     2.20
  SINCE MAR 1      5.31          5.59  -0.28     4.66
  SINCE JAN 1      8.94         10.58  -1.64     9.70

DEGREE DAYS
 HEATING
  YESTERDAY       17            17      0        0
  MONTH TO DATE  368           463    -95      494
  SINCE MAR 1   1474          1447     27     1258
  SINCE JUL 1   6009          6698   -689     5591

 COOLING
  YESTERDAY        0             0      0        1
  MONTH TO DATE    3             0      3        1
  SINCE MAR 1      3             0      3        1
  SINCE JAN 1      3             0      3        1
......................................................


WIND (MPH)
  HIGHEST WIND SPEED    13   HIGHEST WIND DIRECTION     W (270)
  HIGHEST GUST SPEED    18   HIGHEST GUST DIRECTION    NW (320)
  AVERAGE WIND SPEED     4.7


SKY COVER
  AVERAGE SKY COVER 1.0



RELATIVE HUMIDITY (PERCENT)
 HIGHEST    93           600 AM
 LOWEST     59           100 PM
 AVERAGE    76

..........................................................


THE BENNINGTON VT CLIMATE NORMALS FOR TODAY
                         NORMAL
 MAXIMUM TEMPERATURE (F)   60
 MINIMUM TEMPERATURE (F)   37


SUNRISE AND SUNSET
APRIL 23 2017.........SUNRISE   558 AM EDT   SUNSET   745 PM EDT
APRIL 24 2017.........SUNRISE   557 AM EDT   SUNSET   746 PM EDT


-  INDICATES NEGATIVE NUMBERS.
R  INDICATES RECORD WAS SET OR TIED.
MM INDICATES DATA IS MISSING.
T  INDICATES TRACE AMOUNT.




$$
