000
CDUS41 KALY 270628
CLIDDH


CLIMATE REPORT
NATIONAL WEATHER SERVICE ALBANY NY
225 AM EDT TUE SEP 27 2016


...................................

...THE BENNINGTON VT CLIMATE SUMMARY FOR SEPTEMBER 26 2016...

CLIMATE NORMAL PERIOD 1981 TO 2010
CLIMATE RECORD PERIOD 9999 TO 9999


WEATHER ITEM   OBSERVED TIME   NORMAL DEPARTURE LAST
                VALUE   (LST)  VALUE  FROM      YEAR
                                      NORMAL
......................................................
TEMPERATURE (F)
 YESTERDAY
  MAXIMUM         66    155 PM  67     -1       69
  MINIMUM         31    529 AM  44    -13       42
  AVERAGE         49            55     -6       56

PRECIPITATION (IN)
  YESTERDAY        T             0.14  -0.14     0.00
  MONTH TO DATE    2.47          3.03  -0.56     3.58
  SINCE SEP 1      2.47          3.03  -0.56     3.58
  SINCE JAN 1     23.78         30.57  -6.79    17.81

DEGREE DAYS
 HEATING
  YESTERDAY       16            10      6        9
  MONTH TO DATE   97           160    -63       74
  SINCE SEP 1     97           160    -63       74
  SINCE JUL 1    119           232   -113      113

 COOLING
  YESTERDAY        0             0      0        0
  MONTH TO DATE   45            22     23       70
  SINCE SEP 1     45            22     23       70
  SINCE JAN 1    484           310    174      438
......................................................


WIND (MPH)
  HIGHEST WIND SPEED    14   HIGHEST WIND DIRECTION     S (200)
  HIGHEST GUST SPEED    20   HIGHEST GUST DIRECTION    SW (210)
  AVERAGE WIND SPEED     4.0


SKY COVER
  AVERAGE SKY COVER 0.1



RELATIVE HUMIDITY (PERCENT)
 HIGHEST    92          1200 AM
 LOWEST     42           200 PM
 AVERAGE    67

..........................................................


THE BENNINGTON VT CLIMATE NORMALS FOR TODAY
                         NORMAL
 MAXIMUM TEMPERATURE (F)   66
 MINIMUM TEMPERATURE (F)   43


SUNRISE AND SUNSET
SEPTEMBER 27 2016.....SUNRISE   646 AM EDT   SUNSET   641 PM EDT
SEPTEMBER 28 2016.....SUNRISE   647 AM EDT   SUNSET   639 PM EDT


-  INDICATES NEGATIVE NUMBERS.
R  INDICATES RECORD WAS SET OR TIED.
MM INDICATES DATA IS MISSING.
T  INDICATES TRACE AMOUNT.




$$
