000
CDUS41 KALY 220623
CLIDDH


CLIMATE REPORT
NATIONAL WEATHER SERVICE ALBANY NY
222 AM EDT MON MAY 22 2017


...................................

...THE BENNINGTON VT CLIMATE SUMMARY FOR MAY 21 2017...

CLIMATE NORMAL PERIOD 1981 TO 2010
CLIMATE RECORD PERIOD 9999 TO 9999


WEATHER ITEM   OBSERVED TIME   NORMAL DEPARTURE LAST
                VALUE   (LST)  VALUE  FROM      YEAR
                                      NORMAL
......................................................
TEMPERATURE (F)
 YESTERDAY
  MAXIMUM         70    415 PM  68      2       69
  MINIMUM         42    437 AM  45     -3       41
  AVERAGE         56            56      0       55

PRECIPITATION (IN)
  YESTERDAY        0.03          0.12  -0.09     0.00
  MONTH TO DATE    5.03          2.26   2.77     2.27
  SINCE MAR 1     10.51          8.68   1.83     7.36
  SINCE JAN 1     14.14         13.67   0.47    12.40

DEGREE DAYS
 HEATING
  YESTERDAY        9             9      0       10
  MONTH TO DATE  253           241     12      281
  SINCE MAR 1   1797          1813    -16     1689
  SINCE JUL 1   6332          7064   -732     6022

 COOLING
  YESTERDAY        0             0      0        0
  MONTH TO DATE   12             0     12        0
  SINCE MAR 1     15             3     12        1
  SINCE JAN 1     15             3     12        1
......................................................


WIND (MPH)
  HIGHEST WIND SPEED    18   HIGHEST WIND DIRECTION     S (180)
  HIGHEST GUST SPEED    23   HIGHEST GUST DIRECTION     S (180)
  AVERAGE WIND SPEED     6.5


SKY COVER
  AVERAGE SKY COVER 0.4



RELATIVE HUMIDITY (PERCENT)
 HIGHEST    76           300 AM
 LOWEST     31           200 PM
 AVERAGE    54

..........................................................


THE BENNINGTON VT CLIMATE NORMALS FOR TODAY
                         NORMAL
 MAXIMUM TEMPERATURE (F)   69
 MINIMUM TEMPERATURE (F)   45


SUNRISE AND SUNSET
MAY 22 2017...........SUNRISE   523 AM EDT   SUNSET   817 PM EDT
MAY 23 2017...........SUNRISE   523 AM EDT   SUNSET   817 PM EDT


-  INDICATES NEGATIVE NUMBERS.
R  INDICATES RECORD WAS SET OR TIED.
MM INDICATES DATA IS MISSING.
T  INDICATES TRACE AMOUNT.




$$
