000
CDUS41 KALY 200622
CLIDDH


CLIMATE REPORT
NATIONAL WEATHER SERVICE ALBANY NY
222 AM EDT SUN JUL 20 2014


...................................

...THE BENNINGTON VT CLIMATE SUMMARY FOR JULY 19 2014...

CLIMATE NORMAL PERIOD 1981 TO 2010
CLIMATE RECORD PERIOD 9999 TO 9999


WEATHER ITEM   OBSERVED TIME   NORMAL DEPARTURE LAST
                VALUE   (LST)  VALUE  FROM      YEAR
                                      NORMAL
......................................................
TEMPERATURE (F)
 YESTERDAY
  MAXIMUM         77   1236 PM  80     -3       92
  MINIMUM         51    342 AM  57     -6       68
  AVERAGE         64            68     -4       80

PRECIPITATION (IN)
  YESTERDAY        0.00          0.15  -0.15     0.18
  MONTH TO DATE    4.61          2.61   2.00     2.49
  SINCE JUN 1      7.94          6.74   1.20     9.78
  SINCE JAN 1     20.77         21.81  -1.04    24.25

DEGREE DAYS
 HEATING
  YESTERDAY        1             1      0        0
  MONTH TO DATE    6            19    -13        0
  SINCE JUN 1     53           116    -63      100
  SINCE JUL 1      6            19    -13        0

 COOLING
  YESTERDAY        0             4     -4       15
  MONTH TO DATE   86            75     11      214
  SINCE JUN 1    148           133     15      312
  SINCE JAN 1    164           147     17      344
......................................................


WIND (MPH)
  HIGHEST WIND SPEED    13   HIGHEST WIND DIRECTION     S (170)
  HIGHEST GUST SPEED    16   HIGHEST GUST DIRECTION     S (170)
  AVERAGE WIND SPEED     2.6


SKY COVER
  AVERAGE SKY COVER 0.1



RELATIVE HUMIDITY (PERCENT)
 HIGHEST    96           300 AM
 LOWEST     50           100 PM
 AVERAGE    73

..........................................................


THE BENNINGTON VT CLIMATE NORMALS FOR TODAY
                         NORMAL
 MAXIMUM TEMPERATURE (F)   80
 MINIMUM TEMPERATURE (F)   57


SUNRISE AND SUNSET
JULY 20 2014..........SUNRISE   532 AM EDT   SUNSET   826 PM EDT
JULY 21 2014..........SUNRISE   533 AM EDT   SUNSET   825 PM EDT


-  INDICATES NEGATIVE NUMBERS.
R  INDICATES RECORD WAS SET OR TIED.
MM INDICATES DATA IS MISSING.
T  INDICATES TRACE AMOUNT.




$$
