961
CDUS41 KALY 180622
CLIDDH


CLIMATE REPORT
NATIONAL WEATHER SERVICE ALBANY NY
221 AM EDT SAT MAR 18 2017


...................................

...THE BENNINGTON VT CLIMATE SUMMARY FOR MARCH 17 2017...

CLIMATE NORMAL PERIOD 1981 TO 2010
CLIMATE RECORD PERIOD 9999 TO 9999


WEATHER ITEM   OBSERVED TIME   NORMAL DEPARTURE LAST
                VALUE   (LST)  VALUE  FROM      YEAR
                                      NORMAL
......................................................
TEMPERATURE (F)
 YESTERDAY
  MAXIMUM         37    447 PM  44     -7       60
  MINIMUM         12   1155 PM  23    -11       35
  AVERAGE         25            33     -8       48

PRECIPITATION (IN)
  YESTERDAY        0.00          0.11  -0.11     0.03
  MONTH TO DATE    0.85          1.60  -0.75     1.55
  SINCE MAR 1      0.85          1.60  -0.75     1.55
  SINCE JAN 1      4.48          6.59  -2.11     6.59

DEGREE DAYS
 HEATING
  YESTERDAY       40            32      8       17
  MONTH TO DATE  660           583     77      425
  SINCE MAR 1    660           583     77      425
  SINCE JUL 1   5195          5834   -639     4758

 COOLING
  YESTERDAY        0             0      0        0
  MONTH TO DATE    0             0      0        0
  SINCE MAR 1      0             0      0        0
  SINCE JAN 1      0             0      0        0
......................................................


WIND (MPH)
  HIGHEST WIND SPEED    15   HIGHEST WIND DIRECTION     W (270)
  HIGHEST GUST SPEED    20   HIGHEST GUST DIRECTION     W (270)
  AVERAGE WIND SPEED     5.3


SKY COVER
  AVERAGE SKY COVER 0.1



RELATIVE HUMIDITY (PERCENT)
 HIGHEST    73           500 AM
 LOWEST     26           200 PM
 AVERAGE    50

..........................................................


THE BENNINGTON VT CLIMATE NORMALS FOR TODAY
                         NORMAL
 MAXIMUM TEMPERATURE (F)   44
 MINIMUM TEMPERATURE (F)   23


SUNRISE AND SUNSET
MARCH 18 2017.........SUNRISE   659 AM EDT   SUNSET   703 PM EDT
MARCH 19 2017.........SUNRISE   658 AM EDT   SUNSET   704 PM EDT


-  INDICATES NEGATIVE NUMBERS.
R  INDICATES RECORD WAS SET OR TIED.
MM INDICATES DATA IS MISSING.
T  INDICATES TRACE AMOUNT.




$$
