000
CDUS41 KALY 160624
CLIDDH


CLIMATE REPORT
NATIONAL WEATHER SERVICE ALBANY NY
223 AM EDT SAT SEP 16 2017


...................................

...THE BENNINGTON VT CLIMATE SUMMARY FOR SEPTEMBER 15 2017...

CLIMATE NORMAL PERIOD 1981 TO 2010
CLIMATE RECORD PERIOD 9999 TO 9999


WEATHER ITEM   OBSERVED TIME   NORMAL DEPARTURE LAST
                VALUE   (LST)  VALUE  FROM      YEAR
                                      NORMAL
......................................................
TEMPERATURE (F)
 YESTERDAY
  MAXIMUM         81    104 PM  71     10       68
  MINIMUM         61   1159 PM  48     13       39
  AVERAGE         71            59     12       54

PRECIPITATION (IN)
  YESTERDAY        0.53          0.11   0.42     0.00
  MONTH TO DATE    3.37          1.62   1.75     0.73
  SINCE SEP 1      3.37          1.62   1.75     0.73
  SINCE JAN 1     35.72         29.16   6.56    22.04

DEGREE DAYS
 HEATING
  YESTERDAY        0             6     -6       11
  MONTH TO DATE   96            67     29       36
  SINCE SEP 1     96            67     29       36
  SINCE JUL 1    163           139     24       58

 COOLING
  YESTERDAY        6             1      5        0
  MONTH TO DATE   17            19     -2       33
  SINCE SEP 1     17            19     -2       33
  SINCE JAN 1    324           307     17      472
......................................................


WIND (MPH)
  HIGHEST WIND SPEED     9   HIGHEST WIND DIRECTION     N (360)
  HIGHEST GUST SPEED    12   HIGHEST GUST DIRECTION     N (360)
  AVERAGE WIND SPEED     1.6


SKY COVER
  AVERAGE SKY COVER 0.8



RELATIVE HUMIDITY (PERCENT)
 HIGHEST   100          1100 PM
 LOWEST     58           100 PM
 AVERAGE    79

..........................................................


THE BENNINGTON VT CLIMATE NORMALS FOR TODAY
                         NORMAL
 MAXIMUM TEMPERATURE (F)   71
 MINIMUM TEMPERATURE (F)   47


SUNRISE AND SUNSET
SEPTEMBER 16 2017.....SUNRISE   634 AM EDT   SUNSET   701 PM EDT
SEPTEMBER 17 2017.....SUNRISE   635 AM EDT   SUNSET   659 PM EDT


-  INDICATES NEGATIVE NUMBERS.
R  INDICATES RECORD WAS SET OR TIED.
MM INDICATES DATA IS MISSING.
T  INDICATES TRACE AMOUNT.




$$
