000
CDUS41 KALY 250622
CLIDDH


CLIMATE REPORT
NATIONAL WEATHER SERVICE ALBANY NY
221 AM EDT THU JUN 25 2015


...................................

...THE BENNINGTON VT CLIMATE SUMMARY FOR JUNE 24 2015...

CLIMATE NORMAL PERIOD 1981 TO 2010
CLIMATE RECORD PERIOD 9999 TO 9999


WEATHER ITEM   OBSERVED TIME   NORMAL DEPARTURE LAST
                VALUE   (LST)  VALUE  FROM      YEAR
                                      NORMAL
......................................................
TEMPERATURE (F)
 YESTERDAY
  MAXIMUM         76    204 PM  77     -1       77
  MINIMUM         54   1134 PM  55     -1       60
  AVERAGE         65            66     -1       69

PRECIPITATION (IN)
  YESTERDAY        0.00          0.13  -0.13      T
  MONTH TO DATE    2.44          3.38  -0.94     1.58
  SINCE JUN 1      2.44          3.38  -0.94     1.58
  SINCE JAN 1     10.00         18.45  -8.45    14.41

DEGREE DAYS
 HEATING
  YESTERDAY        0             2     -2        0
  MONTH TO DATE   76            90    -14       47
  SINCE JUN 1     76            90    -14       47
  SINCE JUL 1   7518          7229    289     7298

 COOLING
  YESTERDAY        0             3     -3        4
  MONTH TO DATE   47            40      7       32
  SINCE JUN 1     47            40      7       32
  SINCE JAN 1    111            54     57       48
......................................................


WIND (MPH)
  HIGHEST WIND SPEED    14   HIGHEST WIND DIRECTION     W (250)
  HIGHEST GUST SPEED    22   HIGHEST GUST DIRECTION    SW (230)
  AVERAGE WIND SPEED     4.5


SKY COVER
  AVERAGE SKY COVER 0.4



RELATIVE HUMIDITY (PERCENT)
 HIGHEST    93           200 AM
 LOWEST     54           300 PM
 AVERAGE    74

..........................................................


THE BENNINGTON VT CLIMATE NORMALS FOR TODAY
                         NORMAL
 MAXIMUM TEMPERATURE (F)   77
 MINIMUM TEMPERATURE (F)   55


SUNRISE AND SUNSET
JUNE 25 2015..........SUNRISE   515 AM EDT   SUNSET   836 PM EDT
JUNE 26 2015..........SUNRISE   516 AM EDT   SUNSET   836 PM EDT


-  INDICATES NEGATIVE NUMBERS.
R  INDICATES RECORD WAS SET OR TIED.
MM INDICATES DATA IS MISSING.
T  INDICATES TRACE AMOUNT.




$$
