000
CDUS41 KALY 310644
CLIDDH


CLIMATE REPORT
NATIONAL WEATHER SERVICE ALBANY NY
240 AM EDT FRI OCT 31 2014


...................................

...THE BENNINGTON VT CLIMATE SUMMARY FOR OCTOBER 30 2014...

CLIMATE NORMAL PERIOD 1981 TO 2010
CLIMATE RECORD PERIOD 9999 TO 9999


WEATHER ITEM   OBSERVED TIME   NORMAL DEPARTURE LAST
                VALUE   (LST)  VALUE  FROM      YEAR
                                      NORMAL
......................................................
TEMPERATURE (F)
 YESTERDAY
  MAXIMUM         52    107 PM  54     -2       50
  MINIMUM         41   1159 PM  33      8       29
  AVERAGE         47            43      4       40

PRECIPITATION (IN)
  YESTERDAY        0.00          0.10  -0.10     0.02
  MONTH TO DATE    3.83          3.60   0.23     2.81
  SINCE SEP 1      4.85          7.17  -2.32     6.84
  SINCE JAN 1     30.81         34.71  -3.90    38.56

DEGREE DAYS
 HEATING
  YESTERDAY       18            22     -4       25
  MONTH TO DATE  377           521   -144      414
  SINCE SEP 1    571           727   -156      673
  SINCE JUL 1    624           799   -175      736

 COOLING
  YESTERDAY        0             0      0        0
  MONTH TO DATE   11             0     11        0
  SINCE SEP 1     55            23     32       44
  SINCE JAN 1    308           311     -3      503
......................................................


WIND (MPH)
  HIGHEST WIND SPEED    13   HIGHEST WIND DIRECTION     W (290)
  HIGHEST GUST SPEED    19   HIGHEST GUST DIRECTION     W (280)
  AVERAGE WIND SPEED     5.5


SKY COVER
  AVERAGE SKY COVER 1.0



RELATIVE HUMIDITY (PERCENT)
 HIGHEST    89           100 AM
 LOWEST     50           300 PM
 AVERAGE    70

..........................................................


THE BENNINGTON VT CLIMATE NORMALS FOR TODAY
                         NORMAL
 MAXIMUM TEMPERATURE (F)   53
 MINIMUM TEMPERATURE (F)   33


SUNRISE AND SUNSET
OCTOBER 31 2014.......SUNRISE   726 AM EDT   SUNSET   547 PM EDT
NOVEMBER  1 2014......SUNRISE   727 AM EDT   SUNSET   545 PM EDT


-  INDICATES NEGATIVE NUMBERS.
R  INDICATES RECORD WAS SET OR TIED.
MM INDICATES DATA IS MISSING.
T  INDICATES TRACE AMOUNT.




$$
