000
CDUS41 KALY 250623
CLIDDH


CLIMATE REPORT
NATIONAL WEATHER SERVICE ALBANY NY
123 AM EST THU DEC 25 2014


...................................

...THE BENNINGTON VT CLIMATE SUMMARY FOR DECEMBER 24 2014...

CLIMATE NORMAL PERIOD 1981 TO 2010
CLIMATE RECORD PERIOD 9999 TO 9999


WEATHER ITEM   OBSERVED TIME   NORMAL DEPARTURE LAST
                VALUE   (LST)  VALUE  FROM      YEAR
                                      NORMAL
......................................................
TEMPERATURE (F)
 YESTERDAY
  MAXIMUM         59   1159 PM  33     26       33
  MINIMUM         45   1138 AM  16     29       17
  AVERAGE         52            24     28       25

PRECIPITATION (IN)
  YESTERDAY        0.22          0.09   0.13     0.00
  MONTH TO DATE    3.18          2.21   0.97     1.96
  SINCE DEC 1      3.18          2.21   0.97     1.96
  SINCE JAN 1     36.23         40.12  -3.89    43.86

DEGREE DAYS
 HEATING
  YESTERDAY       13            41    -28       40
  MONTH TO DATE  797           869    -72      846
  SINCE DEC 1    797           869    -72      846
  SINCE JUL 1   2290          2482   -192     2377

 COOLING
  YESTERDAY        0             0      0        0
  MONTH TO DATE    0             0      0        0
  SINCE DEC 1      0             0      0        0
  SINCE JAN 1    308           313     -5      503
......................................................


WIND (MPH)
  HIGHEST WIND SPEED    21   HIGHEST WIND DIRECTION     S (160)
  HIGHEST GUST SPEED    28   HIGHEST GUST DIRECTION     S (170)
  AVERAGE WIND SPEED     6.9


SKY COVER
  AVERAGE SKY COVER 1.0



RELATIVE HUMIDITY (PERCENT)
 HIGHEST    89          1000 PM
 LOWEST     71           100 AM
 AVERAGE    80

..........................................................


THE BENNINGTON VT CLIMATE NORMALS FOR TODAY
                         NORMAL
 MAXIMUM TEMPERATURE (F)   33
 MINIMUM TEMPERATURE (F)   16


SUNRISE AND SUNSET
DECEMBER 25 2014......SUNRISE   722 AM EST   SUNSET   424 PM EST
DECEMBER 26 2014......SUNRISE   723 AM EST   SUNSET   425 PM EST


-  INDICATES NEGATIVE NUMBERS.
R  INDICATES RECORD WAS SET OR TIED.
MM INDICATES DATA IS MISSING.
T  INDICATES TRACE AMOUNT.




$$
