000
CDUS41 KALY 270627
CLIDDH


CLIMATE REPORT
NATIONAL WEATHER SERVICE ALBANY NY
224 AM EDT WED MAY 27 2015


...................................

...THE BENNINGTON VT CLIMATE SUMMARY FOR MAY 26 2015...

CLIMATE NORMAL PERIOD 1981 TO 2010
CLIMATE RECORD PERIOD 9999 TO 9999


WEATHER ITEM   OBSERVED TIME   NORMAL DEPARTURE LAST
                VALUE   (LST)  VALUE  FROM      YEAR
                                      NORMAL
......................................................
TEMPERATURE (F)
 YESTERDAY
  MAXIMUM         85    223 PM  70     15       76
  MINIMUM         63    503 AM  46     17       49
  AVERAGE         74            58     16       63

PRECIPITATION (IN)
  YESTERDAY        0.00          0.14  -0.14     0.19
  MONTH TO DATE    0.27          2.95  -2.68     1.89
  SINCE MAR 1      3.45          9.37  -5.92     6.50
  SINCE JAN 1      6.86         14.36  -7.50    12.36

DEGREE DAYS
 HEATING
  YESTERDAY        0             8     -8        2
  MONTH TO DATE  155           282   -127      220
  SINCE MAR 1   1935          1854     81     1965
  SINCE JUL 1   7437          7105    332     7213

 COOLING
  YESTERDAY        9             0      9        0
  MONTH TO DATE   44             0     44        9
  SINCE MAR 1     44             3     41       13
  SINCE JAN 1     44             3     41       13
......................................................


WIND (MPH)
  HIGHEST WIND SPEED    15   HIGHEST WIND DIRECTION    SW (220)
  HIGHEST GUST SPEED    31   HIGHEST GUST DIRECTION    SW (220)
  AVERAGE WIND SPEED     6.4


SKY COVER
  AVERAGE SKY COVER 0.4



RELATIVE HUMIDITY (PERCENT)
 HIGHEST    78           500 AM
 LOWEST     47          1200 PM
 AVERAGE    63

..........................................................


THE BENNINGTON VT CLIMATE NORMALS FOR TODAY
                         NORMAL
 MAXIMUM TEMPERATURE (F)   70
 MINIMUM TEMPERATURE (F)   46


SUNRISE AND SUNSET
MAY 27 2015...........SUNRISE   520 AM EDT   SUNSET   821 PM EDT
MAY 28 2015...........SUNRISE   519 AM EDT   SUNSET   822 PM EDT


-  INDICATES NEGATIVE NUMBERS.
R  INDICATES RECORD WAS SET OR TIED.
MM INDICATES DATA IS MISSING.
T  INDICATES TRACE AMOUNT.




$$
