956
CDUS41 KALY 230623
CLIDDH


CLIMATE REPORT
NATIONAL WEATHER SERVICE ALBANY NY
223 AM EDT SUN JUL 23 2017


...................................

...THE BENNINGTON VT CLIMATE SUMMARY FOR JULY 22 2017...

CLIMATE NORMAL PERIOD 1981 TO 2010
CLIMATE RECORD PERIOD 9999 TO 9999


WEATHER ITEM   OBSERVED TIME   NORMAL DEPARTURE LAST
                VALUE   (LST)  VALUE  FROM      YEAR
                                      NORMAL
......................................................
TEMPERATURE (F)
 YESTERDAY
  MAXIMUM         77    130 PM  80     -3       91
  MINIMUM         61    425 AM  57      4       57
  AVERAGE         69            68      1       74

PRECIPITATION (IN)
  YESTERDAY        T             0.15  -0.15      T
  MONTH TO DATE    5.79          3.06   2.73     1.30
  SINCE JUN 1     12.87          7.19   5.68     3.04
  SINCE JAN 1     29.11         22.26   6.85    16.09

DEGREE DAYS
 HEATING
  YESTERDAY        0             1     -1        0
  MONTH TO DATE    0            22    -22       10
  SINCE JUN 1     95           119    -24       79
  SINCE JUL 1      0            22    -22       10

 COOLING
  YESTERDAY        4             4      0        9
  MONTH TO DATE  111            87     24      106
  SINCE JUN 1    198           145     53      164
  SINCE JAN 1    213           159     54      206
......................................................


WIND (MPH)
  HIGHEST WIND SPEED     7   HIGHEST WIND DIRECTION    SW (240)
  HIGHEST GUST SPEED     9   HIGHEST GUST DIRECTION    SW (230)
  AVERAGE WIND SPEED     1.0


SKY COVER
  AVERAGE SKY COVER 0.1



RELATIVE HUMIDITY (PERCENT)
 HIGHEST    93           300 AM
 LOWEST     64           100 PM
 AVERAGE    79

..........................................................


THE BENNINGTON VT CLIMATE NORMALS FOR TODAY
                         NORMAL
 MAXIMUM TEMPERATURE (F)   80
 MINIMUM TEMPERATURE (F)   57


SUNRISE AND SUNSET
JULY 23 2017..........SUNRISE   535 AM EDT   SUNSET   823 PM EDT
JULY 24 2017..........SUNRISE   536 AM EDT   SUNSET   822 PM EDT


-  INDICATES NEGATIVE NUMBERS.
R  INDICATES RECORD WAS SET OR TIED.
MM INDICATES DATA IS MISSING.
T  INDICATES TRACE AMOUNT.




$$
