104
CDUS41 KALY 150624
CLIDDH


CLIMATE REPORT
NATIONAL WEATHER SERVICE ALBANY NY
123 AM EST THU FEB 15 2018


...................................

...THE BENNINGTON VT CLIMATE SUMMARY FOR FEBRUARY 14 2018...

CLIMATE NORMAL PERIOD 1981 TO 2010
CLIMATE RECORD PERIOD 9999 TO 9999


WEATHER ITEM   OBSERVED TIME   NORMAL DEPARTURE LAST
                VALUE   (LST)  VALUE  FROM      YEAR
                                      NORMAL
......................................................
TEMPERATURE (F)
 YESTERDAY
  MAXIMUM         47    351 PM  34     13       35
  MINIMUM         27    143 AM  15     12        7
  AVERAGE         37            25     12       21

PRECIPITATION (IN)
  YESTERDAY        0.00          0.08  -0.08      T
  MONTH TO DATE    1.73          1.01   0.72     1.21
  SINCE DEC 1      6.92          6.55   0.37     5.01
  SINCE JAN 1      4.78          3.76   1.02     2.92

DEGREE DAYS
 HEATING
  YESTERDAY       28            40    -12       44
  MONTH TO DATE  546           581    -35      572
  SINCE DEC 1   3151          3099     52     2796
  SINCE JUL 1   4451          4712   -261     4166

 COOLING
  YESTERDAY        0             0      0        0
  MONTH TO DATE    0             0      0        0
  SINCE DEC 1      0             0      0        0
  SINCE JAN 1      0             0      0        0
......................................................


WIND (MPH)
  HIGHEST WIND SPEED     9   HIGHEST WIND DIRECTION     S (190)
  HIGHEST GUST SPEED    12   HIGHEST GUST DIRECTION    SW (210)
  AVERAGE WIND SPEED     1.8


SKY COVER
  AVERAGE SKY COVER 0.8



RELATIVE HUMIDITY (PERCENT)
 HIGHEST    82           700 PM
 LOWEST     50           100 AM
 AVERAGE    66

..........................................................


THE BENNINGTON VT CLIMATE NORMALS FOR TODAY
                         NORMAL
 MAXIMUM TEMPERATURE (F)   35
 MINIMUM TEMPERATURE (F)   15


SUNRISE AND SUNSET
FEBRUARY 15 2018......SUNRISE   650 AM EST   SUNSET   524 PM EST
FEBRUARY 16 2018......SUNRISE   649 AM EST   SUNSET   526 PM EST


-  INDICATES NEGATIVE NUMBERS.
R  INDICATES RECORD WAS SET OR TIED.
MM INDICATES DATA IS MISSING.
T  INDICATES TRACE AMOUNT.




$$
