000
CDUS41 KALY 180624
CLIDDH


CLIMATE REPORT
NATIONAL WEATHER SERVICE ALBANY NY
224 AM EDT FRI JUL 18 2014


...................................

...THE BENNINGTON VT CLIMATE SUMMARY FOR JULY 17 2014...

CLIMATE NORMAL PERIOD 1981 TO 2010
CLIMATE RECORD PERIOD 9999 TO 9999


WEATHER ITEM   OBSERVED TIME   NORMAL DEPARTURE LAST
                VALUE   (LST)  VALUE  FROM      YEAR
                                      NORMAL
......................................................
TEMPERATURE (F)
 YESTERDAY
  MAXIMUM         76    237 PM  80     -4       90
  MINIMUM         50    504 AM  57     -7       64
  AVERAGE         63            68     -5       77

PRECIPITATION (IN)
  YESTERDAY        0.00          0.12  -0.12     0.00
  MONTH TO DATE    4.61          2.32   2.29     2.31
  SINCE JUN 1      7.94          6.45   1.49     9.60
  SINCE JAN 1     20.77         21.52  -0.75    24.07

DEGREE DAYS
 HEATING
  YESTERDAY        2             1      1        0
  MONTH TO DATE    4            17    -13        0
  SINCE JUN 1     51           114    -63      100
  SINCE JUL 1      4            17    -13        0

 COOLING
  YESTERDAY        0             4     -4       12
  MONTH TO DATE   86            67     19      184
  SINCE JUN 1    148           125     23      282
  SINCE JAN 1    164           139     25      314
......................................................


WIND (MPH)
  HIGHEST WIND SPEED    12   HIGHEST WIND DIRECTION     W (260)
  HIGHEST GUST SPEED    17   HIGHEST GUST DIRECTION     W (260)
  AVERAGE WIND SPEED     3.3


SKY COVER
  AVERAGE SKY COVER 0.2



RELATIVE HUMIDITY (PERCENT)
 HIGHEST   100           300 AM
 LOWEST     49           100 PM
 AVERAGE    75

..........................................................


THE BENNINGTON VT CLIMATE NORMALS FOR TODAY
                         NORMAL
 MAXIMUM TEMPERATURE (F)   80
 MINIMUM TEMPERATURE (F)   57


SUNRISE AND SUNSET
JULY 18 2014..........SUNRISE   530 AM EDT   SUNSET   828 PM EDT
JULY 19 2014..........SUNRISE   531 AM EDT   SUNSET   827 PM EDT


-  INDICATES NEGATIVE NUMBERS.
R  INDICATES RECORD WAS SET OR TIED.
MM INDICATES DATA IS MISSING.
T  INDICATES TRACE AMOUNT.




$$
