306
CDUS41 KALY 080628
CLIDDH


CLIMATE REPORT
NATIONAL WEATHER SERVICE ALBANY NY
127 AM EST FRI DEC 8 2017


...................................

...THE BENNINGTON VT CLIMATE SUMMARY FOR DECEMBER 7 2017...

CLIMATE NORMAL PERIOD 1981 TO 2010
CLIMATE RECORD PERIOD 9999 TO 9999


WEATHER ITEM   OBSERVED TIME   NORMAL DEPARTURE LAST
                VALUE   (LST)  VALUE  FROM      YEAR
                                      NORMAL
......................................................
TEMPERATURE (F)
 YESTERDAY
  MAXIMUM         37    124 PM  39     -2       40
  MINIMUM         28   1030 PM  24      4       30
  AVERAGE         33            31      2       35

PRECIPITATION (IN)
  YESTERDAY        T             0.09  -0.09     0.07
  MONTH TO DATE    0.51          0.68  -0.17     0.57
  SINCE DEC 1      0.51          0.68  -0.17     0.57
  SINCE JAN 1     40.07         38.59   1.48    31.11

DEGREE DAYS
 HEATING
  YESTERDAY       32            34     -2       30
  MONTH TO DATE  183           230    -47      205
  SINCE DEC 1    183           230    -47      205
  SINCE JUL 1   1483          1843   -360     1575

 COOLING
  YESTERDAY        0             0      0        0
  MONTH TO DATE    0             0      0        0
  SINCE DEC 1      0             0      0        0
  SINCE JAN 1    395           313     82      488
......................................................


WIND (MPH)
  HIGHEST WIND SPEED    14   HIGHEST WIND DIRECTION    SW (230)
  HIGHEST GUST SPEED    21   HIGHEST GUST DIRECTION    SW (230)
  AVERAGE WIND SPEED     5.2


SKY COVER
  AVERAGE SKY COVER 0.9



RELATIVE HUMIDITY (PERCENT)
 HIGHEST    69          1000 PM
 LOWEST     47          1200 AM
 AVERAGE    58

..........................................................


THE BENNINGTON VT CLIMATE NORMALS FOR TODAY
                         NORMAL
 MAXIMUM TEMPERATURE (F)   38
 MINIMUM TEMPERATURE (F)   23


SUNRISE AND SUNSET
DECEMBER  8 2017......SUNRISE   711 AM EST   SUNSET   419 PM EST
DECEMBER  9 2017......SUNRISE   712 AM EST   SUNSET   419 PM EST


-  INDICATES NEGATIVE NUMBERS.
R  INDICATES RECORD WAS SET OR TIED.
MM INDICATES DATA IS MISSING.
T  INDICATES TRACE AMOUNT.




$$
