763
CDUS41 KALY 130626
CLIDDH


CLIMATE REPORT
NATIONAL WEATHER SERVICE ALBANY NY
126 AM EST MON NOV 13 2017


...................................

...THE BENNINGTON VT CLIMATE SUMMARY FOR NOVEMBER 12 2017...

CLIMATE NORMAL PERIOD 1981 TO 2010
CLIMATE RECORD PERIOD 9999 TO 9999


WEATHER ITEM   OBSERVED TIME   NORMAL DEPARTURE LAST
                VALUE   (LST)  VALUE  FROM      YEAR
                                      NORMAL
......................................................
TEMPERATURE (F)
 YESTERDAY
  MAXIMUM         43    246 PM  49     -6       42
  MINIMUM         18    352 AM  31    -13       25
  AVERAGE         31            40     -9       34

PRECIPITATION (IN)
  YESTERDAY        0.00          0.09  -0.09     0.00
  MONTH TO DATE    0.59          1.29  -0.70     0.58
  SINCE SEP 1      6.35          8.55  -2.20     7.18
  SINCE JAN 1     38.70         36.09   2.61    28.49

DEGREE DAYS
 HEATING
  YESTERDAY       34            25      9       31
  MONTH TO DATE  286           285      1      276
  SINCE SEP 1    720          1034   -314      853
  SINCE JUL 1    787          1106   -319      875

 COOLING
  YESTERDAY        0             0      0        0
  MONTH TO DATE    0             0      0        0
  SINCE SEP 1     88            25     63       49
  SINCE JAN 1    395           313     82      488
......................................................


WIND (MPH)
  HIGHEST WIND SPEED    10   HIGHEST WIND DIRECTION     S (170)
  HIGHEST GUST SPEED    13   HIGHEST GUST DIRECTION     S (160)
  AVERAGE WIND SPEED     1.9


SKY COVER
  AVERAGE SKY COVER 0.2



RELATIVE HUMIDITY (PERCENT)
 HIGHEST    77           100 AM
 LOWEST     27           100 PM
 AVERAGE    52

..........................................................


THE BENNINGTON VT CLIMATE NORMALS FOR TODAY
                         NORMAL
 MAXIMUM TEMPERATURE (F)   49
 MINIMUM TEMPERATURE (F)   30


SUNRISE AND SUNSET
NOVEMBER 13 2017......SUNRISE   643 AM EST   SUNSET   431 PM EST
NOVEMBER 14 2017......SUNRISE   644 AM EST   SUNSET   430 PM EST


-  INDICATES NEGATIVE NUMBERS.
R  INDICATES RECORD WAS SET OR TIED.
MM INDICATES DATA IS MISSING.
T  INDICATES TRACE AMOUNT.




$$
