000
CDUS41 KALY 010622
CLIDDH


CLIMATE REPORT
NATIONAL WEATHER SERVICE ALBANY NY
221 AM EDT WED JUL 1 2015


...................................

...THE BENNINGTON VT CLIMATE SUMMARY FOR JUNE 30 2015...

CLIMATE NORMAL PERIOD 1981 TO 2010
CLIMATE RECORD PERIOD 9999 TO 9999


WEATHER ITEM   OBSERVED TIME   NORMAL DEPARTURE LAST
                VALUE   (LST)  VALUE  FROM      YEAR
                                      NORMAL
......................................................
TEMPERATURE (F)
 YESTERDAY
  MAXIMUM         73   1120 AM  78     -5       83
  MINIMUM         50    349 AM  56     -6       60
  AVERAGE         62            67     -5       72

PRECIPITATION (IN)
  YESTERDAY        0.02          0.12  -0.10     0.00
  MONTH TO DATE    2.95          4.13  -1.18     3.33
  SINCE JUN 1      2.95          4.13  -1.18     3.33
  SINCE JAN 1     10.51         19.20  -8.69    16.16

DEGREE DAYS
 HEATING
  YESTERDAY        3             1      2        0
  MONTH TO DATE   95            96     -1       47
  SINCE JUN 1     95            97     -2       47
  SINCE JUL 1   7537          7236    301     7298

 COOLING
  YESTERDAY        0             3     -3        7
  MONTH TO DATE   47            58    -11       62
  SINCE JUN 1     47            58    -11       62
  SINCE JAN 1    111            72     39       78
......................................................


WIND (MPH)
  HIGHEST WIND SPEED    18   HIGHEST WIND DIRECTION    SE (150)
  HIGHEST GUST SPEED    31   HIGHEST GUST DIRECTION     S (190)
  AVERAGE WIND SPEED     4.5


SKY COVER
  AVERAGE SKY COVER 0.7



RELATIVE HUMIDITY (PERCENT)
 HIGHEST    93           100 AM
 LOWEST     57          1100 AM
 AVERAGE    75

..........................................................


THE BENNINGTON VT CLIMATE NORMALS FOR TODAY
                         NORMAL
 MAXIMUM TEMPERATURE (F)   79
 MINIMUM TEMPERATURE (F)   56


SUNRISE AND SUNSET
JULY  1 2015..........SUNRISE   518 AM EDT   SUNSET   836 PM EDT
JULY  2 2015..........SUNRISE   518 AM EDT   SUNSET   835 PM EDT


-  INDICATES NEGATIVE NUMBERS.
R  INDICATES RECORD WAS SET OR TIED.
MM INDICATES DATA IS MISSING.
T  INDICATES TRACE AMOUNT.




$$
