000
CDUS41 KALY 120623
CLIDDH


CLIMATE REPORT
NATIONAL WEATHER SERVICE ALBANY NY
222 AM EDT SAT APR 12 2014


...................................

...THE BENNINGTON VT CLIMATE SUMMARY FOR APRIL 11 2014...

CLIMATE NORMAL PERIOD 1981 TO 2010
CLIMATE RECORD PERIOD 9999 TO 9999


WEATHER ITEM   OBSERVED TIME   NORMAL DEPARTURE LAST
                VALUE   (LST)  VALUE  FROM      YEAR
                                      NORMAL
......................................................
TEMPERATURE (F)
 YESTERDAY
  MAXIMUM         64   1235 PM  55      9       46
  MINIMUM         36   1159 PM  33      3       33
  AVERAGE         50            44      6       40

PRECIPITATION (IN)
  YESTERDAY        0.06          0.12  -0.06     0.06
  MONTH TO DATE    0.30          1.36  -1.06     1.26
  SINCE MAR 1      2.45          4.51  -2.06     2.54
  SINCE JAN 1      8.31          9.50  -1.19     5.20

DEGREE DAYS
 HEATING
  YESTERDAY       15            21     -6       25
  MONTH TO DATE  242           256    -14      258
  SINCE MAR 1   1400          1240    160     1275
  SINCE JUL 1   6648          6491    157     6059

 COOLING
  YESTERDAY        0             0      0        0
  MONTH TO DATE    0             0      0        0
  SINCE MAR 1      0             0      0        0
  SINCE JAN 1      0             0      0        0
......................................................


WIND (MPH)
  HIGHEST WIND SPEED    16   HIGHEST WIND DIRECTION     W (250)
  HIGHEST GUST SPEED    25   HIGHEST GUST DIRECTION    SW (210)
  AVERAGE WIND SPEED     5.3


SKY COVER
  AVERAGE SKY COVER 0.9



RELATIVE HUMIDITY (PERCENT)
 HIGHEST    93          1100 PM
 LOWEST     23           100 PM
 AVERAGE    58

..........................................................


THE BENNINGTON VT CLIMATE NORMALS FOR TODAY
                         NORMAL
 MAXIMUM TEMPERATURE (F)   55
 MINIMUM TEMPERATURE (F)   33


SUNRISE AND SUNSET
APRIL 12 2014.........SUNRISE   616 AM EDT   SUNSET   732 PM EDT
APRIL 13 2014.........SUNRISE   615 AM EDT   SUNSET   733 PM EDT


-  INDICATES NEGATIVE NUMBERS.
R  INDICATES RECORD WAS SET OR TIED.
MM INDICATES DATA IS MISSING.
T  INDICATES TRACE AMOUNT.




$$
