000
CDUS41 KALY 260622
CLIDDH


CLIMATE REPORT
NATIONAL WEATHER SERVICE ALBANY NY
221 AM EDT SAT JUL 26 2014


...................................

...THE BENNINGTON VT CLIMATE SUMMARY FOR JULY 25 2014...

CLIMATE NORMAL PERIOD 1981 TO 2010
CLIMATE RECORD PERIOD 9999 TO 9999


WEATHER ITEM   OBSERVED TIME   NORMAL DEPARTURE LAST
                VALUE   (LST)  VALUE  FROM      YEAR
                                      NORMAL
......................................................
TEMPERATURE (F)
 YESTERDAY
  MAXIMUM         77    255 PM  80     -3       72
  MINIMUM         48    511 AM  57     -9       46
  AVERAGE         63            68     -5       59

PRECIPITATION (IN)
  YESTERDAY        0.00          0.15  -0.15     0.00
  MONTH TO DATE    5.25          3.50   1.75     5.30
  SINCE JUN 1      8.58          7.63   0.95    12.59
  SINCE JAN 1     21.41         22.70  -1.29    27.06

DEGREE DAYS
 HEATING
  YESTERDAY        2             1      1        6
  MONTH TO DATE    8            25    -17        8
  SINCE JUN 1     55           122    -67      108
  SINCE JUL 1      8            25    -17        8

 COOLING
  YESTERDAY        0             4     -4        0
  MONTH TO DATE  115            99     16      241
  SINCE JUN 1    177           157     20      339
  SINCE JAN 1    193           171     22      371
......................................................


WIND (MPH)
  HIGHEST WIND SPEED     9   HIGHEST WIND DIRECTION    SW (240)
  HIGHEST GUST SPEED    14   HIGHEST GUST DIRECTION    SW (210)
  AVERAGE WIND SPEED     1.9


SKY COVER
  AVERAGE SKY COVER 0.1



RELATIVE HUMIDITY (PERCENT)
 HIGHEST   100           600 AM
 LOWEST     50           200 PM
 AVERAGE    75

..........................................................


THE BENNINGTON VT CLIMATE NORMALS FOR TODAY
                         NORMAL
 MAXIMUM TEMPERATURE (F)   80
 MINIMUM TEMPERATURE (F)   57


SUNRISE AND SUNSET
JULY 26 2014..........SUNRISE   538 AM EDT   SUNSET   820 PM EDT
JULY 27 2014..........SUNRISE   539 AM EDT   SUNSET   819 PM EDT


-  INDICATES NEGATIVE NUMBERS.
R  INDICATES RECORD WAS SET OR TIED.
MM INDICATES DATA IS MISSING.
T  INDICATES TRACE AMOUNT.




$$
