000
CDUS41 KALY 230629
CLIDDH


CLIMATE REPORT
NATIONAL WEATHER SERVICE ALBANY NY
127 AM EST TUE DEC 23 2014


...................................

...THE BENNINGTON VT CLIMATE SUMMARY FOR DECEMBER 22 2014...

CLIMATE NORMAL PERIOD 1981 TO 2010
CLIMATE RECORD PERIOD 9999 TO 9999


WEATHER ITEM   OBSERVED TIME   NORMAL DEPARTURE LAST
                VALUE   (LST)  VALUE  FROM      YEAR
                                      NORMAL
......................................................
TEMPERATURE (F)
 YESTERDAY
  MAXIMUM         39   1159 PM  34      5       66
  MINIMUM         27    728 AM  17     10       36
  AVERAGE         33            25      8       51

PRECIPITATION (IN)
  YESTERDAY        T             0.09  -0.09     0.08
  MONTH TO DATE    2.44          2.03   0.41     1.68
  SINCE DEC 1      2.44          2.03   0.41     1.68
  SINCE JAN 1     35.49         39.94  -4.45    43.58

DEGREE DAYS
 HEATING
  YESTERDAY       32            40     -8       14
  MONTH TO DATE  760           788    -28      783
  SINCE DEC 1    760           788    -28      783
  SINCE JUL 1   2253          2401   -148     2314

 COOLING
  YESTERDAY        0             0      0        0
  MONTH TO DATE    0             0      0        0
  SINCE DEC 1      0             0      0        0
  SINCE JAN 1    308           313     -5      503
......................................................


WIND (MPH)
  HIGHEST WIND SPEED    16   HIGHEST WIND DIRECTION    SE (130)
  HIGHEST GUST SPEED    21   HIGHEST GUST DIRECTION    SE (130)
  AVERAGE WIND SPEED     6.4


SKY COVER
  AVERAGE SKY COVER 1.0



RELATIVE HUMIDITY (PERCENT)
 HIGHEST    92           400 AM
 LOWEST     70          1100 AM
 AVERAGE    81

..........................................................


THE BENNINGTON VT CLIMATE NORMALS FOR TODAY
                         NORMAL
 MAXIMUM TEMPERATURE (F)   33
 MINIMUM TEMPERATURE (F)   16


SUNRISE AND SUNSET
DECEMBER 23 2014......SUNRISE   722 AM EST   SUNSET   423 PM EST
DECEMBER 24 2014......SUNRISE   722 AM EST   SUNSET   423 PM EST


-  INDICATES NEGATIVE NUMBERS.
R  INDICATES RECORD WAS SET OR TIED.
MM INDICATES DATA IS MISSING.
T  INDICATES TRACE AMOUNT.




$$
