000
CDUS41 KALY 230628
CLIDDH


CLIMATE REPORT
NATIONAL WEATHER SERVICE ALBANY NY
227 AM EDT SAT MAY 23 2015


...................................

...THE BENNINGTON VT CLIMATE SUMMARY FOR MAY 22 2015...

CLIMATE NORMAL PERIOD 1981 TO 2010
CLIMATE RECORD PERIOD 9999 TO 9999


WEATHER ITEM   OBSERVED TIME   NORMAL DEPARTURE LAST
                VALUE   (LST)  VALUE  FROM      YEAR
                                      NORMAL
......................................................
TEMPERATURE (F)
 YESTERDAY
  MAXIMUM         66    115 PM  69     -3       64
  MINIMUM         42    508 AM  45     -3       49
  AVERAGE         54            57     -3       57

PRECIPITATION (IN)
  YESTERDAY        0.00          0.13  -0.13     0.05
  MONTH TO DATE    0.27          2.39  -2.12     1.57
  SINCE MAR 1      3.45          8.81  -5.36     6.18
  SINCE JAN 1      6.86         13.80  -6.94    12.04

DEGREE DAYS
 HEATING
  YESTERDAY       11             9      2        8
  MONTH TO DATE  129           250   -121      203
  SINCE MAR 1   1909          1822     87     1948
  SINCE JUL 1   7411          7073    338     7196

 COOLING
  YESTERDAY        0             0      0        0
  MONTH TO DATE   33             0     33        9
  SINCE MAR 1     33             3     30       13
  SINCE JAN 1     33             3     30       13
......................................................


WIND (MPH)
  HIGHEST WIND SPEED    23   HIGHEST WIND DIRECTION     W (290)
  HIGHEST GUST SPEED    33   HIGHEST GUST DIRECTION    NW (300)
  AVERAGE WIND SPEED     7.7


SKY COVER
  AVERAGE SKY COVER 0.5



RELATIVE HUMIDITY (PERCENT)
 HIGHEST    89           500 AM
 LOWEST     25           300 PM
 AVERAGE    57

..........................................................


THE BENNINGTON VT CLIMATE NORMALS FOR TODAY
                         NORMAL
 MAXIMUM TEMPERATURE (F)   69
 MINIMUM TEMPERATURE (F)   45


SUNRISE AND SUNSET
MAY 23 2015...........SUNRISE   523 AM EDT   SUNSET   817 PM EDT
MAY 24 2015...........SUNRISE   522 AM EDT   SUNSET   818 PM EDT


-  INDICATES NEGATIVE NUMBERS.
R  INDICATES RECORD WAS SET OR TIED.
MM INDICATES DATA IS MISSING.
T  INDICATES TRACE AMOUNT.




$$
