114
CDUS41 KALY 120630
CLIDDH


CLIMATE REPORT
NATIONAL WEATHER SERVICE ALBANY NY
130 AM EST THU JAN 12 2017


...................................

...THE BENNINGTON VT CLIMATE SUMMARY FOR JANUARY 11 2017...

CLIMATE NORMAL PERIOD 1981 TO 2010
CLIMATE RECORD PERIOD 9999 TO 9999


WEATHER ITEM   OBSERVED TIME   NORMAL DEPARTURE LAST
                VALUE   (LST)  VALUE  FROM      YEAR
                                      NORMAL
......................................................
TEMPERATURE (F)
 YESTERDAY
  MAXIMUM         51    222 PM  30     21       33
  MINIMUM         39    556 PM  11     28       17
  AVERAGE         45            21     24       25

PRECIPITATION (IN)
  YESTERDAY        0.29          0.09   0.20     0.00
  MONTH TO DATE    0.71          1.15  -0.44     0.58
  SINCE DEC 1      2.80          3.94  -1.14     4.33
  SINCE JAN 1      0.71          1.15  -0.44     0.58

DEGREE DAYS
 HEATING
  YESTERDAY       20            44    -24       40
  MONTH TO DATE  445           480    -35      413
  SINCE DEC 1   1568          1639    -71     1158
  SINCE JUL 1   2938          3252   -314     2501

 COOLING
  YESTERDAY        0             0      0        0
  MONTH TO DATE    0             0      0        0
  SINCE DEC 1      0             0      0        0
  SINCE JAN 1      0             0      0        0
......................................................


WIND (MPH)
  HIGHEST WIND SPEED    41   HIGHEST WIND DIRECTION     S (190)
  HIGHEST GUST SPEED    58   HIGHEST GUST DIRECTION     S (170)
  AVERAGE WIND SPEED    11.8


SKY COVER
  AVERAGE SKY COVER 0.3



RELATIVE HUMIDITY (PERCENT)
 HIGHEST    79           300 AM
 LOWEST     36           100 PM
 AVERAGE    58

..........................................................


THE BENNINGTON VT CLIMATE NORMALS FOR TODAY
                         NORMAL
 MAXIMUM TEMPERATURE (F)   30
 MINIMUM TEMPERATURE (F)   11


SUNRISE AND SUNSET
JANUARY 12 2017.......SUNRISE   722 AM EST   SUNSET   441 PM EST
JANUARY 13 2017.......SUNRISE   722 AM EST   SUNSET   442 PM EST


-  INDICATES NEGATIVE NUMBERS.
R  INDICATES RECORD WAS SET OR TIED.
MM INDICATES DATA IS MISSING.
T  INDICATES TRACE AMOUNT.




$$
