063
CDUS41 KALY 220623
CLIDDH


CLIMATE REPORT
NATIONAL WEATHER SERVICE ALBANY NY
222 AM EDT SAT APR 22 2017


...................................

...THE BENNINGTON VT CLIMATE SUMMARY FOR APRIL 21 2017...

CLIMATE NORMAL PERIOD 1981 TO 2010
CLIMATE RECORD PERIOD 9999 TO 9999


WEATHER ITEM   OBSERVED TIME   NORMAL DEPARTURE LAST
                VALUE   (LST)  VALUE  FROM      YEAR
                                      NORMAL
......................................................
TEMPERATURE (F)
 YESTERDAY
  MAXIMUM         53    157 PM  59     -6       77
  MINIMUM         47   1159 PM  36     11       29
  AVERAGE         50            48      2       53

PRECIPITATION (IN)
  YESTERDAY        0.41          0.09   0.32     0.00
  MONTH TO DATE    2.20          2.35  -0.15     2.20
  SINCE MAR 1      5.31          5.50  -0.19     4.66
  SINCE JAN 1      8.94         10.49  -1.55     9.70

DEGREE DAYS
 HEATING
  YESTERDAY       15            17     -2       12
  MONTH TO DATE  351           446    -95      494
  SINCE MAR 1   1457          1430     27     1258
  SINCE JUL 1   5992          6681   -689     5591

 COOLING
  YESTERDAY        0             0      0        0
  MONTH TO DATE    3             0      3        0
  SINCE MAR 1      3             0      3        0
  SINCE JAN 1      3             0      3        0
......................................................


WIND (MPH)
  HIGHEST WIND SPEED    20   HIGHEST WIND DIRECTION    SE (130)
  HIGHEST GUST SPEED    28   HIGHEST GUST DIRECTION    SE (140)
  AVERAGE WIND SPEED     7.5


SKY COVER
  AVERAGE SKY COVER 1.0



RELATIVE HUMIDITY (PERCENT)
 HIGHEST    86           300 AM
 LOWEST     66           200 PM
 AVERAGE    76

..........................................................


THE BENNINGTON VT CLIMATE NORMALS FOR TODAY
                         NORMAL
 MAXIMUM TEMPERATURE (F)   60
 MINIMUM TEMPERATURE (F)   37


SUNRISE AND SUNSET
APRIL 22 2017.........SUNRISE   600 AM EDT   SUNSET   744 PM EDT
APRIL 23 2017.........SUNRISE   558 AM EDT   SUNSET   745 PM EDT


-  INDICATES NEGATIVE NUMBERS.
R  INDICATES RECORD WAS SET OR TIED.
MM INDICATES DATA IS MISSING.
T  INDICATES TRACE AMOUNT.




$$
