000
CDUS41 KALY 140627
CLIDDH


CLIMATE REPORT
NATIONAL WEATHER SERVICE ALBANY NY
226 AM EDT SUN SEP 14 2014


...................................

...THE BENNINGTON VT CLIMATE SUMMARY FOR SEPTEMBER 13 2014...

CLIMATE NORMAL PERIOD 1981 TO 2010
CLIMATE RECORD PERIOD 9999 TO 9999


WEATHER ITEM   OBSERVED TIME   NORMAL DEPARTURE LAST
                VALUE   (LST)  VALUE  FROM      YEAR
                                      NORMAL
......................................................
TEMPERATURE (F)
 YESTERDAY
  MAXIMUM         59   1121 AM  72    -13       68
  MINIMUM         39    313 AM  49    -10       51
  AVERAGE         49            60    -11       60

PRECIPITATION (IN)
  YESTERDAY        0.30          0.11   0.19     0.19
  MONTH TO DATE    0.83          1.39  -0.56     3.25
  SINCE SEP 1      0.83          1.39  -0.56     3.25
  SINCE JAN 1     26.79         28.93  -2.14    34.97

DEGREE DAYS
 HEATING
  YESTERDAY       16             6     10        5
  MONTH TO DATE   43            55    -12       58
  SINCE SEP 1     43            55    -12       58
  SINCE JUL 1     96           127    -31      121

 COOLING
  YESTERDAY        0             1     -1        0
  MONTH TO DATE   40            17     23       44
  SINCE SEP 1     40            17     23       44
  SINCE JAN 1    293           305    -12      503
......................................................


WIND (MPH)
  HIGHEST WIND SPEED    20   HIGHEST WIND DIRECTION    SE (140)
  HIGHEST GUST SPEED    24   HIGHEST GUST DIRECTION    SE (140)
  AVERAGE WIND SPEED     5.8


SKY COVER
  AVERAGE SKY COVER 0.6



RELATIVE HUMIDITY (PERCENT)
 HIGHEST    93           200 AM
 LOWEST     66           900 AM
 AVERAGE    80

..........................................................


THE BENNINGTON VT CLIMATE NORMALS FOR TODAY
                         NORMAL
 MAXIMUM TEMPERATURE (F)   71
 MINIMUM TEMPERATURE (F)   48


SUNRISE AND SUNSET
SEPTEMBER 14 2014.....SUNRISE   631 AM EDT   SUNSET   705 PM EDT
SEPTEMBER 15 2014.....SUNRISE   633 AM EDT   SUNSET   703 PM EDT


-  INDICATES NEGATIVE NUMBERS.
R  INDICATES RECORD WAS SET OR TIED.
MM INDICATES DATA IS MISSING.
T  INDICATES TRACE AMOUNT.




$$
