000
CDUS41 KALY 080623
CLIDDH


CLIMATE REPORT
NATIONAL WEATHER SERVICE ALBANY NY
222 AM EDT SUN OCT 8 2017


...................................

...THE BENNINGTON VT CLIMATE SUMMARY FOR OCTOBER 7 2017...

CLIMATE NORMAL PERIOD 1981 TO 2010
CLIMATE RECORD PERIOD 9999 TO 9999


WEATHER ITEM   OBSERVED TIME   NORMAL DEPARTURE LAST
                VALUE   (LST)  VALUE  FROM      YEAR
                                      NORMAL
......................................................
TEMPERATURE (F)
 YESTERDAY
  MAXIMUM         76    201 PM  62     14       76
  MINIMUM         56    528 AM  39     17       38
  AVERAGE         66            51     15       57

PRECIPITATION (IN)
  YESTERDAY        T             0.12  -0.12     0.00
  MONTH TO DATE    0.14          0.88  -0.74     0.36
  SINCE SEP 1      3.64          4.45  -0.81     3.39
  SINCE JAN 1     35.99         31.99   4.00    24.70

DEGREE DAYS
 HEATING
  YESTERDAY        0            15    -15        8
  MONTH TO DATE   62            94    -32       58
  SINCE SEP 1    198           300   -102      181
  SINCE JUL 1    265           372   -107      203

 COOLING
  YESTERDAY        1             0      1        0
  MONTH TO DATE    1             0      1        0
  SINCE SEP 1     77            23     54       45
  SINCE JAN 1    384           311     73      484
......................................................


WIND (MPH)
  HIGHEST WIND SPEED    22   HIGHEST WIND DIRECTION     S (190)
  HIGHEST GUST SPEED    30   HIGHEST GUST DIRECTION     S (190)
  AVERAGE WIND SPEED     4.9


SKY COVER
  AVERAGE SKY COVER 0.6



RELATIVE HUMIDITY (PERCENT)
 HIGHEST    86          1200 AM
 LOWEST     64           200 PM
 AVERAGE    75

..........................................................


THE BENNINGTON VT CLIMATE NORMALS FOR TODAY
                         NORMAL
 MAXIMUM TEMPERATURE (F)   62
 MINIMUM TEMPERATURE (F)   39


SUNRISE AND SUNSET
OCTOBER  8 2017.......SUNRISE   658 AM EDT   SUNSET   622 PM EDT
OCTOBER  9 2017.......SUNRISE   700 AM EDT   SUNSET   620 PM EDT


-  INDICATES NEGATIVE NUMBERS.
R  INDICATES RECORD WAS SET OR TIED.
MM INDICATES DATA IS MISSING.
T  INDICATES TRACE AMOUNT.




$$
