024
CDUS41 KALY 152045
CLIDDH


CLIMATE REPORT
NATIONAL WEATHER SERVICE ALBANY NY
445 PM EDT SUN OCT 15 2017


...................................

...THE BENNINGTON VT CLIMATE SUMMARY FOR OCTOBER 15 2017...
VALID TODAY AS OF 0400 PM LOCAL TIME.

CLIMATE NORMAL PERIOD 1981 TO 2010
CLIMATE RECORD PERIOD 9999 TO 9999


WEATHER ITEM   OBSERVED TIME   NORMAL DEPARTURE LAST
                VALUE   (LST)  VALUE  FROM      YEAR
                                      NORMAL
......................................................
TEMPERATURE (F)
 TODAY
  MAXIMUM         75    334 PM  59     16       62
  MINIMUM         48    155 AM  36     12       27
  AVERAGE         62            48     14       45

PRECIPITATION (IN)
  TODAY            0.00          0.14  -0.14     0.00
  MONTH TO DATE    0.45          1.88  -1.43     0.49
  SINCE SEP 1      3.95          5.45  -1.50     3.52
  SINCE JAN 1     36.30         32.99   3.31    24.83

DEGREE DAYS
 HEATING
  TODAY            3            17    -14       20
  MONTH TO DATE  111           223   -112      181
  SINCE SEP 1    247           429   -182      304
  SINCE JUL 1    314           501   -187      326

 COOLING
  TODAY            0             0      0        0
  MONTH TO DATE    8             0      8        0
  SINCE SEP 1     84            23     61       45
  SINCE JAN 1    391           311     80      484
......................................................


WIND (MPH)
  HIGHEST WIND SPEED    22   HIGHEST WIND DIRECTION     S (170)
  HIGHEST GUST SPEED    31   HIGHEST GUST DIRECTION     S (160)
  AVERAGE WIND SPEED     5.6


SKY COVER
  AVERAGE SKY COVER 0.1



RELATIVE HUMIDITY (PERCENT)
 HIGHEST    96
 LOWEST     60
 AVERAGE    78

..........................................................


THE BENNINGTON VT CLIMATE NORMALS FOR TOMORROW
                         NORMAL
 MAXIMUM TEMPERATURE (F)   59
 MINIMUM TEMPERATURE (F)   36


SUNRISE AND SUNSET
OCTOBER 15 2017.......SUNRISE   707 AM EDT   SUNSET   610 PM EDT
OCTOBER 16 2017.......SUNRISE   708 AM EDT   SUNSET   608 PM EDT


-  INDICATES NEGATIVE NUMBERS.
R  INDICATES RECORD WAS SET OR TIED.
MM INDICATES DATA IS MISSING.
T  INDICATES TRACE AMOUNT.




$$
