000
CDUS41 KALY 180622
CLIDDH


CLIMATE REPORT
NATIONAL WEATHER SERVICE ALBANY NY
221 AM EDT THU AUG 18 2016


...................................

...THE BENNINGTON VT CLIMATE SUMMARY FOR AUGUST 17 2016...

CLIMATE NORMAL PERIOD 1981 TO 2010
CLIMATE RECORD PERIOD 9999 TO 9999


WEATHER ITEM   OBSERVED TIME   NORMAL DEPARTURE LAST
                VALUE   (LST)  VALUE  FROM      YEAR
                                      NORMAL
......................................................
TEMPERATURE (F)
 YESTERDAY
  MAXIMUM         78    416 PM  78      0       87
  MINIMUM         59   1131 PM  55      4       59
  AVERAGE         69            67      2       73

PRECIPITATION (IN)
  YESTERDAY        T             0.12  -0.12     0.00
  MONTH TO DATE    2.97          2.34   0.63     1.18
  SINCE JUN 1      7.10         10.81  -3.71     6.12
  SINCE JAN 1     20.15         25.88  -5.73    13.68

DEGREE DAYS
 HEATING
  YESTERDAY        0             1     -1        0
  MONTH TO DATE    0            17    -17        4
  SINCE JUN 1     79           138    -59      126
  SINCE JUL 1     10            41    -31       31

 COOLING
  YESTERDAY        4             3      1        8
  MONTH TO DATE  124            63     61       60
  SINCE JUN 1    348           244    104      244
  SINCE JAN 1    390           258    132      308
......................................................


WIND (MPH)
  HIGHEST WIND SPEED    18   HIGHEST WIND DIRECTION     W (280)
  HIGHEST GUST SPEED    33   HIGHEST GUST DIRECTION     W (280)
  AVERAGE WIND SPEED     6.0


SKY COVER
  AVERAGE SKY COVER 0.6



RELATIVE HUMIDITY (PERCENT)
 HIGHEST    97          1100 PM
 LOWEST     54           200 PM
 AVERAGE    76

..........................................................


THE BENNINGTON VT CLIMATE NORMALS FOR TODAY
                         NORMAL
 MAXIMUM TEMPERATURE (F)   78
 MINIMUM TEMPERATURE (F)   55


SUNRISE AND SUNSET
AUGUST 18 2016........SUNRISE   603 AM EDT   SUNSET   750 PM EDT
AUGUST 19 2016........SUNRISE   604 AM EDT   SUNSET   748 PM EDT


-  INDICATES NEGATIVE NUMBERS.
R  INDICATES RECORD WAS SET OR TIED.
MM INDICATES DATA IS MISSING.
T  INDICATES TRACE AMOUNT.




$$
