000
CDUS41 KALY 280623
CLIDDH


CLIMATE REPORT
NATIONAL WEATHER SERVICE ALBANY NY
122 AM EST SAT FEB 28 2015


...................................

...THE BENNINGTON VT CLIMATE SUMMARY FOR FEBRUARY 27 2015...

CLIMATE NORMAL PERIOD 1981 TO 2010
CLIMATE RECORD PERIOD 9999 TO 9999


WEATHER ITEM   OBSERVED TIME   NORMAL DEPARTURE LAST
                VALUE   (LST)  VALUE  FROM      YEAR
                                      NORMAL
......................................................
TEMPERATURE (F)
 YESTERDAY
  MAXIMUM         19    428 PM  38    -19       23
  MINIMUM          0    615 AM  18    -18        5
  AVERAGE         10            28    -18       14

PRECIPITATION (IN)
  YESTERDAY        0.00          0.09  -0.09      T
  MONTH TO DATE    1.01          2.14  -1.13     2.94
  SINCE DEC 1      7.32          7.68  -0.36     8.74
  SINCE JAN 1      3.41          4.89  -1.48     5.86

DEGREE DAYS
 HEATING
  YESTERDAY       55            37     18       51
  MONTH TO DATE 1464          1083    381     1120
  SINCE DEC 1   3951          3601    350     3659
  SINCE JUL 1   5444          5214    230     5190

 COOLING
  YESTERDAY        0             0      0        0
  MONTH TO DATE    0             0      0        0
  SINCE DEC 1      0             0      0        0
  SINCE JAN 1      0             0      0        0
......................................................


WIND (MPH)
  HIGHEST WIND SPEED    12   HIGHEST WIND DIRECTION    SW (230)
  HIGHEST GUST SPEED    16   HIGHEST GUST DIRECTION     W (250)
  AVERAGE WIND SPEED     5.2


SKY COVER
  AVERAGE SKY COVER 0.4



RELATIVE HUMIDITY (PERCENT)
 HIGHEST    79           600 AM
 LOWEST     35           400 PM
 AVERAGE    57

..........................................................


THE BENNINGTON VT CLIMATE NORMALS FOR TODAY
                         NORMAL
 MAXIMUM TEMPERATURE (F)   38
 MINIMUM TEMPERATURE (F)   18


SUNRISE AND SUNSET
FEBRUARY 28 2015......SUNRISE   631 AM EST   SUNSET   541 PM EST
MARCH  1 2015.........SUNRISE   629 AM EST   SUNSET   542 PM EST


-  INDICATES NEGATIVE NUMBERS.
R  INDICATES RECORD WAS SET OR TIED.
MM INDICATES DATA IS MISSING.
T  INDICATES TRACE AMOUNT.




$$
