000
CDUS41 KALY 160621
CLIDDH


CLIMATE REPORT
NATIONAL WEATHER SERVICE ALBANY NY
221 AM EDT TUE AUG 16 2016


...................................

...THE BENNINGTON VT CLIMATE SUMMARY FOR AUGUST 15 2016...

CLIMATE NORMAL PERIOD 1981 TO 2010
CLIMATE RECORD PERIOD 9999 TO 9999


WEATHER ITEM   OBSERVED TIME   NORMAL DEPARTURE LAST
                VALUE   (LST)  VALUE  FROM      YEAR
                                      NORMAL
......................................................
TEMPERATURE (F)
 YESTERDAY
  MAXIMUM         79        MM  78      1       84
  MINIMUM         62        MM  56      6       60
  AVERAGE         71            67      4       72

PRECIPITATION (IN)
  YESTERDAY        0.00          0.13  -0.13     0.02
  MONTH TO DATE    2.85          2.09   0.76     1.18
  SINCE JUN 1      6.98         10.56  -3.58     6.12
  SINCE JAN 1     20.03         25.63  -5.60    13.68

DEGREE DAYS
 HEATING
  YESTERDAY        0             1     -1        0
  MONTH TO DATE    0            15    -15        4
  SINCE JUN 1     79           136    -57      126
  SINCE JUL 1     10            39    -29       31

 COOLING
  YESTERDAY        6             3      3        7
  MONTH TO DATE  113            57     56       44
  SINCE JUN 1    337           238     99      228
  SINCE JAN 1    379           252    127      292
......................................................


WIND (MPH)
  HIGHEST WIND SPEED     9   HIGHEST WIND DIRECTION     W (280)
  HIGHEST GUST SPEED    MM   HIGHEST GUST DIRECTION    MM
  AVERAGE WIND SPEED     2.8


SKY COVER
  AVERAGE SKY COVER 0.3



RELATIVE HUMIDITY (PERCENT)
 HIGHEST    93           200 AM
 LOWEST     58           100 PM
 AVERAGE    76

..........................................................


THE BENNINGTON VT CLIMATE NORMALS FOR TODAY
                         NORMAL
 MAXIMUM TEMPERATURE (F)   78
 MINIMUM TEMPERATURE (F)   56


SUNRISE AND SUNSET
AUGUST 16 2016........SUNRISE   601 AM EDT   SUNSET   753 PM EDT
AUGUST 17 2016........SUNRISE   602 AM EDT   SUNSET   751 PM EDT


-  INDICATES NEGATIVE NUMBERS.
R  INDICATES RECORD WAS SET OR TIED.
MM INDICATES DATA IS MISSING.
T  INDICATES TRACE AMOUNT.




$$
