000
CDUS41 KALY 150624
CLIDDH


CLIMATE REPORT
NATIONAL WEATHER SERVICE ALBANY NY
223 AM EDT MON MAY 15 2017


...................................

...THE BENNINGTON VT CLIMATE SUMMARY FOR MAY 14 2017...

CLIMATE NORMAL PERIOD 1981 TO 2010
CLIMATE RECORD PERIOD 9999 TO 9999


WEATHER ITEM   OBSERVED TIME   NORMAL DEPARTURE LAST
                VALUE   (LST)  VALUE  FROM      YEAR
                                      NORMAL
......................................................
TEMPERATURE (F)
 YESTERDAY
  MAXIMUM         57    411 PM  67    -10       71
  MINIMUM         40    556 AM  43     -3       42
  AVERAGE         49            55     -6       57

PRECIPITATION (IN)
  YESTERDAY        0.16          0.11   0.05     0.19
  MONTH TO DATE    4.69          1.44   3.25     2.20
  SINCE MAR 1     10.17          7.86   2.31     7.29
  SINCE JAN 1     13.80         12.85   0.95    12.33

DEGREE DAYS
 HEATING
  YESTERDAY       16            11      5        8
  MONTH TO DATE  213           174     39      186
  SINCE MAR 1   1757          1746     11     1594
  SINCE JUL 1   6292          6997   -705     5927

 COOLING
  YESTERDAY        0             0      0        0
  MONTH TO DATE    0             0      0        0
  SINCE MAR 1      3             3      0        1
  SINCE JAN 1      3             3      0        1
......................................................


WIND (MPH)
  HIGHEST WIND SPEED    13   HIGHEST WIND DIRECTION     N (340)
  HIGHEST GUST SPEED    17   HIGHEST GUST DIRECTION    NW (330)
  AVERAGE WIND SPEED     4.4


SKY COVER
  AVERAGE SKY COVER 1.0



RELATIVE HUMIDITY (PERCENT)
 HIGHEST    93          1100 PM
 LOWEST     59           400 PM
 AVERAGE    76

..........................................................


THE BENNINGTON VT CLIMATE NORMALS FOR TODAY
                         NORMAL
 MAXIMUM TEMPERATURE (F)   67
 MINIMUM TEMPERATURE (F)   43


SUNRISE AND SUNSET
MAY 15 2017...........SUNRISE   530 AM EDT   SUNSET   809 PM EDT
MAY 16 2017...........SUNRISE   529 AM EDT   SUNSET   810 PM EDT


-  INDICATES NEGATIVE NUMBERS.
R  INDICATES RECORD WAS SET OR TIED.
MM INDICATES DATA IS MISSING.
T  INDICATES TRACE AMOUNT.




$$
