000
CDUS41 KALY 050632
CLIDDH


CLIMATE REPORT
NATIONAL WEATHER SERVICE ALBANY NY
231 AM EDT SAT JUL 5 2014


...................................

...THE BENNINGTON VT CLIMATE SUMMARY FOR JULY 4 2014...

CLIMATE NORMAL PERIOD 1981 TO 2010
CLIMATE RECORD PERIOD 9999 TO 9999


WEATHER ITEM   OBSERVED TIME   NORMAL DEPARTURE LAST
                VALUE   (LST)  VALUE  FROM      YEAR
                                      NORMAL
......................................................
TEMPERATURE (F)
 YESTERDAY
  MAXIMUM         68   1116 AM  79    -11       89
  MINIMUM         59   1159 PM  57      2       69
  AVERAGE         64            68     -4       79

PRECIPITATION (IN)
  YESTERDAY        0.34          0.13   0.21     0.00
  MONTH TO DATE    1.74          0.52   1.22     0.63
  SINCE JUN 1      5.07          4.65   0.42     7.92
  SINCE JAN 1     17.90         19.72  -1.82    22.39

DEGREE DAYS
 HEATING
  YESTERDAY        1             1      0        0
  MONTH TO DATE    1             4     -3        0
  SINCE JUN 1     48           101    -53      100
  SINCE JUL 1      1             4     -3        0

 COOLING
  YESTERDAY        0             4     -4       14
  MONTH TO DATE   35            15     20       47
  SINCE JUN 1     97            73     24      145
  SINCE JAN 1    113            87     26      177
......................................................


WIND (MPH)
  HIGHEST WIND SPEED    10   HIGHEST WIND DIRECTION     N (340)
  HIGHEST GUST SPEED    20   HIGHEST GUST DIRECTION     N (10)
  AVERAGE WIND SPEED     4.0


SKY COVER
  AVERAGE SKY COVER 0.9



RELATIVE HUMIDITY (PERCENT)
 HIGHEST   100           100 AM
 LOWEST     72           800 PM
 AVERAGE    86

..........................................................


THE BENNINGTON VT CLIMATE NORMALS FOR TODAY
                         NORMAL
 MAXIMUM TEMPERATURE (F)   79
 MINIMUM TEMPERATURE (F)   57


SUNRISE AND SUNSET
JULY  5 2014..........SUNRISE   520 AM EDT   SUNSET   835 PM EDT
JULY  6 2014..........SUNRISE   521 AM EDT   SUNSET   834 PM EDT


-  INDICATES NEGATIVE NUMBERS.
R  INDICATES RECORD WAS SET OR TIED.
MM INDICATES DATA IS MISSING.
T  INDICATES TRACE AMOUNT.




$$
