000
CDUS41 KALY 140622
CLIDDH


CLIMATE REPORT
NATIONAL WEATHER SERVICE ALBANY NY
221 AM EDT THU AUG 14 2014


...................................

...THE BENNINGTON VT CLIMATE SUMMARY FOR AUGUST 13 2014...

CLIMATE NORMAL PERIOD 1981 TO 2010
CLIMATE RECORD PERIOD 9999 TO 9999


WEATHER ITEM   OBSERVED TIME   NORMAL DEPARTURE LAST
                VALUE   (LST)  VALUE  FROM      YEAR
                                      NORMAL
......................................................
TEMPERATURE (F)
 YESTERDAY
  MAXIMUM         72   1252 PM  78     -6       75
  MINIMUM         62   1159 PM  56      6       60
  AVERAGE         67            67      0       68

PRECIPITATION (IN)
  YESTERDAY        0.22          0.12   0.10     1.92
  MONTH TO DATE    0.90          1.83  -0.93     2.64
  SINCE JUN 1     12.18         10.30   1.88    15.53
  SINCE JAN 1     25.01         25.37  -0.36    30.00

DEGREE DAYS
 HEATING
  YESTERDAY        0             1     -1        0
  MONTH TO DATE    6            13     -7       19
  SINCE JUN 1     64           134    -70      129
  SINCE JUL 1     17            37    -20       29

 COOLING
  YESTERDAY        2             3     -1        3
  MONTH TO DATE   28            51    -23       33
  SINCE JUN 1    214           232    -18      379
  SINCE JAN 1    230           246    -16      411
......................................................


WIND (MPH)
  HIGHEST WIND SPEED    23   HIGHEST WIND DIRECTION    SE (150)
  HIGHEST GUST SPEED    32   HIGHEST GUST DIRECTION     S (160)
  AVERAGE WIND SPEED     7.6


SKY COVER
  AVERAGE SKY COVER 0.9



RELATIVE HUMIDITY (PERCENT)
 HIGHEST    93           900 PM
 LOWEST     68          1200 AM
 AVERAGE    81

..........................................................


THE BENNINGTON VT CLIMATE NORMALS FOR TODAY
                         NORMAL
 MAXIMUM TEMPERATURE (F)   78
 MINIMUM TEMPERATURE (F)   56


SUNRISE AND SUNSET
AUGUST 14 2014........SUNRISE   558 AM EDT   SUNSET   757 PM EDT
AUGUST 15 2014........SUNRISE   559 AM EDT   SUNSET   755 PM EDT


-  INDICATES NEGATIVE NUMBERS.
R  INDICATES RECORD WAS SET OR TIED.
MM INDICATES DATA IS MISSING.
T  INDICATES TRACE AMOUNT.




$$
