000
CDUS41 KALY 220623
CLIDDH


CLIMATE REPORT
NATIONAL WEATHER SERVICE ALBANY NY
223 AM EDT THU JUN 22 2017


...................................

...THE BENNINGTON VT CLIMATE SUMMARY FOR JUNE 21 2017...

CLIMATE NORMAL PERIOD 1981 TO 2010
CLIMATE RECORD PERIOD 9999 TO 9999


WEATHER ITEM   OBSERVED TIME   NORMAL DEPARTURE LAST
                VALUE   (LST)  VALUE  FROM      YEAR
                                      NORMAL
......................................................
TEMPERATURE (F)
 YESTERDAY
  MAXIMUM         75    325 PM  77     -2       77
  MINIMUM         53   1130 PM  54     -1       47
  AVERAGE         64            65     -1       62

PRECIPITATION (IN)
  YESTERDAY        0.01          0.14  -0.13    MM
  MONTH TO DATE    4.04          2.99   1.05     1.39
  SINCE JUN 1      4.04          2.99   1.05     1.39
  SINCE JAN 1     20.28         18.06   2.22    14.44

DEGREE DAYS
 HEATING
  YESTERDAY        1             2     -1        3
  MONTH TO DATE   78            84     -6       58
  SINCE JUN 1     78            84     -6       58
  SINCE JUL 1   6477          7223   -746     6094

 COOLING
  YESTERDAY        0             2     -2        0
  MONTH TO DATE   60            33     27       35
  SINCE JUN 1     60            33     27       35
  SINCE JAN 1     75            47     28       77
......................................................


WIND (MPH)
  HIGHEST WIND SPEED    16   HIGHEST WIND DIRECTION     W (280)
  HIGHEST GUST SPEED    25   HIGHEST GUST DIRECTION     W (280)
  AVERAGE WIND SPEED     6.0


SKY COVER
  AVERAGE SKY COVER 0.4



RELATIVE HUMIDITY (PERCENT)
 HIGHEST   100           300 AM
 LOWEST     44           300 PM
 AVERAGE    72

..........................................................


THE BENNINGTON VT CLIMATE NORMALS FOR TODAY
                         NORMAL
 MAXIMUM TEMPERATURE (F)   77
 MINIMUM TEMPERATURE (F)   54


SUNRISE AND SUNSET
JUNE 22 2017..........SUNRISE   515 AM EDT   SUNSET   835 PM EDT
JUNE 23 2017..........SUNRISE   515 AM EDT   SUNSET   836 PM EDT


-  INDICATES NEGATIVE NUMBERS.
R  INDICATES RECORD WAS SET OR TIED.
MM INDICATES DATA IS MISSING.
T  INDICATES TRACE AMOUNT.




$$
