000
CDUS41 KALY 150622
CLIDDH


CLIMATE REPORT
NATIONAL WEATHER SERVICE ALBANY NY
222 AM EDT TUE JUL 15 2014


...................................

...THE BENNINGTON VT CLIMATE SUMMARY FOR JULY 14 2014...

CLIMATE NORMAL PERIOD 1981 TO 2010
CLIMATE RECORD PERIOD 9999 TO 9999


WEATHER ITEM   OBSERVED TIME   NORMAL DEPARTURE LAST
                VALUE   (LST)  VALUE  FROM      YEAR
                                      NORMAL
......................................................
TEMPERATURE (F)
 YESTERDAY
  MAXIMUM         84    252 PM  80      4       88
  MINIMUM         63    502 AM  57      6       65
  AVERAGE         74            68      6       77

PRECIPITATION (IN)
  YESTERDAY        0.12          0.16  -0.04     0.00
  MONTH TO DATE    4.05          1.94   2.11     2.31
  SINCE JUN 1      7.38          6.07   1.31     9.60
  SINCE JAN 1     20.21         21.14  -0.93    24.07

DEGREE DAYS
 HEATING
  YESTERDAY        0             1     -1        0
  MONTH TO DATE    2            14    -12        0
  SINCE JUN 1     49           111    -62      100
  SINCE JUL 1      2            14    -12        0

 COOLING
  YESTERDAY        9             4      5       12
  MONTH TO DATE   76            55     21      149
  SINCE JUN 1    138           113     25      247
  SINCE JAN 1    154           127     27      279
......................................................


WIND (MPH)
  HIGHEST WIND SPEED    12   HIGHEST WIND DIRECTION    SE (120)
  HIGHEST GUST SPEED    14   HIGHEST GUST DIRECTION    SE (130)
  AVERAGE WIND SPEED     3.1


SKY COVER
  AVERAGE SKY COVER 0.4



RELATIVE HUMIDITY (PERCENT)
 HIGHEST   100           600 AM
 LOWEST     55           100 PM
 AVERAGE    78

..........................................................


THE BENNINGTON VT CLIMATE NORMALS FOR TODAY
                         NORMAL
 MAXIMUM TEMPERATURE (F)   80
 MINIMUM TEMPERATURE (F)   57


SUNRISE AND SUNSET
JULY 15 2014..........SUNRISE   528 AM EDT   SUNSET   830 PM EDT
JULY 16 2014..........SUNRISE   529 AM EDT   SUNSET   829 PM EDT


-  INDICATES NEGATIVE NUMBERS.
R  INDICATES RECORD WAS SET OR TIED.
MM INDICATES DATA IS MISSING.
T  INDICATES TRACE AMOUNT.




$$
