000
CDUS41 KALY 092055
CLIDDH


CLIMATE REPORT
NATIONAL WEATHER SERVICE ALBANY NY
455 PM EDT TUE SEP 9 2014


...................................

...THE BENNINGTON VT CLIMATE SUMMARY FOR SEPTEMBER 9 2014...
VALID TODAY AS OF 0400 PM LOCAL TIME.

CLIMATE NORMAL PERIOD 1981 TO 2010
CLIMATE RECORD PERIOD 9999 TO 9999


WEATHER ITEM   OBSERVED TIME   NORMAL DEPARTURE LAST
                VALUE   (LST)  VALUE  FROM      YEAR
                                      NORMAL
......................................................
TEMPERATURE (F)
 TODAY
  MAXIMUM         72    300 PM  73     -1       69
  MINIMUM         43        MM  50     -7       36
  AVERAGE         58            61     -3       53

PRECIPITATION (IN)
  TODAY            0.00          0.11  -0.11     0.00
  MONTH TO DATE    0.46          0.94  -0.48     0.70
  SINCE SEP 1      0.46          0.94  -0.48     0.70
  SINCE JAN 1     26.42         28.48  -2.06    32.42

DEGREE DAYS
 HEATING
  TODAY            7             5      2       12
  MONTH TO DATE   13            34    -21       53
  SINCE SEP 1     13            34    -21       53
  SINCE JUL 1     66           106    -40      116

 COOLING
  TODAY            0             1     -1        0
  MONTH TO DATE   40            13     27       20
  SINCE SEP 1     40            13     27       20
  SINCE JAN 1    293           301     -8      479
......................................................


WIND (MPH)
  HIGHEST WIND SPEED    13   HIGHEST WIND DIRECTION     S (170)
  HIGHEST GUST SPEED    17   HIGHEST GUST DIRECTION     S (160)
  AVERAGE WIND SPEED     6.9


SKY COVER
  AVERAGE SKY COVER 0.1



RELATIVE HUMIDITY (PERCENT)
 HIGHEST    96
 LOWEST     44
 AVERAGE    70

..........................................................


THE BENNINGTON VT CLIMATE NORMALS FOR TOMORROW
                         NORMAL
 MAXIMUM TEMPERATURE (F)   73
 MINIMUM TEMPERATURE (F)   50


SUNRISE AND SUNSET
SEPTEMBER  9 2014.....SUNRISE   626 AM EDT   SUNSET   714 PM EDT
SEPTEMBER 10 2014.....SUNRISE   627 AM EDT   SUNSET   712 PM EDT


-  INDICATES NEGATIVE NUMBERS.
R  INDICATES RECORD WAS SET OR TIED.
MM INDICATES DATA IS MISSING.
T  INDICATES TRACE AMOUNT.




$$
