000
CDUS41 KALY 040640
CLIDDH


CLIMATE REPORT
NATIONAL WEATHER SERVICE ALBANY NY
240 AM EDT FRI APR 4 2014


...................................

...THE BENNINGTON VT CLIMATE SUMMARY FOR APRIL 3 2014...

CLIMATE NORMAL PERIOD 1981 TO 2010
CLIMATE RECORD PERIOD 9999 TO 9999


WEATHER ITEM   OBSERVED TIME   NORMAL DEPARTURE LAST
                VALUE   (LST)  VALUE  FROM      YEAR
                                      NORMAL
......................................................
TEMPERATURE (F)
 YESTERDAY
  MAXIMUM         49    433 PM  51     -2       40
  MINIMUM         26    551 AM  30     -4       24
  AVERAGE         38            40     -2       32

PRECIPITATION (IN)
  YESTERDAY        0.00          0.13  -0.13     0.00
  MONTH TO DATE    0.00          0.39  -0.39     0.11
  SINCE MAR 1      2.15          3.54  -1.39     1.39
  SINCE JAN 1      8.01          8.53  -0.52     4.05

DEGREE DAYS
 HEATING
  YESTERDAY       27            25      2       33
  MONTH TO DATE   72            75     -3       92
  SINCE MAR 1   1230          1059    171     1109
  SINCE JUL 1   6478          6310    168     5893

 COOLING
  YESTERDAY        0             0      0        0
  MONTH TO DATE    0             0      0        0
  SINCE MAR 1      0             0      0        0
  SINCE JAN 1      0             0      0        0
......................................................


WIND (MPH)
  HIGHEST WIND SPEED    13   HIGHEST WIND DIRECTION     N (350)
  HIGHEST GUST SPEED    18   HIGHEST GUST DIRECTION     N (350)
  AVERAGE WIND SPEED     4.4


SKY COVER
  AVERAGE SKY COVER 0.0



RELATIVE HUMIDITY (PERCENT)
 HIGHEST    85           400 AM
 LOWEST     34           500 PM
 AVERAGE    60

..........................................................


THE BENNINGTON VT CLIMATE NORMALS FOR TODAY
                         NORMAL
 MAXIMUM TEMPERATURE (F)   52
 MINIMUM TEMPERATURE (F)   30


SUNRISE AND SUNSET
APRIL  4 2014.........SUNRISE   630 AM EDT   SUNSET   723 PM EDT
APRIL  5 2014.........SUNRISE   628 AM EDT   SUNSET   724 PM EDT


-  INDICATES NEGATIVE NUMBERS.
R  INDICATES RECORD WAS SET OR TIED.
MM INDICATES DATA IS MISSING.
T  INDICATES TRACE AMOUNT.




$$
