578
CDUS41 KALY 132344 CCA
CLIDDH


CLIMATE REPORT...CORRECTED
NATIONAL WEATHER SERVICE ALBANY NY
644 PM EST MON FEB 13 2017


...................................

...THE BENNINGTON VT CLIMATE SUMMARY FOR FEBRUARY 13 2017...
VALID TODAY AS OF 0400 PM LOCAL TIME.

CLIMATE NORMAL PERIOD 1981 TO 2010
CLIMATE RECORD PERIOD 9999 TO 9999


WEATHER ITEM   OBSERVED TIME   NORMAL DEPARTURE LAST
                VALUE   (LST)  VALUE  FROM      YEAR
                                      NORMAL
......................................................
TEMPERATURE (F)
 TODAY
  MAXIMUM         31    353 AM  34     -3       15
  MINIMUM         22    935 AM  15      7      -13
  AVERAGE         27            25      2        1

PRECIPITATION (IN)
  TODAY              M           0.09  -0.02     0.00
  MONTH TO DATE    1.28          0.93   0.35     0.88
  SINCE DEC 1      5.08          6.47  -1.39     5.74
  SINCE JAN 1      2.99          3.68  -0.69     1.99

DEGREE DAYS
 HEATING
  TODAY           38            40     -2       64
  MONTH TO DATE  527           541    -14      475
  SINCE DEC 1   2751          3059   -308     2437
  SINCE JUL 1   4121          4672   -551     3780

 COOLING
  TODAY            0             0      0        0
  MONTH TO DATE    0             0      0        0
  SINCE DEC 1      0             0      0        0
  SINCE JAN 1      0             0      0        0
......................................................


WIND (MPH)
  HIGHEST WIND SPEED    22   HIGHEST WIND DIRECTION    NW (320)
  HIGHEST GUST SPEED    32   HIGHEST GUST DIRECTION    NW (330)
  AVERAGE WIND SPEED     9.3


SKY COVER
  AVERAGE SKY COVER 1.0



RELATIVE HUMIDITY (PERCENT)
 HIGHEST    85
 LOWEST     50
 AVERAGE    68

..........................................................


THE BENNINGTON VT CLIMATE NORMALS FOR TOMORROW
                         NORMAL
 MAXIMUM TEMPERATURE (F)   34
 MINIMUM TEMPERATURE (F)   15


SUNRISE AND SUNSET
FEBRUARY 13 2017......SUNRISE   653 AM EST   SUNSET   522 PM EST
FEBRUARY 14 2017......SUNRISE   651 AM EST   SUNSET   523 PM EST


-  INDICATES NEGATIVE NUMBERS.
R  INDICATES RECORD WAS SET OR TIED.
MM INDICATES DATA IS MISSING.
T  INDICATES TRACE AMOUNT.




$$
