000
CDUS41 KALY 142201
CLIDDH


CLIMATE REPORT
NATIONAL WEATHER SERVICE ALBANY NY
501 PM EST FRI NOV 14 2014


...................................

...THE BENNINGTON VT CLIMATE SUMMARY FOR NOVEMBER 14 2014...
VALID TODAY AS OF 0400 PM LOCAL TIME.

CLIMATE NORMAL PERIOD 1981 TO 2010
CLIMATE RECORD PERIOD 9999 TO 9999


WEATHER ITEM   OBSERVED TIME   NORMAL DEPARTURE LAST
                VALUE   (LST)  VALUE  FROM      YEAR
                                      NORMAL
......................................................
TEMPERATURE (F)
 TODAY
  MAXIMUM         36    343 PM  48    -12       48
  MINIMUM         30    849 AM  30      0       20
  AVERAGE         33            39     -6       34

PRECIPITATION (IN)
  TODAY            0.06          0.09  -0.03     0.00
  MONTH TO DATE    0.39          1.46  -1.07     1.00
  SINCE SEP 1      5.24          8.72  -3.48     8.57
  SINCE JAN 1     31.20         36.26  -5.06    40.29

DEGREE DAYS
 HEATING
  TODAY           32            26      6       31
  MONTH TO DATE  334           336     -2      362
  SINCE SEP 1    931          1085   -154     1053
  SINCE JUL 1    984          1157   -173     1116

 COOLING
  TODAY            0             0      0        0
  MONTH TO DATE    0             0      0        0
  SINCE SEP 1     55            25     30       44
  SINCE JAN 1    308           313     -5      503
......................................................


WIND (MPH)
  HIGHEST WIND SPEED    15   HIGHEST WIND DIRECTION     W (290)
  HIGHEST GUST SPEED    22   HIGHEST GUST DIRECTION     W (270)
  AVERAGE WIND SPEED     5.9


SKY COVER
  AVERAGE SKY COVER 0.9



RELATIVE HUMIDITY (PERCENT)
 HIGHEST    92
 LOWEST     52
 AVERAGE    72

..........................................................


THE BENNINGTON VT CLIMATE NORMALS FOR TOMORROW
                         NORMAL
 MAXIMUM TEMPERATURE (F)   48
 MINIMUM TEMPERATURE (F)   30


SUNRISE AND SUNSET
NOVEMBER 14 2014......SUNRISE   644 AM EST   SUNSET   431 PM EST
NOVEMBER 15 2014......SUNRISE   645 AM EST   SUNSET   430 PM EST


-  INDICATES NEGATIVE NUMBERS.
R  INDICATES RECORD WAS SET OR TIED.
MM INDICATES DATA IS MISSING.
T  INDICATES TRACE AMOUNT.




$$
