000
CDUS41 KALY 260628
CLIDDH


CLIMATE REPORT
NATIONAL WEATHER SERVICE ALBANY NY
126 AM EST SAT NOV 26 2016


...................................

...THE BENNINGTON VT CLIMATE SUMMARY FOR NOVEMBER 25 2016...

CLIMATE NORMAL PERIOD 1981 TO 2010
CLIMATE RECORD PERIOD 9999 TO 9999


WEATHER ITEM   OBSERVED TIME   NORMAL DEPARTURE LAST
                VALUE   (LST)  VALUE  FROM      YEAR
                                      NORMAL
......................................................
TEMPERATURE (F)
 YESTERDAY
  MAXIMUM         42    238 PM  44     -2       46
  MINIMUM         34    758 AM  28      6       20
  AVERAGE         38            36      2       33

PRECIPITATION (IN)
  YESTERDAY        0.03          0.10  -0.07     0.00
  MONTH TO DATE    1.82          2.56  -0.74     1.17
  SINCE SEP 1      8.42          9.82  -1.40    10.89
  SINCE JAN 1     29.73         37.36  -7.63    25.12

DEGREE DAYS
 HEATING
  YESTERDAY       27            29     -2       32
  MONTH TO DATE  636           640     -4      528
  SINCE SEP 1   1213          1389   -176     1179
  SINCE JUL 1   1235          1461   -226     1218

 COOLING
  YESTERDAY        0             0      0        0
  MONTH TO DATE    0             0      0        0
  SINCE SEP 1     49            25     24       76
  SINCE JAN 1    488           313    175      444
......................................................


WIND (MPH)
  HIGHEST WIND SPEED     5   HIGHEST WIND DIRECTION    SE (140)
  HIGHEST GUST SPEED     6   HIGHEST GUST DIRECTION    SE (130)
  AVERAGE WIND SPEED     0.6


SKY COVER
  AVERAGE SKY COVER 1.0



RELATIVE HUMIDITY (PERCENT)
 HIGHEST   100          1200 AM
 LOWEST     86           200 PM
 AVERAGE    93

..........................................................


THE BENNINGTON VT CLIMATE NORMALS FOR TODAY
                         NORMAL
 MAXIMUM TEMPERATURE (F)   43
 MINIMUM TEMPERATURE (F)   28


SUNRISE AND SUNSET
NOVEMBER 26 2016......SUNRISE   659 AM EST   SUNSET   422 PM EST
NOVEMBER 27 2016......SUNRISE   700 AM EST   SUNSET   421 PM EST


-  INDICATES NEGATIVE NUMBERS.
R  INDICATES RECORD WAS SET OR TIED.
MM INDICATES DATA IS MISSING.
T  INDICATES TRACE AMOUNT.




$$
