000
CDUS41 KALY 190622
CLIDDH


CLIMATE REPORT
NATIONAL WEATHER SERVICE ALBANY NY
222 AM EDT TUE APR 19 2016


...................................

...THE BENNINGTON VT CLIMATE SUMMARY FOR APRIL 18 2016...

CLIMATE NORMAL PERIOD 1981 TO 2010
CLIMATE RECORD PERIOD 9999 TO 9999


WEATHER ITEM   OBSERVED TIME   NORMAL DEPARTURE LAST
                VALUE   (LST)  VALUE  FROM      YEAR
                                      NORMAL
......................................................
TEMPERATURE (F)
 YESTERDAY
  MAXIMUM         75    324 PM  58     17       72
  MINIMUM         36    548 AM  35      1       35
  AVERAGE         56            47      9       54

PRECIPITATION (IN)
  YESTERDAY        0.00          0.10  -0.10     0.00
  MONTH TO DATE    2.17          2.07   0.10     0.86
  SINCE MAR 1      4.63          5.22  -0.59     2.00
  SINCE JAN 1      9.67         10.21  -0.54     5.41

DEGREE DAYS
 HEATING
  YESTERDAY        9            18     -9       11
  MONTH TO DATE  453           393     60      378
  SINCE MAR 1   1217          1377   -160     1549
  SINCE JUL 1   5550          6628  -1078     7051

 COOLING
  YESTERDAY        0             0      0        0
  MONTH TO DATE    0             0      0        0
  SINCE MAR 1      0             0      0        0
  SINCE JAN 1      0             0      0        0
......................................................


WIND (MPH)
  HIGHEST WIND SPEED    15   HIGHEST WIND DIRECTION     W (270)
  HIGHEST GUST SPEED    18   HIGHEST GUST DIRECTION     W (280)
  AVERAGE WIND SPEED     3.7


SKY COVER
  AVERAGE SKY COVER 0.1



RELATIVE HUMIDITY (PERCENT)
 HIGHEST    82           500 AM
 LOWEST     22          1200 PM
 AVERAGE    52

..........................................................


THE BENNINGTON VT CLIMATE NORMALS FOR TODAY
                         NORMAL
 MAXIMUM TEMPERATURE (F)   58
 MINIMUM TEMPERATURE (F)   36


SUNRISE AND SUNSET
APRIL 19 2016.........SUNRISE   604 AM EDT   SUNSET   741 PM EDT
APRIL 20 2016.........SUNRISE   603 AM EDT   SUNSET   742 PM EDT


-  INDICATES NEGATIVE NUMBERS.
R  INDICATES RECORD WAS SET OR TIED.
MM INDICATES DATA IS MISSING.
T  INDICATES TRACE AMOUNT.




$$
