000
CDUS41 KALY 040623
CLIDDH


CLIMATE REPORT
NATIONAL WEATHER SERVICE ALBANY NY
222 AM EDT TUE AUG 4 2015


...................................

...THE BENNINGTON VT CLIMATE SUMMARY FOR AUGUST 3 2015...

CLIMATE NORMAL PERIOD 1981 TO 2010
CLIMATE RECORD PERIOD 9999 TO 9999


WEATHER ITEM   OBSERVED TIME   NORMAL DEPARTURE LAST
                VALUE   (LST)  VALUE  FROM      YEAR
                                      NORMAL
......................................................
TEMPERATURE (F)
 YESTERDAY
  MAXIMUM         88    204 PM  79      9       79
  MINIMUM         60    319 AM  57      3       55
  AVERAGE         74            68      6       67

PRECIPITATION (IN)
  YESTERDAY        0.39          0.15   0.24     0.00
  MONTH TO DATE    0.39          0.44  -0.05     0.04
  SINCE JUN 1      5.33          8.91  -3.58    11.32
  SINCE JAN 1     12.89         23.98 -11.09    24.15

DEGREE DAYS
 HEATING
  YESTERDAY        0             1     -1        0
  MONTH TO DATE    0             3     -3        0
  SINCE JUN 1    122           124     -2       58
  SINCE JUL 1     27            27      0       11

 COOLING
  YESTERDAY        9             4      5        2
  MONTH TO DATE   15            12      3       10
  SINCE JUN 1    199           193      6      196
  SINCE JAN 1    263           207     56      212
......................................................


WIND (MPH)
  HIGHEST WIND SPEED    18   HIGHEST WIND DIRECTION     W (260)
  HIGHEST GUST SPEED    28   HIGHEST GUST DIRECTION     W (280)
  AVERAGE WIND SPEED     5.7


SKY COVER
  AVERAGE SKY COVER 0.3



RELATIVE HUMIDITY (PERCENT)
 HIGHEST    93           800 PM
 LOWEST     40          1200 PM
 AVERAGE    67

..........................................................


THE BENNINGTON VT CLIMATE NORMALS FOR TODAY
                         NORMAL
 MAXIMUM TEMPERATURE (F)   79
 MINIMUM TEMPERATURE (F)   57


SUNRISE AND SUNSET
AUGUST  4 2015........SUNRISE   547 AM EDT   SUNSET   811 PM EDT
AUGUST  5 2015........SUNRISE   548 AM EDT   SUNSET   809 PM EDT


-  INDICATES NEGATIVE NUMBERS.
R  INDICATES RECORD WAS SET OR TIED.
MM INDICATES DATA IS MISSING.
T  INDICATES TRACE AMOUNT.




$$
