000
CDUS41 KALY 280622
CLIDDH


CLIMATE REPORT
NATIONAL WEATHER SERVICE ALBANY NY
221 AM EDT MON JUL 28 2014


...................................

...THE BENNINGTON VT CLIMATE SUMMARY FOR JULY 27 2014...

CLIMATE NORMAL PERIOD 1981 TO 2010
CLIMATE RECORD PERIOD 9999 TO 9999


WEATHER ITEM   OBSERVED TIME   NORMAL DEPARTURE LAST
                VALUE   (LST)  VALUE  FROM      YEAR
                                      NORMAL
......................................................
TEMPERATURE (F)
 YESTERDAY
  MAXIMUM         79    205 PM  80     -1       81
  MINIMUM         60    436 AM  57      3       50
  AVERAGE         70            68      2       66

PRECIPITATION (IN)
  YESTERDAY        0.77          0.14   0.63     0.00
  MONTH TO DATE    6.02          3.78   2.24     5.30
  SINCE JUN 1      9.35          7.91   1.44    12.59
  SINCE JAN 1     22.18         22.98  -0.80    27.06

DEGREE DAYS
 HEATING
  YESTERDAY        0             1     -1        0
  MONTH TO DATE    8            27    -19        9
  SINCE JUN 1     55           124    -69      109
  SINCE JUL 1      8            27    -19        9

 COOLING
  YESTERDAY        5             4      1        1
  MONTH TO DATE  121           107     14      242
  SINCE JUN 1    183           165     18      340
  SINCE JAN 1    199           179     20      372
......................................................


WIND (MPH)
  HIGHEST WIND SPEED    16   HIGHEST WIND DIRECTION     S (180)
  HIGHEST GUST SPEED    21   HIGHEST GUST DIRECTION     S (180)
  AVERAGE WIND SPEED     3.6


SKY COVER
  AVERAGE SKY COVER 0.6



RELATIVE HUMIDITY (PERCENT)
 HIGHEST   100           200 AM
 LOWEST     67           200 PM
 AVERAGE    84

..........................................................


THE BENNINGTON VT CLIMATE NORMALS FOR TODAY
                         NORMAL
 MAXIMUM TEMPERATURE (F)   79
 MINIMUM TEMPERATURE (F)   57


SUNRISE AND SUNSET
JULY 28 2014..........SUNRISE   540 AM EDT   SUNSET   818 PM EDT
JULY 29 2014..........SUNRISE   541 AM EDT   SUNSET   817 PM EDT


-  INDICATES NEGATIVE NUMBERS.
R  INDICATES RECORD WAS SET OR TIED.
MM INDICATES DATA IS MISSING.
T  INDICATES TRACE AMOUNT.




$$
