000
CDUS41 KALY 272042
CLIDDH


CLIMATE REPORT
NATIONAL WEATHER SERVICE ALBANY NY
440 PM EDT TUE SEP 27 2016


...................................

...THE BENNINGTON VT CLIMATE SUMMARY FOR SEPTEMBER 27 2016...
VALID TODAY AS OF 0400 PM LOCAL TIME.

CLIMATE NORMAL PERIOD 1981 TO 2010
CLIMATE RECORD PERIOD 9999 TO 9999


WEATHER ITEM   OBSERVED TIME   NORMAL DEPARTURE LAST
                VALUE   (LST)  VALUE  FROM      YEAR
                                      NORMAL
......................................................
TEMPERATURE (F)
 TODAY
  MAXIMUM         70    327 PM  66      4       71
  MINIMUM         56    621 AM  43     13       37
  AVERAGE         63            55      8       54

PRECIPITATION (IN)
  TODAY            0.56          0.13   0.43     0.00
  MONTH TO DATE    3.03          3.16  -0.13     3.58
  SINCE SEP 1      3.03          3.16  -0.13     3.58
  SINCE JAN 1     24.34         30.70  -6.36    17.81

DEGREE DAYS
 HEATING
  TODAY            2            11     -9       11
  MONTH TO DATE   99           171    -72       85
  SINCE SEP 1     99           171    -72       85
  SINCE JUL 1    121           243   -122      124

 COOLING
  TODAY            0             0      0        0
  MONTH TO DATE   45            22     23       70
  SINCE SEP 1     45            22     23       70
  SINCE JAN 1    484           310    174      438
......................................................


WIND (MPH)
  HIGHEST WIND SPEED    14   HIGHEST WIND DIRECTION     S (200)
  HIGHEST GUST SPEED    20   HIGHEST GUST DIRECTION    SW (210)
  AVERAGE WIND SPEED     1.8


SKY COVER
  AVERAGE SKY COVER 0.7



RELATIVE HUMIDITY (PERCENT)
 HIGHEST   100
 LOWEST     47
 AVERAGE    74

..........................................................


THE BENNINGTON VT CLIMATE NORMALS FOR TOMORROW
                         NORMAL
 MAXIMUM TEMPERATURE (F)   66
 MINIMUM TEMPERATURE (F)   43


SUNRISE AND SUNSET
SEPTEMBER 27 2016.....SUNRISE   646 AM EDT   SUNSET   641 PM EDT
SEPTEMBER 28 2016.....SUNRISE   647 AM EDT   SUNSET   639 PM EDT


-  INDICATES NEGATIVE NUMBERS.
R  INDICATES RECORD WAS SET OR TIED.
MM INDICATES DATA IS MISSING.
T  INDICATES TRACE AMOUNT.




$$
