000
CDUS41 KALY 240625
CLIDDH


CLIMATE REPORT
NATIONAL WEATHER SERVICE ALBANY NY
225 AM EDT WED SEP 24 2014


...................................

...THE BENNINGTON VT CLIMATE SUMMARY FOR SEPTEMBER 23 2014...

CLIMATE NORMAL PERIOD 1981 TO 2010
CLIMATE RECORD PERIOD 9999 TO 9999


WEATHER ITEM   OBSERVED TIME   NORMAL DEPARTURE LAST
                VALUE   (LST)  VALUE  FROM      YEAR
                                      NORMAL
......................................................
TEMPERATURE (F)
 YESTERDAY
  MAXIMUM         65    307 PM  68     -3       58
  MINIMUM         34    600 AM  45    -11       38
  AVERAGE         50            56     -6       48

PRECIPITATION (IN)
  YESTERDAY        0.00          0.13  -0.13     0.00
  MONTH TO DATE    1.02          2.62  -1.60     4.03
  SINCE SEP 1      1.02          2.62  -1.60     4.03
  SINCE JAN 1     26.98         30.16  -3.18    35.75

DEGREE DAYS
 HEATING
  YESTERDAY       15             9      6       17
  MONTH TO DATE  162           130     32      172
  SINCE SEP 1    162           130     32      172
  SINCE JUL 1    215           202     13      235

 COOLING
  YESTERDAY        0             0      0        0
  MONTH TO DATE   44            22     22       44
  SINCE SEP 1     44            22     22       44
  SINCE JAN 1    297           310    -13      503
......................................................


WIND (MPH)
  HIGHEST WIND SPEED    12   HIGHEST WIND DIRECTION    SW (240)
  HIGHEST GUST SPEED    16   HIGHEST GUST DIRECTION    SW (240)
  AVERAGE WIND SPEED     2.5


SKY COVER
  AVERAGE SKY COVER 0.3



RELATIVE HUMIDITY (PERCENT)
 HIGHEST    93           700 AM
 LOWEST     48          1200 PM
 AVERAGE    71

..........................................................


THE BENNINGTON VT CLIMATE NORMALS FOR TODAY
                         NORMAL
 MAXIMUM TEMPERATURE (F)   67
 MINIMUM TEMPERATURE (F)   44


SUNRISE AND SUNSET
SEPTEMBER 24 2014.....SUNRISE   642 AM EDT   SUNSET   647 PM EDT
SEPTEMBER 25 2014.....SUNRISE   643 AM EDT   SUNSET   645 PM EDT


-  INDICATES NEGATIVE NUMBERS.
R  INDICATES RECORD WAS SET OR TIED.
MM INDICATES DATA IS MISSING.
T  INDICATES TRACE AMOUNT.




$$
