000
CDUS41 KALY 120621
CLIDDH


CLIMATE REPORT
NATIONAL WEATHER SERVICE ALBANY NY
221 AM EDT TUE SEP 12 2017


...................................

...THE BENNINGTON VT CLIMATE SUMMARY FOR SEPTEMBER 11 2017...

CLIMATE NORMAL PERIOD 1981 TO 2010
CLIMATE RECORD PERIOD 9999 TO 9999


WEATHER ITEM   OBSERVED TIME   NORMAL DEPARTURE LAST
                VALUE   (LST)  VALUE  FROM      YEAR
                                      NORMAL
......................................................
TEMPERATURE (F)
 YESTERDAY
  MAXIMUM         71    342 PM  72     -1       78
  MINIMUM         39    533 AM  49    -10       47
  AVERAGE         55            61     -6       63

PRECIPITATION (IN)
  YESTERDAY        0.00          0.11  -0.11     0.28
  MONTH TO DATE    2.84          1.16   1.68     0.73
  SINCE SEP 1      2.84          1.16   1.68     0.73
  SINCE JAN 1     35.19         28.70   6.49    22.04

DEGREE DAYS
 HEATING
  YESTERDAY       10             5      5        2
  MONTH TO DATE   89            44     45       11
  SINCE SEP 1     89            44     45       11
  SINCE JUL 1    156           116     40       33

 COOLING
  YESTERDAY        0             1     -1        0
  MONTH TO DATE    6            15     -9       33
  SINCE SEP 1      6            15     -9       33
  SINCE JAN 1    313           303     10      472
......................................................


WIND (MPH)
  HIGHEST WIND SPEED     9   HIGHEST WIND DIRECTION     W (290)
  HIGHEST GUST SPEED    14   HIGHEST GUST DIRECTION    NW (320)
  AVERAGE WIND SPEED     2.2


SKY COVER
  AVERAGE SKY COVER 0.1



RELATIVE HUMIDITY (PERCENT)
 HIGHEST   100           600 AM
 LOWEST     53           100 PM
 AVERAGE    77

..........................................................


THE BENNINGTON VT CLIMATE NORMALS FOR TODAY
                         NORMAL
 MAXIMUM TEMPERATURE (F)   72
 MINIMUM TEMPERATURE (F)   49


SUNRISE AND SUNSET
SEPTEMBER 12 2017.....SUNRISE   630 AM EDT   SUNSET   708 PM EDT
SEPTEMBER 13 2017.....SUNRISE   631 AM EDT   SUNSET   706 PM EDT


-  INDICATES NEGATIVE NUMBERS.
R  INDICATES RECORD WAS SET OR TIED.
MM INDICATES DATA IS MISSING.
T  INDICATES TRACE AMOUNT.




$$
