000
CDUS41 KALY 190628
CLIDDH


CLIMATE REPORT
NATIONAL WEATHER SERVICE ALBANY NY
227 AM EDT TUE JUL 19 2016


...................................

...THE BENNINGTON VT CLIMATE SUMMARY FOR JULY 18 2016...

CLIMATE NORMAL PERIOD 1981 TO 2010
CLIMATE RECORD PERIOD 9999 TO 9999


WEATHER ITEM   OBSERVED TIME   NORMAL DEPARTURE LAST
                VALUE   (LST)  VALUE  FROM      YEAR
                                      NORMAL
......................................................
TEMPERATURE (F)
 YESTERDAY
  MAXIMUM         85    954 AM  80      5       85
  MINIMUM         59    243 AM  57      2       64
  AVERAGE         72            68      4       75

PRECIPITATION (IN)
  YESTERDAY        0.04          0.14  -0.10     0.46
  MONTH TO DATE    1.30          2.46  -1.16     1.36
  SINCE JUN 1      3.04          6.59  -3.55     4.31
  SINCE JAN 1     16.09         21.66  -5.57    11.87

DEGREE DAYS
 HEATING
  YESTERDAY        0             1     -1        0
  MONTH TO DATE    4            18    -14       25
  SINCE JUN 1     73           115    -42      120
  SINCE JUL 1      4            18    -14       25

 COOLING
  YESTERDAY        7             4      3       10
  MONTH TO DATE   95            71     24       57
  SINCE JUN 1    153           129     24      104
  SINCE JAN 1    195           143     52      168
......................................................


WIND (MPH)
  HIGHEST WIND SPEED    15   HIGHEST WIND DIRECTION     S (200)
  HIGHEST GUST SPEED    24   HIGHEST GUST DIRECTION    SW (210)
  AVERAGE WIND SPEED     6.6


SKY COVER
  AVERAGE SKY COVER 0.4



RELATIVE HUMIDITY (PERCENT)
 HIGHEST   100           300 AM
 LOWEST     54           900 AM
 AVERAGE    77

..........................................................


THE BENNINGTON VT CLIMATE NORMALS FOR TODAY
                         NORMAL
 MAXIMUM TEMPERATURE (F)   80
 MINIMUM TEMPERATURE (F)   57


SUNRISE AND SUNSET
JULY 19 2016..........SUNRISE   532 AM EDT   SUNSET   826 PM EDT
JULY 20 2016..........SUNRISE   533 AM EDT   SUNSET   826 PM EDT


-  INDICATES NEGATIVE NUMBERS.
R  INDICATES RECORD WAS SET OR TIED.
MM INDICATES DATA IS MISSING.
T  INDICATES TRACE AMOUNT.




$$
