000
CDUS41 KALY 060623
CLIDDH


CLIMATE REPORT
NATIONAL WEATHER SERVICE ALBANY NY
121 AM EST TUE FEB 6 2018


...................................

...THE BENNINGTON VT CLIMATE SUMMARY FOR FEBRUARY 5 2018...

CLIMATE NORMAL PERIOD 1981 TO 2010
CLIMATE RECORD PERIOD 9999 TO 9999


WEATHER ITEM   OBSERVED TIME   NORMAL DEPARTURE LAST
                VALUE   (LST)  VALUE  FROM      YEAR
                                      NORMAL
......................................................
TEMPERATURE (F)
 YESTERDAY
  MAXIMUM         35   1218 AM  33      2       37
  MINIMUM         11   1151 PM  13     -2       15
  AVERAGE         23            23      0       26

PRECIPITATION (IN)
  YESTERDAY        0.00          0.07  -0.07      T
  MONTH TO DATE    0.66          0.33   0.33     0.01
  SINCE DEC 1      5.85          5.87  -0.02     3.81
  SINCE JAN 1      3.71          3.08   0.63     1.72

DEGREE DAYS
 HEATING
  YESTERDAY       42            42      0       39
  MONTH TO DATE  207           212     -5      198
  SINCE DEC 1   2812          2730     82     2422
  SINCE JUL 1   4112          4343   -231     3792

 COOLING
  YESTERDAY        0             0      0        0
  MONTH TO DATE    0             0      0        0
  SINCE DEC 1      0             0      0        0
  SINCE JAN 1      0             0      0        0
......................................................


WIND (MPH)
  HIGHEST WIND SPEED    24   HIGHEST WIND DIRECTION    SW (240)
  HIGHEST GUST SPEED    35   HIGHEST GUST DIRECTION     W (250)
  AVERAGE WIND SPEED     8.8


SKY COVER
  AVERAGE SKY COVER 0.4



RELATIVE HUMIDITY (PERCENT)
 HIGHEST    96           100 AM
 LOWEST     45           200 PM
 AVERAGE    71

..........................................................


THE BENNINGTON VT CLIMATE NORMALS FOR TODAY
                         NORMAL
 MAXIMUM TEMPERATURE (F)   33
 MINIMUM TEMPERATURE (F)   14


SUNRISE AND SUNSET
FEBRUARY  6 2018......SUNRISE   702 AM EST   SUNSET   513 PM EST
FEBRUARY  7 2018......SUNRISE   701 AM EST   SUNSET   514 PM EST


-  INDICATES NEGATIVE NUMBERS.
R  INDICATES RECORD WAS SET OR TIED.
MM INDICATES DATA IS MISSING.
T  INDICATES TRACE AMOUNT.




$$
