000
CDUS41 KALY 310622
CLIDDH


CLIMATE REPORT
NATIONAL WEATHER SERVICE ALBANY NY
121 AM EST SAT DEC 31 2016


...................................

...THE BENNINGTON VT CLIMATE SUMMARY FOR DECEMBER 30 2016...

CLIMATE NORMAL PERIOD 1981 TO 2010
CLIMATE RECORD PERIOD 9999 TO 9999


WEATHER ITEM   OBSERVED TIME   NORMAL DEPARTURE LAST
                VALUE   (LST)  VALUE  FROM      YEAR
                                      NORMAL
......................................................
TEMPERATURE (F)
 YESTERDAY
  MAXIMUM         32   1144 AM  32      0       43
  MINIMUM         20   1159 PM  14      6       33
  AVERAGE         26            23      3       38

PRECIPITATION (IN)
  YESTERDAY        0.01          0.08  -0.07     0.11
  MONTH TO DATE    2.03          2.71  -0.68     3.75
  SINCE DEC 1      2.03          2.71  -0.68     3.75
  SINCE JAN 1     32.57         40.62  -8.05    28.96

DEGREE DAYS
 HEATING
  YESTERDAY       39            42     -3       27
  MONTH TO DATE 1086          1118    -32      719
  SINCE DEC 1   1086          1118    -32      719
  SINCE JUL 1   2456          2731   -275     2062

 COOLING
  YESTERDAY        0             0      0        0
  MONTH TO DATE    0             0      0        0
  SINCE DEC 1      0             0      0        0
  SINCE JAN 1    488           313    175      444
......................................................


WIND (MPH)
  HIGHEST WIND SPEED    21   HIGHEST WIND DIRECTION     W (260)
  HIGHEST GUST SPEED    33   HIGHEST GUST DIRECTION    SW (230)
  AVERAGE WIND SPEED     9.5


SKY COVER
  AVERAGE SKY COVER 0.8



RELATIVE HUMIDITY (PERCENT)
 HIGHEST    85           400 AM
 LOWEST     57           600 PM
 AVERAGE    71

..........................................................


THE BENNINGTON VT CLIMATE NORMALS FOR TODAY
                         NORMAL
 MAXIMUM TEMPERATURE (F)   32
 MINIMUM TEMPERATURE (F)   13


SUNRISE AND SUNSET
DECEMBER 31 2016......SUNRISE   724 AM EST   SUNSET   429 PM EST
JANUARY  1 2017.......SUNRISE   724 AM EST   SUNSET   430 PM EST


-  INDICATES NEGATIVE NUMBERS.
R  INDICATES RECORD WAS SET OR TIED.
MM INDICATES DATA IS MISSING.
T  INDICATES TRACE AMOUNT.




$$
