000
CDUS41 KALY 020629
CLIDDH


CLIMATE REPORT
NATIONAL WEATHER SERVICE ALBANY NY
228 AM EDT WED JUL 2 2014


...................................

...THE BENNINGTON VT CLIMATE SUMMARY FOR JULY 1 2014...

CLIMATE NORMAL PERIOD 1981 TO 2010
CLIMATE RECORD PERIOD 9999 TO 9999


WEATHER ITEM   OBSERVED TIME   NORMAL DEPARTURE LAST
                VALUE   (LST)  VALUE  FROM      YEAR
                                      NORMAL
......................................................
TEMPERATURE (F)
 YESTERDAY
  MAXIMUM         89    144 PM  79     10       82
  MINIMUM         64    459 AM  56      8       62
  AVERAGE         77            67     10       72

PRECIPITATION (IN)
  YESTERDAY        0.00          0.13  -0.13     0.60
  MONTH TO DATE    0.00          0.13  -0.13     0.60
  SINCE JUN 1      3.33          4.26  -0.93     7.89
  SINCE JAN 1     16.16         19.33  -3.17    22.36

DEGREE DAYS
 HEATING
  YESTERDAY        0             1     -1        0
  MONTH TO DATE    0             1     -1        0
  SINCE JUN 1     47            98    -51      100
  SINCE JUL 1      0             1     -1        0

 COOLING
  YESTERDAY       12             3      9        7
  MONTH TO DATE   12             3      9        7
  SINCE JUN 1     74            61     13      105
  SINCE JAN 1     90            75     15      137
......................................................


WIND (MPH)
  HIGHEST WIND SPEED    20   HIGHEST WIND DIRECTION     S (180)
  HIGHEST GUST SPEED    29   HIGHEST GUST DIRECTION     S (170)
  AVERAGE WIND SPEED     5.9


SKY COVER
  AVERAGE SKY COVER 0.1



RELATIVE HUMIDITY (PERCENT)
 HIGHEST    93           100 AM
 LOWEST     53           100 PM
 AVERAGE    73

..........................................................


THE BENNINGTON VT CLIMATE NORMALS FOR TODAY
                         NORMAL
 MAXIMUM TEMPERATURE (F)   79
 MINIMUM TEMPERATURE (F)   56


SUNRISE AND SUNSET
JULY  2 2014..........SUNRISE   519 AM EDT   SUNSET   835 PM EDT
JULY  3 2014..........SUNRISE   519 AM EDT   SUNSET   835 PM EDT


-  INDICATES NEGATIVE NUMBERS.
R  INDICATES RECORD WAS SET OR TIED.
MM INDICATES DATA IS MISSING.
T  INDICATES TRACE AMOUNT.




$$
