000
CDUS41 KALY 302149
CLIDDH


CLIMATE REPORT
NATIONAL WEATHER SERVICE ALBANY NY
447 PM EST SAT JAN 30 2016


...................................

...THE BENNINGTON VT CLIMATE SUMMARY FOR JANUARY 30 2016...
VALID TODAY AS OF 0400 PM LOCAL TIME.

CLIMATE NORMAL PERIOD 1981 TO 2010
CLIMATE RECORD PERIOD 9999 TO 9999


WEATHER ITEM   OBSERVED TIME   NORMAL DEPARTURE LAST
                VALUE   (LST)  VALUE  FROM      YEAR
                                      NORMAL
......................................................
TEMPERATURE (F)
 TODAY
  MAXIMUM         37    442 PM  32      5       31
  MINIMUM         21    537 AM  12      9        8
  AVERAGE         29            22      7       20

PRECIPITATION (IN)
  TODAY            0.00          0.07  -0.07     0.18
  MONTH TO DATE    1.11          2.67  -1.56     2.40
  SINCE DEC 1      4.86          5.46  -0.60     6.31
  SINCE JAN 1      1.11          2.67  -1.56     2.40

DEGREE DAYS
 HEATING
  TODAY           36            43     -7       45
  MONTH TO DATE 1195          1313   -118     1398
  SINCE DEC 1   1940          2472   -532     2422
  SINCE JUL 1   3283          4085   -802     3915

 COOLING
  TODAY            0             0      0        0
  MONTH TO DATE    0             0      0        0
  SINCE DEC 1      0             0      0        0
  SINCE JAN 1      0             0      0        0
......................................................


WIND (MPH)
  HIGHEST WIND SPEED    13   HIGHEST WIND DIRECTION     S (180)
  HIGHEST GUST SPEED    20   HIGHEST GUST DIRECTION     S (200)
  AVERAGE WIND SPEED     3.7


SKY COVER
  AVERAGE SKY COVER 0.8



RELATIVE HUMIDITY (PERCENT)
 HIGHEST    84
 LOWEST     44
 AVERAGE    64

..........................................................


THE BENNINGTON VT CLIMATE NORMALS FOR TOMORROW
                         NORMAL
 MAXIMUM TEMPERATURE (F)   32
 MINIMUM TEMPERATURE (F)   13


SUNRISE AND SUNSET
JANUARY 30 2016.......SUNRISE   710 AM EST   SUNSET   503 PM EST
JANUARY 31 2016.......SUNRISE   709 AM EST   SUNSET   504 PM EST


-  INDICATES NEGATIVE NUMBERS.
R  INDICATES RECORD WAS SET OR TIED.
MM INDICATES DATA IS MISSING.
T  INDICATES TRACE AMOUNT.




$$
