000
CDUS41 KALY 100630
CLIDDH


CLIMATE REPORT
NATIONAL WEATHER SERVICE ALBANY NY
230 AM EDT SUN JUL 10 2016


...................................

...THE BENNINGTON VT CLIMATE SUMMARY FOR JULY 9 2016...

CLIMATE NORMAL PERIOD 1981 TO 2010
CLIMATE RECORD PERIOD 9999 TO 9999


WEATHER ITEM   OBSERVED TIME   NORMAL DEPARTURE LAST
                VALUE   (LST)  VALUE  FROM      YEAR
                                      NORMAL
......................................................
TEMPERATURE (F)
 YESTERDAY
  MAXIMUM         67    802 PM  79    -12       77
  MINIMUM         60    545 AM  57      3       57
  AVERAGE         64            68     -4       67

PRECIPITATION (IN)
  YESTERDAY        0.06          0.15  -0.09    MM
  MONTH TO DATE    0.45          1.20  -0.75     0.90
  SINCE JUN 1      2.19          5.33  -3.14     3.85
  SINCE JAN 1     15.24         20.40  -5.16    11.41

DEGREE DAYS
 HEATING
  YESTERDAY        1             1      0        0
  MONTH TO DATE    2             9     -7       14
  SINCE JUN 1     71           106    -35      109
  SINCE JUL 1      2             9     -7       14

 COOLING
  YESTERDAY        0             4     -4        2
  MONTH TO DATE   41            35      6       19
  SINCE JUN 1     99            93      6       66
  SINCE JAN 1    141           107     34      130
......................................................


WIND (MPH)
  HIGHEST WIND SPEED    15   HIGHEST WIND DIRECTION    SE (140)
  HIGHEST GUST SPEED    20   HIGHEST GUST DIRECTION    SE (130)
  AVERAGE WIND SPEED     6.1


SKY COVER
  AVERAGE SKY COVER 1.0



RELATIVE HUMIDITY (PERCENT)
 HIGHEST    93           300 PM
 LOWEST     73          1000 AM
 AVERAGE    83

..........................................................


THE BENNINGTON VT CLIMATE NORMALS FOR TODAY
                         NORMAL
 MAXIMUM TEMPERATURE (F)   80
 MINIMUM TEMPERATURE (F)   57


SUNRISE AND SUNSET
JULY 10 2016..........SUNRISE   524 AM EDT   SUNSET   832 PM EDT
JULY 11 2016..........SUNRISE   525 AM EDT   SUNSET   832 PM EDT


-  INDICATES NEGATIVE NUMBERS.
R  INDICATES RECORD WAS SET OR TIED.
MM INDICATES DATA IS MISSING.
T  INDICATES TRACE AMOUNT.




$$
