000
CDUS41 KALY 160630
CLIDDH


CLIMATE REPORT
NATIONAL WEATHER SERVICE ALBANY NY
127 AM EST WED NOV 16 2016


...................................

...THE BENNINGTON VT CLIMATE SUMMARY FOR NOVEMBER 15 2016...

CLIMATE NORMAL PERIOD 1981 TO 2010
CLIMATE RECORD PERIOD 9999 TO 9999


WEATHER ITEM   OBSERVED TIME   NORMAL DEPARTURE LAST
                VALUE   (LST)  VALUE  FROM      YEAR
                                      NORMAL
......................................................
TEMPERATURE (F)
 YESTERDAY
  MAXIMUM         49   1028 AM  48      1       53
  MINIMUM         30    654 AM  30      0       26
  AVERAGE         40            39      1       40

PRECIPITATION (IN)
  YESTERDAY        0.28          0.09   0.19     0.00
  MONTH TO DATE    0.86          1.55  -0.69     0.72
  SINCE SEP 1      7.46          8.81  -1.35    10.44
  SINCE JAN 1     28.77         36.35  -7.58    24.67

DEGREE DAYS
 HEATING
  YESTERDAY       25            26     -1       25
  MONTH TO DATE  349           362    -13      252
  SINCE SEP 1    926          1111   -185      903
  SINCE JUL 1    948          1183   -235      942

 COOLING
  YESTERDAY        0             0      0        0
  MONTH TO DATE    0             0      0        0
  SINCE SEP 1     49            25     24       76
  SINCE JAN 1    488           313    175      444
......................................................


WIND (MPH)
  HIGHEST WIND SPEED    14   HIGHEST WIND DIRECTION     N (20)
  HIGHEST GUST SPEED    21   HIGHEST GUST DIRECTION     N (20)
  AVERAGE WIND SPEED     2.3


SKY COVER
  AVERAGE SKY COVER 0.7



RELATIVE HUMIDITY (PERCENT)
 HIGHEST    92           800 PM
 LOWEST     46          1000 AM
 AVERAGE    69

..........................................................


THE BENNINGTON VT CLIMATE NORMALS FOR TODAY
                         NORMAL
 MAXIMUM TEMPERATURE (F)   47
 MINIMUM TEMPERATURE (F)   30


SUNRISE AND SUNSET
NOVEMBER 16 2016......SUNRISE   647 AM EST   SUNSET   428 PM EST
NOVEMBER 17 2016......SUNRISE   648 AM EST   SUNSET   428 PM EST


-  INDICATES NEGATIVE NUMBERS.
R  INDICATES RECORD WAS SET OR TIED.
MM INDICATES DATA IS MISSING.
T  INDICATES TRACE AMOUNT.




$$
