000
CDUS41 KALY 230622
CLIDDH


CLIMATE REPORT
NATIONAL WEATHER SERVICE ALBANY NY
221 AM EDT TUE SEP 23 2014


...................................

...THE BENNINGTON VT CLIMATE SUMMARY FOR SEPTEMBER 22 2014...

CLIMATE NORMAL PERIOD 1981 TO 2010
CLIMATE RECORD PERIOD 9999 TO 9999


WEATHER ITEM   OBSERVED TIME   NORMAL DEPARTURE LAST
                VALUE   (LST)  VALUE  FROM      YEAR
                                      NORMAL
......................................................
TEMPERATURE (F)
 YESTERDAY
  MAXIMUM         62    305 AM  68     -6       63
  MINIMUM         47   1159 PM  45      2       46
  AVERAGE         55            57     -2       55

PRECIPITATION (IN)
  YESTERDAY        0.01          0.13  -0.12     0.30
  MONTH TO DATE    1.02          2.49  -1.47     4.03
  SINCE SEP 1      1.02          2.49  -1.47     4.03
  SINCE JAN 1     26.98         30.03  -3.05    35.75

DEGREE DAYS
 HEATING
  YESTERDAY       10             9      1       10
  MONTH TO DATE  147           121     26      155
  SINCE SEP 1    147           121     26      155
  SINCE JUL 1    200           193      7      218

 COOLING
  YESTERDAY        0             0      0        0
  MONTH TO DATE   44            22     22       44
  SINCE SEP 1     44            22     22       44
  SINCE JAN 1    297           310    -13      503
......................................................


WIND (MPH)
  HIGHEST WIND SPEED    21   HIGHEST WIND DIRECTION     W (270)
  HIGHEST GUST SPEED    31   HIGHEST GUST DIRECTION     W (290)
  AVERAGE WIND SPEED     8.9


SKY COVER
  AVERAGE SKY COVER 0.9



RELATIVE HUMIDITY (PERCENT)
 HIGHEST    93           100 AM
 LOWEST     51           100 PM
 AVERAGE    72

..........................................................


THE BENNINGTON VT CLIMATE NORMALS FOR TODAY
                         NORMAL
 MAXIMUM TEMPERATURE (F)   68
 MINIMUM TEMPERATURE (F)   45


SUNRISE AND SUNSET
SEPTEMBER 23 2014.....SUNRISE   641 AM EDT   SUNSET   649 PM EDT
SEPTEMBER 24 2014.....SUNRISE   642 AM EDT   SUNSET   647 PM EDT


-  INDICATES NEGATIVE NUMBERS.
R  INDICATES RECORD WAS SET OR TIED.
MM INDICATES DATA IS MISSING.
T  INDICATES TRACE AMOUNT.




$$
