000
CDUS41 KALY 200624
CLIDDH


CLIMATE REPORT
NATIONAL WEATHER SERVICE ALBANY NY
224 AM EDT WED MAY 20 2015


...................................

...THE BENNINGTON VT CLIMATE SUMMARY FOR MAY 19 2015...

CLIMATE NORMAL PERIOD 1981 TO 2010
CLIMATE RECORD PERIOD 9999 TO 9999


WEATHER ITEM   OBSERVED TIME   NORMAL DEPARTURE LAST
                VALUE   (LST)  VALUE  FROM      YEAR
                                      NORMAL
......................................................
TEMPERATURE (F)
 YESTERDAY
  MAXIMUM         77    422 PM  68      9       68
  MINIMUM         52   1159 PM  44      8       34
  AVERAGE         65            56      9       51

PRECIPITATION (IN)
  YESTERDAY        0.20          0.12   0.08     0.00
  MONTH TO DATE    0.27          2.02  -1.75     1.52
  SINCE MAR 1      3.45          8.44  -4.99     6.13
  SINCE JAN 1      6.86         13.43  -6.57    11.99

DEGREE DAYS
 HEATING
  YESTERDAY        0             9     -9       14
  MONTH TO DATE   88           223   -135      177
  SINCE MAR 1   1868          1795     73     1922
  SINCE JUL 1   7370          7046    324     7170

 COOLING
  YESTERDAY        0             0      0        0
  MONTH TO DATE   33             0     33        9
  SINCE MAR 1     33             3     30       13
  SINCE JAN 1     33             3     30       13
......................................................


WIND (MPH)
  HIGHEST WIND SPEED    20   HIGHEST WIND DIRECTION     W (280)
  HIGHEST GUST SPEED    27   HIGHEST GUST DIRECTION    NW (310)
  AVERAGE WIND SPEED     4.4


SKY COVER
  AVERAGE SKY COVER 0.8



RELATIVE HUMIDITY (PERCENT)
 HIGHEST    93           500 AM
 LOWEST     51           900 PM
 AVERAGE    72

..........................................................


THE BENNINGTON VT CLIMATE NORMALS FOR TODAY
                         NORMAL
 MAXIMUM TEMPERATURE (F)   68
 MINIMUM TEMPERATURE (F)   44


SUNRISE AND SUNSET
MAY 20 2015...........SUNRISE   526 AM EDT   SUNSET   814 PM EDT
MAY 21 2015...........SUNRISE   525 AM EDT   SUNSET   815 PM EDT


-  INDICATES NEGATIVE NUMBERS.
R  INDICATES RECORD WAS SET OR TIED.
MM INDICATES DATA IS MISSING.
T  INDICATES TRACE AMOUNT.




$$
