000
CDUS41 KALY 102052
CLIDDH


CLIMATE REPORT
NATIONAL WEATHER SERVICE ALBANY NY
452 PM EDT SAT SEP 10 2016


...................................

...THE BENNINGTON VT CLIMATE SUMMARY FOR SEPTEMBER 10 2016...
VALID TODAY AS OF 0400 PM LOCAL TIME.

CLIMATE NORMAL PERIOD 1981 TO 2010
CLIMATE RECORD PERIOD 9999 TO 9999


WEATHER ITEM   OBSERVED TIME   NORMAL DEPARTURE LAST
                VALUE   (LST)  VALUE  FROM      YEAR
                                      NORMAL
......................................................
TEMPERATURE (F)
 TODAY
  MAXIMUM         82        MM  73      9       71
  MINIMUM         63        MM  50     13       62
  AVERAGE         73            61     12       67

PRECIPITATION (IN)
  TODAY            0.00          0.11  -0.11     1.12
  MONTH TO DATE    0.43          1.05  -0.62     2.21
  SINCE SEP 1      0.43          1.05  -0.62     2.21
  SINCE JAN 1     21.74         28.59  -6.85    16.44

DEGREE DAYS
 HEATING
  TODAY            0             5     -5        0
  MONTH TO DATE    9            39    -30        0
  SINCE SEP 1      9            39    -30        0
  SINCE JUL 1     31           111    -80       39

 COOLING
  TODAY            8             1      7        2
  MONTH TO DATE   33            14     19       64
  SINCE SEP 1     33            14     19       64
  SINCE JAN 1    472           302    170      432
......................................................


WIND (MPH)
  HIGHEST WIND SPEED    12   HIGHEST WIND DIRECTION     S (180)
  HIGHEST GUST SPEED    23   HIGHEST GUST DIRECTION     S (180)
  AVERAGE WIND SPEED     2.7


SKY COVER
  AVERAGE SKY COVER 0.7



RELATIVE HUMIDITY (PERCENT)
 HIGHEST    93
 LOWEST     62
 AVERAGE    78

..........................................................


THE BENNINGTON VT CLIMATE NORMALS FOR TOMORROW
                         NORMAL
 MAXIMUM TEMPERATURE (F)   72
 MINIMUM TEMPERATURE (F)   49


SUNRISE AND SUNSET
SEPTEMBER 10 2016.....SUNRISE   628 AM EDT   SUNSET   711 PM EDT
SEPTEMBER 11 2016.....SUNRISE   629 AM EDT   SUNSET   709 PM EDT


-  INDICATES NEGATIVE NUMBERS.
R  INDICATES RECORD WAS SET OR TIED.
MM INDICATES DATA IS MISSING.
T  INDICATES TRACE AMOUNT.




$$
