000
CDUS41 KALY 220622
CLIDDH


CLIMATE REPORT
NATIONAL WEATHER SERVICE ALBANY NY
222 AM EDT WED MAR 22 2017


...................................

...THE BENNINGTON VT CLIMATE SUMMARY FOR MARCH 21 2017...

CLIMATE NORMAL PERIOD 1981 TO 2010
CLIMATE RECORD PERIOD 9999 TO 9999


WEATHER ITEM   OBSERVED TIME   NORMAL DEPARTURE LAST
                VALUE   (LST)  VALUE  FROM      YEAR
                                      NORMAL
......................................................
TEMPERATURE (F)
 YESTERDAY
  MAXIMUM         47    408 PM  46      1       46
  MINIMUM         27    319 AM  24      3       29
  AVERAGE         37            35      2       38

PRECIPITATION (IN)
  YESTERDAY        T             0.12  -0.12      T
  MONTH TO DATE    0.85          2.07  -1.22     1.67
  SINCE MAR 1      0.85          2.07  -1.22     1.67
  SINCE JAN 1      4.48          7.06  -2.58     6.71

DEGREE DAYS
 HEATING
  YESTERDAY       28            30     -2       27
  MONTH TO DATE  796           706     90      554
  SINCE MAR 1    796           706     90      554
  SINCE JUL 1   5331          5957   -626     4887

 COOLING
  YESTERDAY        0             0      0        0
  MONTH TO DATE    0             0      0        0
  SINCE MAR 1      0             0      0        0
  SINCE JAN 1      0             0      0        0
......................................................


WIND (MPH)
  HIGHEST WIND SPEED    18   HIGHEST WIND DIRECTION     W (290)
  HIGHEST GUST SPEED    28   HIGHEST GUST DIRECTION     W (280)
  AVERAGE WIND SPEED     4.4


SKY COVER
  AVERAGE SKY COVER 0.5



RELATIVE HUMIDITY (PERCENT)
 HIGHEST    85           400 AM
 LOWEST     45           500 PM
 AVERAGE    65

..........................................................


THE BENNINGTON VT CLIMATE NORMALS FOR TODAY
                         NORMAL
 MAXIMUM TEMPERATURE (F)   46
 MINIMUM TEMPERATURE (F)   25


SUNRISE AND SUNSET
MARCH 22 2017.........SUNRISE   652 AM EDT   SUNSET   708 PM EDT
MARCH 23 2017.........SUNRISE   651 AM EDT   SUNSET   709 PM EDT


-  INDICATES NEGATIVE NUMBERS.
R  INDICATES RECORD WAS SET OR TIED.
MM INDICATES DATA IS MISSING.
T  INDICATES TRACE AMOUNT.




$$
