000
CDUS41 KALY 240630
CLIDDH


CLIMATE REPORT
NATIONAL WEATHER SERVICE ALBANY NY
126 AM EST FRI NOV 24 2017


...................................

...THE BENNINGTON VT CLIMATE SUMMARY FOR NOVEMBER 23 2017...

CLIMATE NORMAL PERIOD 1981 TO 2010
CLIMATE RECORD PERIOD 9999 TO 9999


WEATHER ITEM   OBSERVED TIME   NORMAL DEPARTURE LAST
                VALUE   (LST)  VALUE  FROM      YEAR
                                      NORMAL
......................................................
TEMPERATURE (F)
 YESTERDAY
  MAXIMUM         33    329 PM  45    -12       33
  MINIMUM         22    755 AM  28     -6       19
  AVERAGE         28            36     -8       26

PRECIPITATION (IN)
  YESTERDAY       MM             0.10  MM        0.00
  MONTH TO DATE    1.31          2.36  -1.05     1.75
  SINCE SEP 1      7.07          9.62  -2.55     8.35
  SINCE JAN 1     39.42         37.16   2.26    29.66

DEGREE DAYS
 HEATING
  YESTERDAY       37            29      8       39
  MONTH TO DATE  602           582     20      575
  SINCE SEP 1   1036          1331   -295     1152
  SINCE JUL 1   1103          1403   -300     1174

 COOLING
  YESTERDAY        0             0      0        0
  MONTH TO DATE    0             0      0        0
  SINCE SEP 1     88            25     63       49
  SINCE JAN 1    395           313     82      488
......................................................


WIND (MPH)
  HIGHEST WIND SPEED    10   HIGHEST WIND DIRECTION    NW (310)
  HIGHEST GUST SPEED    14   HIGHEST GUST DIRECTION    NW (310)
  AVERAGE WIND SPEED     2.8


SKY COVER
  AVERAGE SKY COVER 0.4



RELATIVE HUMIDITY (PERCENT)
 HIGHEST    81           800 PM
 LOWEST     54           200 PM
 AVERAGE    68

..........................................................


THE BENNINGTON VT CLIMATE NORMALS FOR TODAY
                         NORMAL
 MAXIMUM TEMPERATURE (F)   44
 MINIMUM TEMPERATURE (F)   28


SUNRISE AND SUNSET
NOVEMBER 24 2017......SUNRISE   656 AM EST   SUNSET   423 PM EST
NOVEMBER 25 2017......SUNRISE   658 AM EST   SUNSET   422 PM EST


-  INDICATES NEGATIVE NUMBERS.
R  INDICATES RECORD WAS SET OR TIED.
MM INDICATES DATA IS MISSING.
T  INDICATES TRACE AMOUNT.




$$
