000
CDUS41 KALY 062046
CLIDDH


CLIMATE REPORT
NATIONAL WEATHER SERVICE ALBANY NY
445 PM EDT WED JUL 6 2016


...................................

...THE BENNINGTON VT CLIMATE SUMMARY FOR JULY 6 2016...
VALID TODAY AS OF 0400 PM LOCAL TIME.

CLIMATE NORMAL PERIOD 1981 TO 2010
CLIMATE RECORD PERIOD 9999 TO 9999


WEATHER ITEM   OBSERVED TIME   NORMAL DEPARTURE LAST
                VALUE   (LST)  VALUE  FROM      YEAR
                                      NORMAL
......................................................
TEMPERATURE (F)
 TODAY
  MAXIMUM         87    340 PM  79      8       83
  MINIMUM         57    508 AM  57      0       51
  AVERAGE         72            68      4       67

PRECIPITATION (IN)
  TODAY            0.00          0.13  -0.13     0.00
  MONTH TO DATE    0.31          0.78  -0.47     0.85
  SINCE JUN 1      2.05          4.91  -2.86     3.80
  SINCE JAN 1     15.10         19.98  -4.88    11.36

DEGREE DAYS
 HEATING
  TODAY            0             1     -1        0
  MONTH TO DATE    1             6     -5       14
  SINCE JUN 1     70           103    -33      109
  SINCE JUL 1      1             6     -5       14

 COOLING
  TODAY            7             4      3        2
  MONTH TO DATE   19            23     -4        6
  SINCE JUN 1     77            81     -4       53
  SINCE JAN 1    119            95     24      117
......................................................


WIND (MPH)
  HIGHEST WIND SPEED    15   HIGHEST WIND DIRECTION    SW (240)
  HIGHEST GUST SPEED    20   HIGHEST GUST DIRECTION    NW (310)
  AVERAGE WIND SPEED     3.3


SKY COVER
  AVERAGE SKY COVER 0.0



RELATIVE HUMIDITY (PERCENT)
 HIGHEST    93
 LOWEST     39
 AVERAGE    66

..........................................................


THE BENNINGTON VT CLIMATE NORMALS FOR TOMORROW
                         NORMAL
 MAXIMUM TEMPERATURE (F)   79
 MINIMUM TEMPERATURE (F)   57


SUNRISE AND SUNSET
JULY  6 2016..........SUNRISE   521 AM EDT   SUNSET   834 PM EDT
JULY  7 2016..........SUNRISE   522 AM EDT   SUNSET   834 PM EDT


-  INDICATES NEGATIVE NUMBERS.
R  INDICATES RECORD WAS SET OR TIED.
MM INDICATES DATA IS MISSING.
T  INDICATES TRACE AMOUNT.




$$
