000
CDUS41 KALY 040623
CLIDDH


CLIMATE REPORT
NATIONAL WEATHER SERVICE ALBANY NY
222 AM EDT SAT NOV 4 2017


...................................

...THE BENNINGTON VT CLIMATE SUMMARY FOR NOVEMBER 3 2017...

CLIMATE NORMAL PERIOD 1981 TO 2010
CLIMATE RECORD PERIOD 9999 TO 9999


WEATHER ITEM   OBSERVED TIME   NORMAL DEPARTURE LAST
                VALUE   (LST)  VALUE  FROM      YEAR
                                      NORMAL
......................................................
TEMPERATURE (F)
 YESTERDAY
  MAXIMUM         67    844 AM  52     15       55
  MINIMUM         43   1159 PM  32     11       49
  AVERAGE         55            42     13       52

PRECIPITATION (IN)
  YESTERDAY        0.06          0.11  -0.05     0.47
  MONTH TO DATE    0.15          0.34  -0.19     0.47
  SINCE SEP 1      5.91          7.60  -1.69     7.07
  SINCE JAN 1     38.26         35.14   3.12    28.38

DEGREE DAYS
 HEATING
  YESTERDAY       10            23    -13       13
  MONTH TO DATE   38            68    -30       52
  SINCE SEP 1    472           817   -345      629
  SINCE JUL 1    539           889   -350      651

 COOLING
  YESTERDAY        0             0      0        0
  MONTH TO DATE    0             0      0        0
  SINCE SEP 1     88            25     63       49
  SINCE JAN 1    395           313     82      488
......................................................


WIND (MPH)
  HIGHEST WIND SPEED    21   HIGHEST WIND DIRECTION     S (200)
  HIGHEST GUST SPEED    31   HIGHEST GUST DIRECTION     S (170)
  AVERAGE WIND SPEED     9.2


SKY COVER
  AVERAGE SKY COVER 0.6



RELATIVE HUMIDITY (PERCENT)
 HIGHEST    86           300 PM
 LOWEST     56           700 PM
 AVERAGE    71

..........................................................


THE BENNINGTON VT CLIMATE NORMALS FOR TODAY
                         NORMAL
 MAXIMUM TEMPERATURE (F)   52
 MINIMUM TEMPERATURE (F)   32


SUNRISE AND SUNSET
NOVEMBER  4 2017......SUNRISE   731 AM EDT   SUNSET   541 PM EDT
NOVEMBER  5 2017......SUNRISE   633 AM EST   SUNSET   440 PM EST


-  INDICATES NEGATIVE NUMBERS.
R  INDICATES RECORD WAS SET OR TIED.
MM INDICATES DATA IS MISSING.
T  INDICATES TRACE AMOUNT.




$$
