000
CDUS41 KALY 220624
CLIDDH


CLIMATE REPORT
NATIONAL WEATHER SERVICE ALBANY NY
224 AM EDT SAT AUG 22 2015


...................................

...THE BENNINGTON VT CLIMATE SUMMARY FOR AUGUST 21 2015...

CLIMATE NORMAL PERIOD 1981 TO 2010
CLIMATE RECORD PERIOD 9999 TO 9999


WEATHER ITEM   OBSERVED TIME   NORMAL DEPARTURE LAST
                VALUE   (LST)  VALUE  FROM      YEAR
                                      NORMAL
......................................................
TEMPERATURE (F)
 YESTERDAY
  MAXIMUM         79    350 PM  77      2       73
  MINIMUM         56   1159 PM  55      1       63
  AVERAGE         68            66      2       68

PRECIPITATION (IN)
  YESTERDAY        0.21          0.12   0.09     0.86
  MONTH TO DATE    1.39          2.84  -1.45     1.82
  SINCE JUN 1      6.33         11.31  -4.98    13.10
  SINCE JAN 1     13.89         26.38 -12.49    25.93

DEGREE DAYS
 HEATING
  YESTERDAY        0             2     -2        0
  MONTH TO DATE    4            22    -18       36
  SINCE JUN 1    126           143    -17       94
  SINCE JUL 1     31            46    -15       47

 COOLING
  YESTERDAY        3             3      0        3
  MONTH TO DATE   96            75     21       33
  SINCE JUN 1    280           256     24      219
  SINCE JAN 1    344           270     74      235
......................................................


WIND (MPH)
  HIGHEST WIND SPEED    15   HIGHEST WIND DIRECTION     W (260)
  HIGHEST GUST SPEED    23   HIGHEST GUST DIRECTION    SW (240)
  AVERAGE WIND SPEED     2.3


SKY COVER
  AVERAGE SKY COVER 0.6



RELATIVE HUMIDITY (PERCENT)
 HIGHEST    93           400 AM
 LOWEST     48           300 PM
 AVERAGE    71

..........................................................


THE BENNINGTON VT CLIMATE NORMALS FOR TODAY
                         NORMAL
 MAXIMUM TEMPERATURE (F)   77
 MINIMUM TEMPERATURE (F)   55


SUNRISE AND SUNSET
AUGUST 22 2015........SUNRISE   606 AM EDT   SUNSET   745 PM EDT
AUGUST 23 2015........SUNRISE   607 AM EDT   SUNSET   743 PM EDT


-  INDICATES NEGATIVE NUMBERS.
R  INDICATES RECORD WAS SET OR TIED.
MM INDICATES DATA IS MISSING.
T  INDICATES TRACE AMOUNT.




$$
