000
CDUS41 KALY 120635
CLIDDH


CLIMATE REPORT
NATIONAL WEATHER SERVICE ALBANY NY
134 AM EST SUN FEB 12 2017


...................................

...THE BENNINGTON VT CLIMATE SUMMARY FOR FEBRUARY 11 2017...

CLIMATE NORMAL PERIOD 1981 TO 2010
CLIMATE RECORD PERIOD 9999 TO 9999


WEATHER ITEM   OBSERVED TIME   NORMAL DEPARTURE LAST
                VALUE   (LST)  VALUE  FROM      YEAR
                                      NORMAL
......................................................
TEMPERATURE (F)
 YESTERDAY
  MAXIMUM         34    330 PM  34      0       25
  MINIMUM         17   1149 PM  15      2        3
  AVERAGE         26            24      2       14

PRECIPITATION (IN)
  YESTERDAY        0.06          0.09  -0.03      T
  MONTH TO DATE    1.21          0.76   0.45     0.88
  SINCE DEC 1      5.01          6.30  -1.29     5.74
  SINCE JAN 1      2.92          3.51  -0.59     1.99

DEGREE DAYS
 HEATING
  YESTERDAY       39            41     -2       51
  MONTH TO DATE  448           460    -12      354
  SINCE DEC 1   2672          2978   -306     2316
  SINCE JUL 1   4042          4591   -549     3659

 COOLING
  YESTERDAY        0             0      0        0
  MONTH TO DATE    0             0      0        0
  SINCE DEC 1      0             0      0        0
  SINCE JAN 1      0             0      0        0
......................................................


WIND (MPH)
  HIGHEST WIND SPEED    10   HIGHEST WIND DIRECTION     E (110)
  HIGHEST GUST SPEED    14   HIGHEST GUST DIRECTION     E (110)
  AVERAGE WIND SPEED     2.6


SKY COVER
  AVERAGE SKY COVER 0.9



RELATIVE HUMIDITY (PERCENT)
 HIGHEST    81           400 AM
 LOWEST     56           100 PM
 AVERAGE    69

..........................................................


THE BENNINGTON VT CLIMATE NORMALS FOR TODAY
                         NORMAL
 MAXIMUM TEMPERATURE (F)   34
 MINIMUM TEMPERATURE (F)   15


SUNRISE AND SUNSET
FEBRUARY 12 2017......SUNRISE   654 AM EST   SUNSET   521 PM EST
FEBRUARY 13 2017......SUNRISE   653 AM EST   SUNSET   522 PM EST


-  INDICATES NEGATIVE NUMBERS.
R  INDICATES RECORD WAS SET OR TIED.
MM INDICATES DATA IS MISSING.
T  INDICATES TRACE AMOUNT.




$$
