000
CDUS41 KALY 170624
CLIDDH


CLIMATE REPORT
NATIONAL WEATHER SERVICE ALBANY NY
123 AM EST TUE FEB 17 2015


...................................

...THE BENNINGTON VT CLIMATE SUMMARY FOR FEBRUARY 16 2015...

CLIMATE NORMAL PERIOD 1981 TO 2010
CLIMATE RECORD PERIOD 9999 TO 9999


WEATHER ITEM   OBSERVED TIME   NORMAL DEPARTURE LAST
                VALUE   (LST)  VALUE  FROM      YEAR
                                      NORMAL
......................................................
TEMPERATURE (F)
 YESTERDAY
  MAXIMUM          8    357 PM  35    -27       24
  MINIMUM        -13    650 AM  16    -29        7
  AVERAGE         -2            25    -27       16

PRECIPITATION (IN)
  YESTERDAY        0.00          0.08  -0.08      T
  MONTH TO DATE    0.78          1.16  -0.38     1.60
  SINCE DEC 1      7.09          6.70   0.39     7.40
  SINCE JAN 1      3.18          3.91  -0.73     4.52

DEGREE DAYS
 HEATING
  YESTERDAY       67            40     27       49
  MONTH TO DATE  860           661    199      675
  SINCE DEC 1   3347          3179    168     3214
  SINCE JUL 1   4840          4792     48     4745

 COOLING
  YESTERDAY        0             0      0        0
  MONTH TO DATE    0             0      0        0
  SINCE DEC 1      0             0      0        0
  SINCE JAN 1      0             0      0        0
......................................................


WIND (MPH)
  HIGHEST WIND SPEED    14   HIGHEST WIND DIRECTION     W (270)
  HIGHEST GUST SPEED    18   HIGHEST GUST DIRECTION    NW (310)
  AVERAGE WIND SPEED     4.7


SKY COVER
  AVERAGE SKY COVER 0.0



RELATIVE HUMIDITY (PERCENT)
 HIGHEST    68          1000 PM
 LOWEST     35           400 PM
 AVERAGE    52

..........................................................


THE BENNINGTON VT CLIMATE NORMALS FOR TODAY
                         NORMAL
 MAXIMUM TEMPERATURE (F)   35
 MINIMUM TEMPERATURE (F)   16


SUNRISE AND SUNSET
FEBRUARY 17 2015......SUNRISE   648 AM EST   SUNSET   527 PM EST
FEBRUARY 18 2015......SUNRISE   646 AM EST   SUNSET   528 PM EST


-  INDICATES NEGATIVE NUMBERS.
R  INDICATES RECORD WAS SET OR TIED.
MM INDICATES DATA IS MISSING.
T  INDICATES TRACE AMOUNT.




$$
