000
CDUS41 KALY 260624
CLIDDH


CLIMATE REPORT
NATIONAL WEATHER SERVICE ALBANY NY
223 AM EDT SUN JUL 26 2015


...................................

...THE BENNINGTON VT CLIMATE SUMMARY FOR JULY 25 2015...

CLIMATE NORMAL PERIOD 1981 TO 2010
CLIMATE RECORD PERIOD 9999 TO 9999


WEATHER ITEM   OBSERVED TIME   NORMAL DEPARTURE LAST
                VALUE   (LST)  VALUE  FROM      YEAR
                                      NORMAL
......................................................
TEMPERATURE (F)
 YESTERDAY
  MAXIMUM         81   1221 PM  80      1       77
  MINIMUM         51    504 AM  57     -6       48
  AVERAGE         66            68     -2       63

PRECIPITATION (IN)
  YESTERDAY        0.00          0.15  -0.15     0.00
  MONTH TO DATE    1.92          3.50  -1.58     5.25
  SINCE JUN 1      4.87          7.63  -2.76     8.58
  SINCE JAN 1     12.43         22.70 -10.27    21.41

DEGREE DAYS
 HEATING
  YESTERDAY        0             1     -1        2
  MONTH TO DATE   27            25      2        8
  SINCE JUN 1    122           122      0       55
  SINCE JUL 1     27            25      2        8

 COOLING
  YESTERDAY        1             4     -3        0
  MONTH TO DATE   84            99    -15      115
  SINCE JUN 1    131           157    -26      177
  SINCE JAN 1    195           171     24      193
......................................................


WIND (MPH)
  HIGHEST WIND SPEED     9   HIGHEST WIND DIRECTION    SW (240)
  HIGHEST GUST SPEED    10   HIGHEST GUST DIRECTION     W (250)
  AVERAGE WIND SPEED     1.1


SKY COVER
  AVERAGE SKY COVER 0.2



RELATIVE HUMIDITY (PERCENT)
 HIGHEST   100           400 AM
 LOWEST     48           500 PM
 AVERAGE    74

..........................................................


THE BENNINGTON VT CLIMATE NORMALS FOR TODAY
                         NORMAL
 MAXIMUM TEMPERATURE (F)   80
 MINIMUM TEMPERATURE (F)   57


SUNRISE AND SUNSET
JULY 26 2015..........SUNRISE   538 AM EDT   SUNSET   821 PM EDT
JULY 27 2015..........SUNRISE   539 AM EDT   SUNSET   820 PM EDT


-  INDICATES NEGATIVE NUMBERS.
R  INDICATES RECORD WAS SET OR TIED.
MM INDICATES DATA IS MISSING.
T  INDICATES TRACE AMOUNT.




$$
