000
CDUS41 KALY 010623
CLIDDH


CLIMATE REPORT
NATIONAL WEATHER SERVICE ALBANY NY
123 AM EST MON JAN 1 2018


...................................

...THE BENNINGTON VT CLIMATE SUMMARY FOR DECEMBER 31 2017...

CLIMATE NORMAL PERIOD 1981 TO 2010
CLIMATE RECORD PERIOD 9999 TO 9999


WEATHER ITEM   OBSERVED TIME   NORMAL DEPARTURE LAST
                VALUE   (LST)  VALUE  FROM      YEAR
                                      NORMAL
......................................................
TEMPERATURE (F)
 YESTERDAY
  MAXIMUM          9   1229 AM  32    -23       37
  MINIMUM         -5   1159 PM  13    -18       18
  AVERAGE          2            22    -20       28

PRECIPITATION (IN)
  YESTERDAY        T             0.08  -0.08     0.06
  MONTH TO DATE    2.14          2.79  -0.65     2.09
  SINCE DEC 1      2.14          2.79  -0.65     2.09
  SINCE JAN 1     41.70         40.70   1.00    32.63

DEGREE DAYS
 HEATING
  YESTERDAY       63            43     20       37
  MONTH TO DATE 1260          1161     99     1123
  SINCE DEC 1   1260          1159    101     1123
  SINCE JUL 1   2560          2772   -212     2493

 COOLING
  YESTERDAY        0             0      0        0
  MONTH TO DATE    0             0      0        0
  SINCE DEC 1      0             0      0        0
  SINCE JAN 1    395           313     82      488
......................................................


WIND (MPH)
  HIGHEST WIND SPEED    14   HIGHEST WIND DIRECTION     W (270)
  HIGHEST GUST SPEED    17   HIGHEST GUST DIRECTION     W (260)
  AVERAGE WIND SPEED     6.7


SKY COVER
  AVERAGE SKY COVER 0.4



RELATIVE HUMIDITY (PERCENT)
 HIGHEST    83           300 AM
 LOWEST     56           200 PM
 AVERAGE    70

..........................................................


THE BENNINGTON VT CLIMATE NORMALS FOR TODAY
                         NORMAL
 MAXIMUM TEMPERATURE (F)   31
 MINIMUM TEMPERATURE (F)   13


SUNRISE AND SUNSET
JANUARY  1 2018.......SUNRISE   724 AM EST   SUNSET   429 PM EST
JANUARY  2 2018.......SUNRISE   724 AM EST   SUNSET   430 PM EST


-  INDICATES NEGATIVE NUMBERS.
R  INDICATES RECORD WAS SET OR TIED.
MM INDICATES DATA IS MISSING.
T  INDICATES TRACE AMOUNT.




$$
