000
CDUS41 KALY 210623
CLIDDH


CLIMATE REPORT
NATIONAL WEATHER SERVICE ALBANY NY
123 AM EST SAT FEB 21 2015


...................................

...THE BENNINGTON VT CLIMATE SUMMARY FOR FEBRUARY 20 2015...

CLIMATE NORMAL PERIOD 1981 TO 2010
CLIMATE RECORD PERIOD 9999 TO 9999


WEATHER ITEM   OBSERVED TIME   NORMAL DEPARTURE LAST
                VALUE   (LST)  VALUE  FROM      YEAR
                                      NORMAL
......................................................
TEMPERATURE (F)
 YESTERDAY
  MAXIMUM         11    322 PM  36    -25       44
  MINIMUM         -8   1042 PM  16    -24       26
  AVERAGE          2            26    -24       35

PRECIPITATION (IN)
  YESTERDAY        T             0.09  -0.09     0.13
  MONTH TO DATE    0.83          1.49  -0.66     1.84
  SINCE DEC 1      7.14          7.03   0.11     7.64
  SINCE JAN 1      3.23          4.24  -1.01     4.76

DEGREE DAYS
 HEATING
  YESTERDAY       63            39     24       30
  MONTH TO DATE 1091           818    273      850
  SINCE DEC 1   3578          3336    242     3389
  SINCE JUL 1   5071          4949    122     4920

 COOLING
  YESTERDAY        0             0      0        0
  MONTH TO DATE    0             0      0        0
  SINCE DEC 1      0             0      0        0
  SINCE JAN 1      0             0      0        0
......................................................


WIND (MPH)
  HIGHEST WIND SPEED    17   HIGHEST WIND DIRECTION     W (290)
  HIGHEST GUST SPEED    25   HIGHEST GUST DIRECTION     W (270)
  AVERAGE WIND SPEED     8.3


SKY COVER
  AVERAGE SKY COVER 0.4



RELATIVE HUMIDITY (PERCENT)
 HIGHEST    82          1100 PM
 LOWEST     46           300 PM
 AVERAGE    64

..........................................................


THE BENNINGTON VT CLIMATE NORMALS FOR TODAY
                         NORMAL
 MAXIMUM TEMPERATURE (F)   36
 MINIMUM TEMPERATURE (F)   17


SUNRISE AND SUNSET
FEBRUARY 21 2015......SUNRISE   642 AM EST   SUNSET   532 PM EST
FEBRUARY 22 2015......SUNRISE   640 AM EST   SUNSET   533 PM EST


-  INDICATES NEGATIVE NUMBERS.
R  INDICATES RECORD WAS SET OR TIED.
MM INDICATES DATA IS MISSING.
T  INDICATES TRACE AMOUNT.




$$
