000
CDUS41 KALY 220630
CLIDDH


CLIMATE REPORT
NATIONAL WEATHER SERVICE ALBANY NY
228 AM EDT SUN MAY 22 2016


...................................

...THE BENNINGTON VT CLIMATE SUMMARY FOR MAY 21 2016...

CLIMATE NORMAL PERIOD 1981 TO 2010
CLIMATE RECORD PERIOD 9999 TO 9999


WEATHER ITEM   OBSERVED TIME   NORMAL DEPARTURE LAST
                VALUE   (LST)  VALUE  FROM      YEAR
                                      NORMAL
......................................................
TEMPERATURE (F)
 YESTERDAY
  MAXIMUM         69    309 PM  68      1       66
  MINIMUM         41    453 AM  45     -4       38
  AVERAGE         55            56     -1       52

PRECIPITATION (IN)
  YESTERDAY        0.00          0.12  -0.12      T
  MONTH TO DATE    2.27          2.26   0.01     0.27
  SINCE MAR 1      7.36          8.68  -1.32     3.45
  SINCE JAN 1     12.40         13.67  -1.27     6.86

DEGREE DAYS
 HEATING
  YESTERDAY       10             9      1       13
  MONTH TO DATE  281           241     40      118
  SINCE MAR 1   1689          1813   -124     1898
  SINCE JUL 1   6022          7064  -1042     7400

 COOLING
  YESTERDAY        0             0      0        0
  MONTH TO DATE    0             0      0       33
  SINCE MAR 1      1             3     -2       33
  SINCE JAN 1      1             3     -2       33
......................................................


WIND (MPH)
  HIGHEST WIND SPEED     8   HIGHEST WIND DIRECTION    NW (330)
  HIGHEST GUST SPEED    10   HIGHEST GUST DIRECTION    NW (330)
  AVERAGE WIND SPEED     1.7


SKY COVER
  AVERAGE SKY COVER 0.3



RELATIVE HUMIDITY (PERCENT)
 HIGHEST    89           300 AM
 LOWEST     42          1100 AM
 AVERAGE    66

..........................................................


THE BENNINGTON VT CLIMATE NORMALS FOR TODAY
                         NORMAL
 MAXIMUM TEMPERATURE (F)   69
 MINIMUM TEMPERATURE (F)   45


SUNRISE AND SUNSET
MAY 22 2016...........SUNRISE   523 AM EDT   SUNSET   817 PM EDT
MAY 23 2016...........SUNRISE   522 AM EDT   SUNSET   818 PM EDT


-  INDICATES NEGATIVE NUMBERS.
R  INDICATES RECORD WAS SET OR TIED.
MM INDICATES DATA IS MISSING.
T  INDICATES TRACE AMOUNT.




$$
