000
CDUS41 KALY 232042
CLIDDH


CLIMATE REPORT
NATIONAL WEATHER SERVICE ALBANY NY
442 PM EDT FRI SEP 23 2016


...................................

...THE BENNINGTON VT CLIMATE SUMMARY FOR SEPTEMBER 23 2016...
VALID TODAY AS OF 0400 PM LOCAL TIME.

CLIMATE NORMAL PERIOD 1981 TO 2010
CLIMATE RECORD PERIOD 9999 TO 9999


WEATHER ITEM   OBSERVED TIME   NORMAL DEPARTURE LAST
                VALUE   (LST)  VALUE  FROM      YEAR
                                      NORMAL
......................................................
TEMPERATURE (F)
 TODAY
  MAXIMUM         74   1151 AM  68      6       74
  MINIMUM         57   1233 AM  45     12       40
  AVERAGE         66            56     10       57

PRECIPITATION (IN)
  TODAY            T             0.13  -0.13     0.00
  MONTH TO DATE    2.34          2.62  -0.28     3.58
  SINCE SEP 1      2.34          2.62  -0.28     3.58
  SINCE JAN 1     23.65         30.16  -6.51    17.81

DEGREE DAYS
 HEATING
  TODAY            0             9     -9        8
  MONTH TO DATE   49           130    -81       50
  SINCE SEP 1     49           130    -81       50
  SINCE JUL 1     71           202   -131       89

 COOLING
  TODAY            1             0      1        0
  MONTH TO DATE   46            22     24       70
  SINCE SEP 1     46            22     24       70
  SINCE JAN 1    485           310    175      438
......................................................


WIND (MPH)
  HIGHEST WIND SPEED     7   HIGHEST WIND DIRECTION    NW (330)
  HIGHEST GUST SPEED    MM   HIGHEST GUST DIRECTION    MM
  AVERAGE WIND SPEED     2.5


SKY COVER
  AVERAGE SKY COVER 0.5



RELATIVE HUMIDITY (PERCENT)
 HIGHEST    87
 LOWEST     61
 AVERAGE    74

..........................................................


THE BENNINGTON VT CLIMATE NORMALS FOR TOMORROW
                         NORMAL
 MAXIMUM TEMPERATURE (F)   67
 MINIMUM TEMPERATURE (F)   44


SUNRISE AND SUNSET
SEPTEMBER 23 2016.....SUNRISE   642 AM EDT   SUNSET   648 PM EDT
SEPTEMBER 24 2016.....SUNRISE   643 AM EDT   SUNSET   646 PM EDT


-  INDICATES NEGATIVE NUMBERS.
R  INDICATES RECORD WAS SET OR TIED.
MM INDICATES DATA IS MISSING.
T  INDICATES TRACE AMOUNT.




$$
