876
CDUS41 KALY 160623
CLIDDH


CLIMATE REPORT
NATIONAL WEATHER SERVICE ALBANY NY
222 AM EDT WED AUG 16 2017


...................................

...THE BENNINGTON VT CLIMATE SUMMARY FOR AUGUST 15 2017...

CLIMATE NORMAL PERIOD 1981 TO 2010
CLIMATE RECORD PERIOD 9999 TO 9999


WEATHER ITEM   OBSERVED TIME   NORMAL DEPARTURE LAST
                VALUE   (LST)  VALUE  FROM      YEAR
                                      NORMAL
......................................................
TEMPERATURE (F)
 YESTERDAY
  MAXIMUM         78    507 PM  78      0       79
  MINIMUM         57   1206 AM  56      1       62
  AVERAGE         68            67      1       71

PRECIPITATION (IN)
  YESTERDAY        0.01          0.13  -0.12     0.00
  MONTH TO DATE    1.19          2.09  -0.90     2.85
  SINCE JUN 1     14.47         10.56   3.91     6.98
  SINCE JAN 1     30.71         25.63   5.08    20.03

DEGREE DAYS
 HEATING
  YESTERDAY        0             1     -1        0
  MONTH TO DATE    6            15     -9        0
  SINCE JUN 1    114           136    -22       79
  SINCE JUL 1     19            39    -20       10

 COOLING
  YESTERDAY        3             3      0        6
  MONTH TO DATE   51            57     -6      113
  SINCE JUN 1    257           238     19      337
  SINCE JAN 1    272           252     20      379
......................................................


WIND (MPH)
  HIGHEST WIND SPEED    10   HIGHEST WIND DIRECTION     S (180)
  HIGHEST GUST SPEED    14   HIGHEST GUST DIRECTION     S (170)
  AVERAGE WIND SPEED     2.5


SKY COVER
  AVERAGE SKY COVER 0.6



RELATIVE HUMIDITY (PERCENT)
 HIGHEST    93          1200 AM
 LOWEST     67           500 PM
 AVERAGE    80

..........................................................


THE BENNINGTON VT CLIMATE NORMALS FOR TODAY
                         NORMAL
 MAXIMUM TEMPERATURE (F)   78
 MINIMUM TEMPERATURE (F)   56


SUNRISE AND SUNSET
AUGUST 16 2017........SUNRISE   600 AM EDT   SUNSET   753 PM EDT
AUGUST 17 2017........SUNRISE   602 AM EDT   SUNSET   752 PM EDT


-  INDICATES NEGATIVE NUMBERS.
R  INDICATES RECORD WAS SET OR TIED.
MM INDICATES DATA IS MISSING.
T  INDICATES TRACE AMOUNT.




$$
