000
CDUS41 KALY 230628
CLIDDH


CLIMATE REPORT
NATIONAL WEATHER SERVICE ALBANY NY
227 AM EDT MON MAY 23 2016


...................................

...THE BENNINGTON VT CLIMATE SUMMARY FOR MAY 22 2016...

CLIMATE NORMAL PERIOD 1981 TO 2010
CLIMATE RECORD PERIOD 9999 TO 9999


WEATHER ITEM   OBSERVED TIME   NORMAL DEPARTURE LAST
                VALUE   (LST)  VALUE  FROM      YEAR
                                      NORMAL
......................................................
TEMPERATURE (F)
 YESTERDAY
  MAXIMUM         72    335 PM  69      3       66
  MINIMUM         50   1159 PM  45      5       42
  AVERAGE         61            57      4       54

PRECIPITATION (IN)
  YESTERDAY        0.01          0.13  -0.12     0.00
  MONTH TO DATE    2.28          2.39  -0.11     0.27
  SINCE MAR 1      7.37          8.81  -1.44     3.45
  SINCE JAN 1     12.41         13.80  -1.39     6.86

DEGREE DAYS
 HEATING
  YESTERDAY        4             9     -5       11
  MONTH TO DATE  285           250     35      129
  SINCE MAR 1   1693          1822   -129     1909
  SINCE JUL 1   6026          7073  -1047     7411

 COOLING
  YESTERDAY        0             0      0        0
  MONTH TO DATE    0             0      0       33
  SINCE MAR 1      1             3     -2       33
  SINCE JAN 1      1             3     -2       33
......................................................


WIND (MPH)
  HIGHEST WIND SPEED    18   HIGHEST WIND DIRECTION     N (20)
  HIGHEST GUST SPEED    29   HIGHEST GUST DIRECTION     N (10)
  AVERAGE WIND SPEED     2.0


SKY COVER
  AVERAGE SKY COVER 0.6



RELATIVE HUMIDITY (PERCENT)
 HIGHEST    93          1000 PM
 LOWEST     44           300 PM
 AVERAGE    69

..........................................................


THE BENNINGTON VT CLIMATE NORMALS FOR TODAY
                         NORMAL
 MAXIMUM TEMPERATURE (F)   69
 MINIMUM TEMPERATURE (F)   45


SUNRISE AND SUNSET
MAY 23 2016...........SUNRISE   522 AM EDT   SUNSET   818 PM EDT
MAY 24 2016...........SUNRISE   522 AM EDT   SUNSET   819 PM EDT


-  INDICATES NEGATIVE NUMBERS.
R  INDICATES RECORD WAS SET OR TIED.
MM INDICATES DATA IS MISSING.
T  INDICATES TRACE AMOUNT.




$$
