000
CDUS41 KALY 040622
CLIDDH


CLIMATE REPORT
NATIONAL WEATHER SERVICE ALBANY NY
222 AM EDT FRI SEP 4 2015


...................................

...THE BENNINGTON VT CLIMATE SUMMARY FOR SEPTEMBER 3 2015...

CLIMATE NORMAL PERIOD 1981 TO 2010
CLIMATE RECORD PERIOD 9999 TO 9999


WEATHER ITEM   OBSERVED TIME   NORMAL DEPARTURE LAST
                VALUE   (LST)  VALUE  FROM      YEAR
                                      NORMAL
......................................................
TEMPERATURE (F)
 YESTERDAY
  MAXIMUM         87    139 PM  75     12       78
  MINIMUM         57    533 AM  52      5       55
  AVERAGE         72            63      9       67

PRECIPITATION (IN)
  YESTERDAY        0.00          0.11  -0.11     0.00
  MONTH TO DATE    0.00          0.30  -0.30     0.23
  SINCE SEP 1      0.00          0.30  -0.30     0.23
  SINCE JAN 1     14.23         27.84 -13.61    26.19

DEGREE DAYS
 HEATING
  YESTERDAY        0             3     -3        0
  MONTH TO DATE    0             9     -9        0
  SINCE SEP 1      0             9     -9        0
  SINCE JUL 1     39            81    -42       53

 COOLING
  YESTERDAY        7             2      5        2
  MONTH TO DATE   18             6     12       21
  SINCE SEP 1     18             6     12       21
  SINCE JAN 1    386           294     92      274
......................................................


WIND (MPH)
  HIGHEST WIND SPEED     8   HIGHEST WIND DIRECTION    NW (330)
  HIGHEST GUST SPEED    12   HIGHEST GUST DIRECTION     W (270)
  AVERAGE WIND SPEED     1.7


SKY COVER
  AVERAGE SKY COVER 0.3



RELATIVE HUMIDITY (PERCENT)
 HIGHEST   100          1200 AM
 LOWEST     51           100 PM
 AVERAGE    76

..........................................................


THE BENNINGTON VT CLIMATE NORMALS FOR TODAY
                         NORMAL
 MAXIMUM TEMPERATURE (F)   74
 MINIMUM TEMPERATURE (F)   51


SUNRISE AND SUNSET
SEPTEMBER  4 2015.....SUNRISE   620 AM EDT   SUNSET   723 PM EDT
SEPTEMBER  5 2015.....SUNRISE   622 AM EDT   SUNSET   721 PM EDT


-  INDICATES NEGATIVE NUMBERS.
R  INDICATES RECORD WAS SET OR TIED.
MM INDICATES DATA IS MISSING.
T  INDICATES TRACE AMOUNT.




$$
