000
CDUS41 KALY 270623
CLIDDH


CLIMATE REPORT
NATIONAL WEATHER SERVICE ALBANY NY
222 AM EDT SAT JUN 27 2015


...................................

...THE BENNINGTON VT CLIMATE SUMMARY FOR JUNE 26 2015...

CLIMATE NORMAL PERIOD 1981 TO 2010
CLIMATE RECORD PERIOD 9999 TO 9999


WEATHER ITEM   OBSERVED TIME   NORMAL DEPARTURE LAST
                VALUE   (LST)  VALUE  FROM      YEAR
                                      NORMAL
......................................................
TEMPERATURE (F)
 YESTERDAY
  MAXIMUM         77    406 PM  78     -1       78
  MINIMUM         50   1148 PM  55     -5       57
  AVERAGE         64            66     -2       68

PRECIPITATION (IN)
  YESTERDAY        T             0.13  -0.13     0.06
  MONTH TO DATE    2.45          3.64  -1.19     3.33
  SINCE JUN 1      2.45          3.64  -1.19     3.33
  SINCE JAN 1     10.01         18.71  -8.70    16.16

DEGREE DAYS
 HEATING
  YESTERDAY        1             1      0        0
  MONTH TO DATE   79            92    -13       47
  SINCE JUN 1     79            92    -13       47
  SINCE JUL 1   7521          7231    290     7298

 COOLING
  YESTERDAY        0             3     -3        3
  MONTH TO DATE   47            46      1       45
  SINCE JUN 1     47            46      1       45
  SINCE JAN 1    111            60     51       61
......................................................


WIND (MPH)
  HIGHEST WIND SPEED    10   HIGHEST WIND DIRECTION    NW (330)
  HIGHEST GUST SPEED    18   HIGHEST GUST DIRECTION     N (340)
  AVERAGE WIND SPEED     2.7


SKY COVER
  AVERAGE SKY COVER 0.6



RELATIVE HUMIDITY (PERCENT)
 HIGHEST    93           300 AM
 LOWEST     41           500 PM
 AVERAGE    67

..........................................................


THE BENNINGTON VT CLIMATE NORMALS FOR TODAY
                         NORMAL
 MAXIMUM TEMPERATURE (F)   78
 MINIMUM TEMPERATURE (F)   55


SUNRISE AND SUNSET
JUNE 27 2015..........SUNRISE   516 AM EDT   SUNSET   836 PM EDT
JUNE 28 2015..........SUNRISE   517 AM EDT   SUNSET   836 PM EDT


-  INDICATES NEGATIVE NUMBERS.
R  INDICATES RECORD WAS SET OR TIED.
MM INDICATES DATA IS MISSING.
T  INDICATES TRACE AMOUNT.




$$
