000
CDUS41 KALY 051808
CLIDDH


CLIMATE REPORT
NATIONAL WEATHER SERVICE ALBANY NY
208 PM EDT MON JUN 5 2017


...................................

...THE BENNINGTON VT CLIMATE SUMMARY FOR JUNE 4 2017...

CLIMATE NORMAL PERIOD 1981 TO 2010
CLIMATE RECORD PERIOD 9999 TO 9999


WEATHER ITEM   OBSERVED TIME   NORMAL DEPARTURE LAST
                VALUE   (LST)  VALUE  FROM      YEAR
                                      NORMAL
......................................................
TEMPERATURE (F)
 YESTERDAY
  MAXIMUM         67    223 PM  72     -5       81
  MINIMUM         42    436 AM  49     -7       54
  AVERAGE         55            60     -5       68

PRECIPITATION (IN)
  YESTERDAY        0.11          0.15  -0.04     0.00
  MONTH TO DATE    0.11          0.57  -0.46      T
  SINCE JUN 1      0.11          0.57  -0.46      T
  SINCE JAN 1     16.35         15.64   0.71    13.05

DEGREE DAYS
 HEATING
  YESTERDAY       10             6      4        0
  MONTH TO DATE   41            24     17        0
  SINCE JUN 1     41            24     17        0
  SINCE JUL 1   6440          7163   -723     6036

 COOLING
  YESTERDAY        0             1     -1        3
  MONTH TO DATE    0             4     -4       14
  SINCE JUN 1      0             4     -4       14
  SINCE JAN 1     15            18     -3       56
......................................................


WIND (MPH)
  HIGHEST WIND SPEED     9   HIGHEST WIND DIRECTION     E (80)
  HIGHEST GUST SPEED    13   HIGHEST GUST DIRECTION     E (80)
  AVERAGE WIND SPEED     2.1


SKY COVER
  AVERAGE SKY COVER 0.4



RELATIVE HUMIDITY (PERCENT)
 HIGHEST   100           300 AM
 LOWEST     48          1100 AM
 AVERAGE    74

..........................................................


THE BENNINGTON VT CLIMATE NORMALS FOR TODAY
                         NORMAL
 MAXIMUM TEMPERATURE (F)   72
 MINIMUM TEMPERATURE (F)   49


SUNRISE AND SUNSET
JUNE  5 2017..........SUNRISE   515 AM EDT   SUNSET   828 PM EDT
JUNE  6 2017..........SUNRISE   515 AM EDT   SUNSET   829 PM EDT


-  INDICATES NEGATIVE NUMBERS.
R  INDICATES RECORD WAS SET OR TIED.
MM INDICATES DATA IS MISSING.
T  INDICATES TRACE AMOUNT.




$$
